{"id":1405,"date":"2026-04-20T15:54:10","date_gmt":"2026-04-20T15:54:10","guid":{"rendered":"https:\/\/sites.ipleiria.pt\/emda\/?page_id=1405"},"modified":"2026-04-20T16:39:45","modified_gmt":"2026-04-20T16:39:45","slug":"emda-27-29-de-abril-de-2026","status":"publish","type":"page","link":"https:\/\/sites.ipleiria.pt\/emda\/emda-27-29-de-abril-de-2026\/","title":{"rendered":"EMDA 27 &#8211; 29 de abril de 2026"},"content":{"rendered":"\n<p><a href=\"https:\/\/teams.microsoft.com\/dl\/launcher\/launcher.html?url=%2F_%23%2Fmeet%2F392806442292425%3Fp%3DDd7eVpWDuodbUahi06%26anon%3Dtrue&amp;type=meet&amp;deeplinkId=84ef478c-89ba-499b-b2e1-2498dd6107f1&amp;directDl=true&amp;msLaunch=true&amp;enableMobilePage=true&amp;suppressPrompt=true\">Clique aqui para entrar na sala zoom do EMDA 27.<\/a><\/p>\n\n\n\n<h2 class=\"wp-block-heading\" id=\"block-582842bd-a311-4f81-b74f-1cad839347bf\">O apresentador<\/h2>\n\n\n\n<div class=\"wp-block-columns is-layout-flex wp-container-core-columns-is-layout-1 wp-block-columns-is-layout-flex\">\n<div class=\"wp-block-column is-layout-flow wp-block-column-is-layout-flow\" style=\"flex-basis:33.33%\">\n<figure class=\"wp-block-image size-full is-resized is-style-rounded\"><img fetchpriority=\"high\" decoding=\"async\" width=\"1915\" height=\"1823\" src=\"http:\/\/sites.ipleiria.pt\/emda\/files\/2026\/04\/Foto-1.jpg\" alt=\"\" class=\"wp-image-1406\" style=\"width:197px;height:auto\" srcset=\"https:\/\/sites.ipleiria.pt\/emda\/files\/2026\/04\/Foto-1.jpg 1915w, https:\/\/sites.ipleiria.pt\/emda\/files\/2026\/04\/Foto-1-300x286.jpg 300w, https:\/\/sites.ipleiria.pt\/emda\/files\/2026\/04\/Foto-1-1024x975.jpg 1024w, https:\/\/sites.ipleiria.pt\/emda\/files\/2026\/04\/Foto-1-768x731.jpg 768w, https:\/\/sites.ipleiria.pt\/emda\/files\/2026\/04\/Foto-1-1536x1462.jpg 1536w, https:\/\/sites.ipleiria.pt\/emda\/files\/2026\/04\/Foto-1-624x594.jpg 624w\" sizes=\"(max-width: 1915px) 100vw, 1915px\" \/><figcaption class=\"wp-element-caption\"><br><br>&nbsp;<strong>Miguel Moiteiro Marques<br><\/strong><\/figcaption><\/figure>\n<\/div>\n\n\n\n<div class=\"wp-block-column is-layout-flow wp-block-column-is-layout-flow\" style=\"flex-basis:66.66%\">\n<p><strong><strong>Miguel Moiteiro Marques<\/strong><\/strong><br>Universidade de Lisboa\/Universidade Aberta\/CELGA-ILTEC<\/p>\n\n\n\n<p><strong>Nota biogr\u00e1fica<\/strong><br>Concluiu o doutoramento em Estudos Portugueses na Universidade Aberta em 2025, tendo sido bolseiro da FCT no CELGA-ILTEC (UI\/BD\/151458\/2021).<\/p>\n\n\n\n<p>Foi leitor do Instituto Cam\u00f5es na Universidade Central da Venezuela (2006-2009), na Universidade de Abuja, na Nig\u00e9ria (2009\u20132011), e na Universidade da Nam\u00edbia (2017\u20132020). \u00c9 docente de PLE no Instituto de Cultura e L\u00edngua Portuguesa da Faculdade de Letras da Universidade de Lisboa desde 2013, docente assistente convidado na Escola Superior de Educa\u00e7\u00e3o do Polit\u00e9cnico de Set\u00fabal e tutor de T\u00e9cnicas de Express\u00e3o e Comunica\u00e7\u00e3o na Universidade Aberta.<\/p>\n\n\n\n<p>Licenciou-se como professor de portugu\u00eas e ingl\u00eas na Faculdade de Letras da Universidade de Lisboa em 2006, ap\u00f3s uma carreira como jornalista entre 1989 e 2003, e concluiu o mestrado em PLE\/PL2 na mesma institui\u00e7\u00e3o em 2017.<\/p>\n<\/div>\n<\/div>\n\n\n\n<p id=\"block-1138a590-d1e8-4485-8c10-cf240c455636\"><br><\/p>\n\n\n\n<h2 class=\"wp-block-heading\"><em>Diferen\u00e7as ret\u00f3ricas e estruturais entre disserta\u00e7\u00f5es de mestrado das CTEM e das CSH<\/em><\/h2>\n\n\n\n<h2 class=\"wp-block-heading\" id=\"block-9b8db72a-07e5-48ee-8120-51cbd076e9e0\">Resumo<\/h2>\n\n\n\n<p id=\"block-5e161619-00d1-4fca-be33-188960f01f05\">As disserta\u00e7\u00f5es de mestrado s\u00e3o um g\u00e9nero acad\u00e9mico em crescimento ap\u00f3s a uniformiza\u00e7\u00e3o do ensino superior atrav\u00e9s do Processo de Bolonha (2007). A investiga\u00e7\u00e3o que se apresenta visou identificar as principais propriedades ret\u00f3rico-estruturais de disserta\u00e7\u00f5es de mestrado de um grupo restrito de disciplinas das CSH e das CTEM, verificando as semelhan\u00e7as e as diferen\u00e7as entre elas. Foi usada a proposta de Swales (2004) e Hyland (2009) para as teses de doutoramento, adaptada por Silva e Santos (2018; 2021) na classifica\u00e7\u00e3o dos planos de texto. Foram tamb\u00e9m analisadas as Introdu\u00e7\u00f5es e Conclus\u00f5es das disserta\u00e7\u00f5es a partir do modelo CARS (Swales, 1990; Bunton, 2002) e de modelos de an\u00e1lise ret\u00f3rica dos cap\u00edtulos de conclus\u00e3o de teses (Bunton, 2005; Silva &amp; Santos, 2020). Os resultados obtidos mostram contrastes que os planos de textos adotados variam: IMRD em Ecologia e Psicologia; um plano misto em Engenharia Inform\u00e1tica; o plano organizado por t\u00f3picos em Literatura e Cultura,&nbsp;&nbsp;Hist\u00f3ria e Matem\u00e1tica. Quanto \u00e0 l\u00edngua de escrita, o ingl\u00eas \u00e9 mais usado nas CTEM, enquanto o portugu\u00eas prevalece nas CSH. Estas op\u00e7\u00f5es refletem-se na estrutura\u00e7\u00e3o das introdu\u00e7\u00f5es e das conclus\u00f5es: em Matem\u00e1tica, as introdu\u00e7\u00f5es s\u00e3o curtas e as conclus\u00f5es n\u00e3o surgem em todos os exemplares; em Ecologia e Psicologia, as introdu\u00e7\u00f5es incluem o enquadramento te\u00f3rico, sendo longas, e as conclus\u00f5es tendem a ser integradas na Discuss\u00e3o; em Hist\u00f3ria e em Literatura e Cultura as introdu\u00e7\u00f5es e as conclus\u00e3o s\u00e3o mais longas e contextualizas; Engenharia Inform\u00e1tica, as introdu\u00e7\u00f5es e as conclus\u00f5es s\u00e3o g\u00e9neros inclu\u00eddos r\u00edgidos com sec\u00e7\u00f5es&nbsp;&nbsp;t\u00edpicas.<\/p>\n\n\n\n<p id=\"block-5e161619-00d1-4fca-be33-188960f01f05\"><strong>Palavras-chave:<\/strong>&nbsp;Discurso Acad\u00e9mico; Disserta\u00e7\u00e3o de mestrado; G\u00e9neros acad\u00e9micos; Planos de texto; Introdu\u00e7\u00f5es; Conclus\u00f5es<\/p>\n\n\n\n<figure class=\"wp-block-image size-large\"><img decoding=\"async\" width=\"724\" height=\"1024\" src=\"http:\/\/sites.ipleiria.pt\/emda\/files\/2026\/04\/EMDA-SEM27_Cartaz-724x1024.png\" alt=\"\" class=\"wp-image-1418\" srcset=\"https:\/\/sites.ipleiria.pt\/emda\/files\/2026\/04\/EMDA-SEM27_Cartaz-724x1024.png 724w, https:\/\/sites.ipleiria.pt\/emda\/files\/2026\/04\/EMDA-SEM27_Cartaz-212x300.png 212w, https:\/\/sites.ipleiria.pt\/emda\/files\/2026\/04\/EMDA-SEM27_Cartaz-768x1086.png 768w, https:\/\/sites.ipleiria.pt\/emda\/files\/2026\/04\/EMDA-SEM27_Cartaz-1086x1536.png 1086w, https:\/\/sites.ipleiria.pt\/emda\/files\/2026\/04\/EMDA-SEM27_Cartaz-1448x2048.png 1448w, https:\/\/sites.ipleiria.pt\/emda\/files\/2026\/04\/EMDA-SEM27_Cartaz-624x882.png 624w\" sizes=\"(max-width: 724px) 100vw, 724px\" \/><\/figure>\n","protected":false},"excerpt":{"rendered":"<p>Clique aqui para entrar na sala zoom do EMDA 27. O apresentador Miguel Moiteiro MarquesUniversidade de Lisboa\/Universidade Aberta\/CELGA-ILTEC Nota biogr\u00e1ficaConcluiu o doutoramento em Estudos Portugueses na Universidade Aberta em 2025, tendo sido bolseiro da FCT no CELGA-ILTEC (UI\/BD\/151458\/2021). Foi leitor do Instituto Cam\u00f5es na Universidade Central da Venezuela (2006-2009), na Universidade de Abuja, na Nig\u00e9ria [&hellip;]<\/p>\n","protected":false},"author":102,"featured_media":0,"parent":0,"menu_order":0,"comment_status":"closed","ping_status":"closed","template":"","meta":{"footnotes":""},"class_list":["post-1405","page","type-page","status-publish","hentry"],"_links":{"self":[{"href":"https:\/\/sites.ipleiria.pt\/emda\/wp-json\/wp\/v2\/pages\/1405","targetHints":{"allow":["GET"]}}],"collection":[{"href":"https:\/\/sites.ipleiria.pt\/emda\/wp-json\/wp\/v2\/pages"}],"about":[{"href":"https:\/\/sites.ipleiria.pt\/emda\/wp-json\/wp\/v2\/types\/page"}],"author":[{"embeddable":true,"href":"https:\/\/sites.ipleiria.pt\/emda\/wp-json\/wp\/v2\/users\/102"}],"replies":[{"embeddable":true,"href":"https:\/\/sites.ipleiria.pt\/emda\/wp-json\/wp\/v2\/comments?post=1405"}],"version-history":[{"count":4,"href":"https:\/\/sites.ipleiria.pt\/emda\/wp-json\/wp\/v2\/pages\/1405\/revisions"}],"predecessor-version":[{"id":1419,"href":"https:\/\/sites.ipleiria.pt\/emda\/wp-json\/wp\/v2\/pages\/1405\/revisions\/1419"}],"wp:attachment":[{"href":"https:\/\/sites.ipleiria.pt\/emda\/wp-json\/wp\/v2\/media?parent=1405"}],"curies":[{"name":"wp","href":"https:\/\/api.w.org\/{rel}","templated":true}]}}

<p><a href="https://teams.microsoft.com/dl/launcher/launcher.html?url=%2F_%23%2Fmeet%2F392806442292425%3Fp%3DDd7eVpWDuodbUahi06%26anon%3Dtrue&amp;type=meet&amp;deeplinkId=84ef478c-89ba-499b-b2e1-2498dd6107f1&amp;directDl=true&amp;msLaunch=true&amp;enableMobilePage=true&amp;suppressPrompt=true">Clique aqui para entrar na sala zoom do EMDA 27.</a></p>



<h2 class="wp-block-heading" id="block-582842bd-a311-4f81-b74f-1cad839347bf">O apresentador</h2>



<div class="wp-block-columns is-layout-flex wp-container-core-columns-is-layout-1 wp-block-columns-is-layout-flex">
<div class="wp-block-column is-layout-flow wp-block-column-is-layout-flow" style="flex-basis:33.33%">
<figure class="wp-block-image size-full is-resized is-style-rounded"><img fetchpriority="high" decoding="async" width="1915" height="1823" src="http://sites.ipleiria.pt/emda/files/2026/04/Foto-1.jpg" alt="" class="wp-image-1406" style="width:197px;height:auto" srcset="https://sites.ipleiria.pt/emda/files/2026/04/Foto-1.jpg 1915w, https://sites.ipleiria.pt/emda/files/2026/04/Foto-1-300x286.jpg 300w, https://sites.ipleiria.pt/emda/files/2026/04/Foto-1-1024x975.jpg 1024w, https://sites.ipleiria.pt/emda/files/2026/04/Foto-1-768x731.jpg 768w, https://sites.ipleiria.pt/emda/files/2026/04/Foto-1-1536x1462.jpg 1536w, https://sites.ipleiria.pt/emda/files/2026/04/Foto-1-624x594.jpg 624w" sizes="(max-width: 1915px) 100vw, 1915px" /><figcaption class="wp-element-caption"><br><br>&nbsp;<strong>Miguel Moiteiro Marques<br></strong></figcaption></figure>
</div>



<div class="wp-block-column is-layout-flow wp-block-column-is-layout-flow" style="flex-basis:66.66%">
<p><strong><strong>Miguel Moiteiro Marques</strong></strong><br>Universidade de Lisboa/Universidade Aberta/CELGA-ILTEC</p>



<p><strong>Nota biográfica</strong><br>Concluiu o doutoramento em Estudos Portugueses na Universidade Aberta em 2025, tendo sido bolseiro da FCT no CELGA-ILTEC (UI/BD/151458/2021).</p>



<p>Foi leitor do Instituto Camões na Universidade Central da Venezuela (2006-2009), na Universidade de Abuja, na Nigéria (2009–2011), e na Universidade da Namíbia (2017–2020). É docente de PLE no Instituto de Cultura e Língua Portuguesa da Faculdade de Letras da Universidade de Lisboa desde 2013, docente assistente convidado na Escola Superior de Educação do Politécnico de Setúbal e tutor de Técnicas de Expressão e Comunicação na Universidade Aberta.</p>



<p>Licenciou-se como professor de português e inglês na Faculdade de Letras da Universidade de Lisboa em 2006, após uma carreira como jornalista entre 1989 e 2003, e concluiu o mestrado em PLE/PL2 na mesma instituição em 2017.</p>
</div>
</div>



<p id="block-1138a590-d1e8-4485-8c10-cf240c455636"><br></p>



<h2 class="wp-block-heading"><em>Diferenças retóricas e estruturais entre dissertações de mestrado das CTEM e das CSH</em></h2>



<h2 class="wp-block-heading" id="block-9b8db72a-07e5-48ee-8120-51cbd076e9e0">Resumo</h2>



<p id="block-5e161619-00d1-4fca-be33-188960f01f05">As dissertações de mestrado são um género académico em crescimento após a uniformização do ensino superior através do Processo de Bolonha (2007). A investigação que se apresenta visou identificar as principais propriedades retórico-estruturais de dissertações de mestrado de um grupo restrito de disciplinas das CSH e das CTEM, verificando as semelhanças e as diferenças entre elas. Foi usada a proposta de Swales (2004) e Hyland (2009) para as teses de doutoramento, adaptada por Silva e Santos (2018; 2021) na classificação dos planos de texto. Foram também analisadas as Introduções e Conclusões das dissertações a partir do modelo CARS (Swales, 1990; Bunton, 2002) e de modelos de análise retórica dos capítulos de conclusão de teses (Bunton, 2005; Silva &amp; Santos, 2020). Os resultados obtidos mostram contrastes que os planos de textos adotados variam: IMRD em Ecologia e Psicologia; um plano misto em Engenharia Informática; o plano organizado por tópicos em Literatura e Cultura,&nbsp;&nbsp;História e Matemática. Quanto à língua de escrita, o inglês é mais usado nas CTEM, enquanto o português prevalece nas CSH. Estas opções refletem-se na estruturação das introduções e das conclusões: em Matemática, as introduções são curtas e as conclusões não surgem em todos os exemplares; em Ecologia e Psicologia, as introduções incluem o enquadramento teórico, sendo longas, e as conclusões tendem a ser integradas na Discussão; em História e em Literatura e Cultura as introduções e as conclusão são mais longas e contextualizas; Engenharia Informática, as introduções e as conclusões são géneros incluídos rígidos com secções&nbsp;&nbsp;típicas.</p>



<p id="block-5e161619-00d1-4fca-be33-188960f01f05"><strong>Palavras-chave:</strong>&nbsp;Discurso Académico; Dissertação de mestrado; Géneros académicos; Planos de texto; Introduções; Conclusões</p>



<figure class="wp-block-image size-large"><img decoding="async" width="724" height="1024" src="http://sites.ipleiria.pt/emda/files/2026/04/EMDA-SEM27_Cartaz-724x1024.png" alt="" class="wp-image-1418" srcset="https://sites.ipleiria.pt/emda/files/2026/04/EMDA-SEM27_Cartaz-724x1024.png 724w, https://sites.ipleiria.pt/emda/files/2026/04/EMDA-SEM27_Cartaz-212x300.png 212w, https://sites.ipleiria.pt/emda/files/2026/04/EMDA-SEM27_Cartaz-768x1086.png 768w, https://sites.ipleiria.pt/emda/files/2026/04/EMDA-SEM27_Cartaz-1086x1536.png 1086w, https://sites.ipleiria.pt/emda/files/2026/04/EMDA-SEM27_Cartaz-1448x2048.png 1448w, https://sites.ipleiria.pt/emda/files/2026/04/EMDA-SEM27_Cartaz-624x882.png 624w" sizes="(max-width: 724px) 100vw, 724px" /></figure>

<p>Clique aqui para entrar na sala zoom do EMDA 27. O apresentador Miguel Moiteiro MarquesUniversidade de Lisboa/Universidade Aberta/CELGA-ILTEC Nota biográficaConcluiu o doutoramento em Estudos Portugueses na Universidade Aberta em 2025, tendo sido bolseiro da FCT no CELGA-ILTEC (UI/BD/151458/2021). Foi leitor do Instituto Camões na Universidade Central da Venezuela (2006-2009), na Universidade de Abuja, na Nigéria [&hellip;]</p>
