{"id":678,"date":"2022-05-30T08:09:20","date_gmt":"2022-05-30T08:09:20","guid":{"rendered":"https:\/\/sites.ipleiria.pt\/emda\/?page_id=678"},"modified":"2023-01-18T09:13:56","modified_gmt":"2023-01-18T09:13:56","slug":"emda-9-8-de-junho-de-2022","status":"publish","type":"page","link":"https:\/\/sites.ipleiria.pt\/emda\/emda-9-8-de-junho-de-2022\/","title":{"rendered":"EMDA 9 &#8211; 8 de junho de 2022"},"content":{"rendered":"\n<h2 class=\"wp-block-heading\"><strong>A apresentadora<\/strong><\/h2>\n\n\n\n<div class=\"wp-block-columns is-layout-flex wp-container-core-columns-is-layout-1 wp-block-columns-is-layout-flex\">\n<div class=\"wp-block-column is-layout-flow wp-block-column-is-layout-flow\">\n<p><strong>Vera L\u00facia Lopes Crist\u00f3v\u00e3o<\/strong><br>Professora associada da Universidade Estadual de Londrina ( UEL), membro permanente do Programa de P\u00f3s-Gradua\u00e7\u00e3o em Estudos da Linguagem, membro da Comiss\u00e3o Coordenadora do PPGEL, l\u00edder do grupo de pesquisa Linguagem e Educa\u00e7\u00e3o (LED) (UEL\/CNPq), e pesquisadora do ALTER (USP\/CNPq). \u00c9 coordenadora geral do Laborat\u00f3rio Integrado de Letramentos Acad\u00eamico-Cient\u00edficos (LILA), no Paran\u00e1. Atua na Lingu\u00edstica Aplicada com pesquisas em: g\u00eaneros textuais, educa\u00e7\u00e3o inicial e continuada de professores de l\u00ednguas, ensino de l\u00ednguas, letramentos acad\u00eamico-cient\u00edficos e ambientais.<strong>\u00a0<\/strong><\/p>\n<\/div>\n\n\n\n<div class=\"wp-block-column is-layout-flow wp-block-column-is-layout-flow\">\n<figure class=\"wp-block-image size-large is-resized is-style-rounded\"><img decoding=\"async\" src=\"https:\/\/sites.ipleiria.pt\/emda\/files\/2022\/05\/vera_PT-768x1024.jpg\" alt=\"\" class=\"wp-image-687\" width=\"192\" height=\"256\" srcset=\"https:\/\/sites.ipleiria.pt\/emda\/files\/2022\/05\/vera_PT-768x1024.jpg 768w, https:\/\/sites.ipleiria.pt\/emda\/files\/2022\/05\/vera_PT-225x300.jpg 225w, https:\/\/sites.ipleiria.pt\/emda\/files\/2022\/05\/vera_PT-1152x1536.jpg 1152w, https:\/\/sites.ipleiria.pt\/emda\/files\/2022\/05\/vera_PT-624x832.jpg 624w, https:\/\/sites.ipleiria.pt\/emda\/files\/2022\/05\/vera_PT.jpg 1200w\" sizes=\"(max-width: 192px) 100vw, 192px\" \/><\/figure>\n<\/div>\n<\/div>\n\n\n\n<h2 class=\"wp-block-heading\"><strong>A apresenta\u00e7\u00e3o<\/strong><\/h2>\n\n\n\n<p><strong>T\u00edtulo<\/strong><\/p>\n\n\n\n<p>LETRAMENTOS ACAD\u00caMICO-CIENT\u00cdFICOS: A REDE LILA EM (FORM)A\u00c7\u00c3O <\/p>\n\n\n\n<p><strong>Resumo<\/strong><\/p>\n\n\n\n<p>Os letramentos acad\u00eamicos \u200benvolvem o uso da linguagem em pr\u00e1ticas sociais de forma\u00e7\u00e3o profissional e desenvolvimento humano na educa\u00e7\u00e3o superior. Tendo em vista a necessidade de promover espa\u00e7os e oportunidades de aprendizagem da compreens\u00e3o e produ\u00e7\u00e3o de textos (multimodais escritos e\/ou orais) de diferentes g\u00eaneros da esfera acad\u00eamica, profissionais de diferentes universidades t\u00eam se dedicado a essa atividade. Nesta apresenta\u00e7\u00e3o, parto de um breve hist\u00f3rico que ancora a proposta da rede multic\u00eantrica <a href=\"http:\/\/Laborat\u00f3rio Integrado de Letramentos Acad\u00eamico-Cient\u00edficos\" target=\"_blank\" rel=\"noreferrer noopener\">LILA (Laborat\u00f3rio Integrado de Letramentos Acad\u00eamico-Cient\u00edficos<\/a>) a fim de expor a proposta de trabalho em um movimento c\u00edclico de planejamento, implementa\u00e7\u00e3o e avalia\u00e7\u00e3o no trip\u00e9 ensino, pesquisa e extens\u00e3o. Como foco da discuss\u00e3o, pretendo compartilhar alguns estudos de investiga\u00e7\u00e3o desenvolvidos no escopo desse projeto para fomentar uma discuss\u00e3o sobre o desenho metodol\u00f3gico envolvido, em especial, os procedimentos de an\u00e1lise.<\/p>\n","protected":false},"excerpt":{"rendered":"<p>A apresentadora Vera L\u00facia Lopes Crist\u00f3v\u00e3oProfessora associada da Universidade Estadual de Londrina ( UEL), membro permanente do Programa de P\u00f3s-Gradua\u00e7\u00e3o em Estudos da Linguagem, membro da Comiss\u00e3o Coordenadora do PPGEL, l\u00edder do grupo de pesquisa Linguagem e Educa\u00e7\u00e3o (LED) (UEL\/CNPq), e pesquisadora do ALTER (USP\/CNPq). \u00c9 coordenadora geral do Laborat\u00f3rio Integrado de Letramentos Acad\u00eamico-Cient\u00edficos (LILA), [&hellip;]<\/p>\n","protected":false},"author":3183,"featured_media":0,"parent":0,"menu_order":0,"comment_status":"closed","ping_status":"closed","template":"","meta":{"footnotes":""},"class_list":["post-678","page","type-page","status-publish","hentry"],"_links":{"self":[{"href":"https:\/\/sites.ipleiria.pt\/emda\/wp-json\/wp\/v2\/pages\/678","targetHints":{"allow":["GET"]}}],"collection":[{"href":"https:\/\/sites.ipleiria.pt\/emda\/wp-json\/wp\/v2\/pages"}],"about":[{"href":"https:\/\/sites.ipleiria.pt\/emda\/wp-json\/wp\/v2\/types\/page"}],"author":[{"embeddable":true,"href":"https:\/\/sites.ipleiria.pt\/emda\/wp-json\/wp\/v2\/users\/3183"}],"replies":[{"embeddable":true,"href":"https:\/\/sites.ipleiria.pt\/emda\/wp-json\/wp\/v2\/comments?post=678"}],"version-history":[{"count":6,"href":"https:\/\/sites.ipleiria.pt\/emda\/wp-json\/wp\/v2\/pages\/678\/revisions"}],"predecessor-version":[{"id":856,"href":"https:\/\/sites.ipleiria.pt\/emda\/wp-json\/wp\/v2\/pages\/678\/revisions\/856"}],"wp:attachment":[{"href":"https:\/\/sites.ipleiria.pt\/emda\/wp-json\/wp\/v2\/media?parent=678"}],"curies":[{"name":"wp","href":"https:\/\/api.w.org\/{rel}","templated":true}]}}