{"id":23,"date":"2018-06-27T10:53:56","date_gmt":"2018-06-27T10:53:56","guid":{"rendered":"http:\/\/sites.ipleiria.pt\/esflc2019\/?page_id=23"},"modified":"2019-06-01T18:27:12","modified_gmt":"2019-06-01T18:27:12","slug":"accomodation","status":"publish","type":"page","link":"https:\/\/sites.ipleiria.pt\/esflc2019\/venue\/accomodation\/","title":{"rendered":"Accommodation"},"content":{"rendered":"<p><strong>HOTELS AND HOSTELS LOCATED WITHIN THE CITY OF LEIRIA<br \/><\/strong><a href=\"https:\/\/www.google.com\/maps\/d\/u\/0\/viewer?ll=39.734237203973535%2C-8.822967976742348&amp;t=m&amp;vpsrc=0&amp;msa=0&amp;z=16&amp;source=embed&amp;ie=UTF8&amp;mid=1Cpy6veZvCE6qnaPaXMBrA74XXuc\"><em>Check the map view of the venue here.\u00a0<\/em><\/a><\/p>\n<p>The following list presents several options for Hotels and Hostels located within the city of Leiria.\u00a0Note that the list is not extensive and that some of the options are at a walking distance from the venue, others will require using the local city bus (<a href=\"https:\/\/mobilis.pt\/en\/home\/\" target=\"_blank\" rel=\"noopener noreferrer\">Mobilis<\/a>), or\u00a0travelling by car.<\/p>\n<p><strong>Hotel Eurosol Jardim***<\/strong> &#8211; <a href=\"https:\/\/www.eurosol.pt\/pt\/hotel\/eurosol-leiria-jardim-2\" target=\"_blank\" rel=\"noopener noreferrer\">https:\/\/www.eurosol.pt\/pt\/hotel\/eurosol-leiria-jardim-2<\/a><br \/>GPS: N 39\u00ba 44\u00b4 22.23\u00b4 | W 8\u00ba 48\u00b4 35.85\u00b4<br \/>T +351 244 849 849 &#8211; <a href=\"mailto:leiria@eurosol.pt\" target=\"_blank\" rel=\"noopener noreferrer\">leiria@eurosol.pt<\/a><br \/><em><a href=\"https:\/\/mobilis.pt\/en\/home\/\" target=\"_blank\" rel=\"noopener noreferrer\">Mobilis<\/a> stop: C\u00e2mara Municipal\/ESEL (Line 1\/Green and Line 2\/Red)<\/em><\/p>\n<p><strong>Hotel Leiria Classic *<\/strong> &#8211; <a href=\"http:\/\/www.hotelleiriaclassic.pt\" target=\"_blank\" rel=\"noopener noreferrer\">www.hotelleiriaclassic.pt<\/a> \/ <a href=\"http:\/\/www.facebook.com\/hotelleiriaclassic\" target=\"_blank\" rel=\"noopener noreferrer\">www.facebook.com\/hotelleiriaclassic<\/a><br \/>T +351 244 812 802 &#8211; <a href=\"mailto:geral@hotelleiriaclassic.pt\" target=\"_blank\" rel=\"noopener noreferrer\">geral@hotelleiriaclassic.pt<\/a><br \/><em><a href=\"https:\/\/mobilis.pt\/en\/home\/\" target=\"_blank\" rel=\"noopener noreferrer\">Mobilis<\/a> stop: Fonte das 3 Bicas (Line 2\/Red)<\/em><\/p>\n<p><strong>Hotel S\u00e3o Luis***<\/strong> &#8211; <a href=\"http:\/\/www.saoluishotel.com\" target=\"_blank\" rel=\"noopener noreferrer\">www.saoluishotel.com<\/a><br \/>GPS: N 39\u00b0 44&#8242; 28.811&#8243; \u00a0| 8\u00b0 48&#8242; 15.222&#8243; W<br \/>T +351 244 848 370 &#8211; <a href=\"mailto:hotelsluis@gmail.com\" target=\"_blank\" rel=\"noopener noreferrer\">hotelsluis@gmail.com<\/a><br \/><em><a href=\"https:\/\/mobilis.pt\/en\/home\/\" target=\"_blank\" rel=\"noopener noreferrer\">Mobilis<\/a> stop: Av. Marqu\u00eas de Pombal (Line 1\/Green and Line 2\/Red)<\/em><\/p>\n<p><strong>Porta 20 Boutique Guesthouse<\/strong> &#8211; <a href=\"https:\/\/porta20leiria.com\/\" target=\"_blank\" rel=\"noopener noreferrer\">https:\/\/porta20leiria.com\/<\/a><br \/>T: +351 962 343 463 \u00a0&#8211; <a href=\"mailto:ola@porta20leiria.com\" target=\"_blank\" rel=\"noopener noreferrer\">ola@porta20leiria.com<\/a><br \/><em><a href=\"https:\/\/mobilis.pt\/en\/home\/\" target=\"_blank\" rel=\"noopener noreferrer\">Mobilis<\/a> stop: Av. Marqu\u00eas de Pombal (Line 1\/Green and Line 2\/Red)<\/em><\/p>\n<p><strong>Hotel D. Dinis**<\/strong> &#8211; <a href=\"http:\/\/www.hotelddinis.pt\" target=\"_blank\" rel=\"noopener noreferrer\">www.hotelddinis.pt<\/a><br \/>GPS: N 39\u00ba 44\u00b4 37.21\u00b4\u00b4| W 8\u00ba 48\u00b4 14.26\u00b4\u00b4<br \/>T +351 244 815 342 \/ 3 &#8211; <a href=\"mailto:info@hotelddinis.pt\" target=\"_blank\" rel=\"noopener noreferrer\">info@hotelddinis.pt<\/a><br \/><em><a href=\"https:\/\/mobilis.pt\/en\/home\/\" target=\"_blank\" rel=\"noopener noreferrer\">Mobilis<\/a> stop: Bombeiros Municipais (Line 1\/Green and Line 2\/Red)<\/em><\/p>\n<p><strong>Hotel Leiriense**<\/strong> &#8211; <a href=\"http:\/\/www.hotelleiriense.com\" target=\"_blank\" rel=\"noopener noreferrer\">www.hotelleiriense.com<\/a><br \/>GPS: 39\u00ba44\u201942.5\u2019\u2019N | 8\u00ba47\u201957.82\u2019\u2019W<br \/>T +351 244 823 054 &#8211; <a href=\"mailto:info@hotelleiriense.com\" target=\"_blank\" rel=\"noopener noreferrer\">info@hotelleiriense.com<\/a><br \/><em><a href=\"https:\/\/mobilis.pt\/en\/home\/\" target=\"_blank\" rel=\"noopener noreferrer\">Mobilis<\/a> stop<\/em>: <em>Jardim Lu\u00eds de Cam\u00f5es (Line 1\/Green)<br \/><a href=\"https:\/\/mobilis.pt\/en\/home\/\" target=\"_blank\" rel=\"noopener noreferrer\">Mobilis<\/a> stop: Fonte das 3 Bicas or Largo C\u00f3nego Maia S\u00e9 (Line 2\/Red)<\/em><\/p>\n<p><strong>Mostart Boutique Hostel<\/strong> &#8211; <a href=\"http:\/\/www.mostarthostel.com\" target=\"_blank\" rel=\"noopener noreferrer\">www.mostarthostel.com<\/a><br \/>T +351 913860575<br \/><em><a href=\"https:\/\/mobilis.pt\/en\/home\/\" target=\"_blank\" rel=\"noopener noreferrer\">Mobilis<\/a> stop: <\/em> <em>Av. N. S. F\u00e1tima. Sra. da Encarna\u00e7\u00e3o (Line 1\/Green and Line 2\/Red)<\/em><\/p>\n<p><strong>Atlas Hostel<\/strong> &#8211; <a href=\"http:\/\/www.atlashostel-leiria.com\/\" target=\"_blank\" rel=\"noopener noreferrer\">http:\/\/www.atlashostel-leiria.com\/<\/a><br \/>T +351 917460810 &#8211; <a href=\"mailto:atlasleiria@gmail.com\" target=\"_blank\" rel=\"noopener noreferrer\">atlasleiria@gmail.com<\/a><br \/><em><a href=\"https:\/\/mobilis.pt\/en\/home\/\" target=\"_blank\" rel=\"noopener noreferrer\">Mobilis<\/a> stop:\u00a0Jardim Lu\u00eds de Cam\u00f5es (Line 1\/Green); Fonte das 3 Bicas or Largo C\u00f3nego Maia S\u00e9 (Line 2\/Red)<\/em><\/p>\n<p><strong>La Palma Hostel Leiria<\/strong> &#8211; <a href=\"https:\/\/la-palma-hostel-leiria.business.site\" target=\"_blank\" rel=\"noopener noreferrer\">https:\/\/la-palma-hostel-leiria.business.site<\/a><br \/>T +351 917460810<br \/><em><a href=\"https:\/\/mobilis.pt\/en\/home\/\" target=\"_blank\" rel=\"noopener noreferrer\">Mobilis<\/a> stop<\/em>: <em>Jardim Lu\u00eds de Cam\u00f5es (Line 1\/Green); Fonte das 3 Bicas or Largo C\u00f3nego Maia S\u00e9 (Line 2\/Red)<\/em><\/p>\n<p><strong>Eurosol Residence &#8211; Hotel Apartamento ****<\/strong> &#8211; <a href=\"http:\/\/www.eurosol.pt\" target=\"_blank\" rel=\"noopener noreferrer\">www.eurosol.pt<\/a><br \/>GPS: N 39\u00ba 44\u00b4 44.52\u00b4\u00b4 | W 8\u00ba 48\u00b4 09.87\u00b4\u00b4<br \/>T +351 244 860 460 &#8211; <a href=\"mailto:residence@eurosol.pt\" target=\"_blank\" rel=\"noopener noreferrer\">residence@eurosol.pt<\/a><br \/><em><a href=\"https:\/\/mobilis.pt\/en\/home\/\" target=\"_blank\" rel=\"noopener noreferrer\">Mobilis<\/a> stop:<\/em>\u00a0<em>Lg Jos\u00e9 L\u00facio (Line 1\/Green and Line 2\/Red)<\/em><\/p>\n<p><strong>Hotel S\u00e3o Francisco *<\/strong> &#8211; <a href=\"http:\/\/www.hotelsfrancisco.net\" target=\"_blank\" rel=\"noopener noreferrer\">www.hotelsfrancisco.net <\/a>\/ \u00a0<a href=\"http:\/\/www.facebook.com\/pages\/Hotel-S%C3%A3o-Francisco\/210003705813721\" target=\"_blank\" rel=\"noopener noreferrer\">www.facebook.com\/pages\/Hotel-S%C3%A3o-Francisco\/210003705813721<\/a><br \/>GPS: 39\u00ba44\u201952.8\u2019\u2019N | 8\u00ba48\u201912.9\u2019\u2019W<br \/>T +351 244 823 110 &#8211; <a href=\"mailto:geral@hotelsfrancisco.net\" target=\"_blank\" rel=\"noopener noreferrer\">geral@hotelsfrancisco.net<\/a><br \/><em><a href=\"https:\/\/mobilis.pt\/en\/home\/\" target=\"_blank\" rel=\"noopener noreferrer\">Mobilis<\/a> stop: <\/em> <em>Lg Jos\u00e9 L\u00facio (Line 1\/Green and Line 2\/Red)<\/em><\/p>\n<p><strong>Hotel Tryp Leiria ****<\/strong> &#8211; <a href=\"http:\/\/www.trypleiria.com\" target=\"_blank\" rel=\"noopener noreferrer\">www.trypleiria.com<\/a> \/ <a href=\"http:\/\/www.facebook.com\/TrypLeiria\" target=\"_blank\" rel=\"noopener noreferrer\">www.facebook.com\/TrypLeiria<\/a><br \/>GPS: 39\u00b0 45&#8242; 13.320&#8243; N |8\u00b0 48&#8242; 47.520&#8243; W<br \/>T +351 244 249 900 &#8211; <a href=\"mailto:tryp.leiria@meliaportugal.com\" target=\"_blank\" rel=\"noopener noreferrer\">tryp.leiria@meliaportugal.com<\/a><br \/><em><a href=\"https:\/\/mobilis.pt\/en\/home\/\" target=\"_blank\" rel=\"noopener noreferrer\">Mobilis<\/a> stop: Almo\u00ednha Grande or Bairro das Almo\u00ednhas (Line 1\/Green and Line 2\/Red)<\/em><\/p>\n<p><strong>Hotel Casa da Nora **<\/strong> &#8211; <a href=\"http:\/\/www.casadanora.com\" target=\"_blank\" rel=\"noopener noreferrer\">www.casadanora.com<\/a> \/ <a href=\"http:\/\/www.facebook.com\/HotelRuralERestauranteCasaDaNora\" target=\"_blank\" rel=\"noopener noreferrer\">www.facebook.com\/HotelRuralERestauranteCasaDaNora<\/a><br \/>GPS: 39\u00ba 42&#8242; 2&#8221; N | &#8211; 8\u00ba 47&#8242; 15&#8221; W<br \/>T\/F +351 244 891 189 &#8211; <a href=\"mailto:geral@casadanora.com\" target=\"_blank\" rel=\"noopener noreferrer\">geral@casadanora.com<\/a><br \/><em><a href=\"https:\/\/mobilis.pt\/en\/home\/\" target=\"_blank\" rel=\"noopener noreferrer\">Mobilis<\/a> stop: Junta de Freguesia. Rua Helena Aboim L. Vieira. Rua Santa Maria (Line 8\/Yellow)<\/em><\/p>\n<p><strong>Hotel Ibis Leiria-F\u00e1tima **<\/strong> &#8211; <a href=\"http:\/\/www.ibis.com\/pt\/hotel-3340-ibis-leiria-fatima\/index.shtml#overview\" target=\"_blank\" rel=\"noopener noreferrer\">http:\/\/www.ibis.com\/pt\/hotel-3340-ibis-leiria-fatima\/index.shtml#overview<\/a><br \/>GPS: N 39\u00ba 44\u00b4 8.45\u00b4\u00b4 | W 8\u00ba 47\u00b4 57.82\u00b4\u00b4<br \/>T +351 244 816 700 &#8211; <a href=\"mailto:h3340@accor.com\" target=\"_blank\" rel=\"noopener noreferrer\">h3340@accor.com<\/a><br \/><em><a href=\"https:\/\/mobilis.pt\/en\/home\/\" target=\"_blank\" rel=\"noopener noreferrer\">Mobilis<\/a> stop: <\/em> <em>Av. N. S. F\u00e1tima (Line 1\/Green and Line 2\/Red)<\/em><\/p>\n<p><strong>Casulo &#8211; Low-cost stay over<br \/><\/strong><a href=\"http:\/\/www.casulo.pt\/en#\/en\" target=\"_blank\" rel=\"noopener noreferrer\">http:\/\/www.casulo.pt\/en#\/en<\/a><br \/><a href=\"https:\/\/www.facebook.com\/casulo.leiria\" target=\"_blank\" rel=\"noopener noreferrer\">www.facebook.com\/casulo.leiria<\/a><br \/>T +351 917 661 744 &#8211; geral@casulo.pt<\/p>\n<p><strong>HOTELS AND HOSTELS LOCATED OUTSIDE LEIRIA<\/strong><br \/>For those who wish to stay outside the city there are plenty of accommodation options. The following list presents just a few. All these options will require using a car.<\/p>\n<ul>\n<li><b>MONTE REDONDO<\/b>\n<ul>\n<li><b>Villas da Fonte Leisure &amp; Nature &#8211; Hotel Apartamento **** &#8211;\u00a0<span style=\"font-weight: 400\"><a href=\"http:\/\/www.villasdafonte.pt\/\">www.villasdafonte.pt<\/a><\/span><br \/><\/b><span style=\"font-weight: 400\">GPS: 39\u00b053&#8217;26.37&#8243; N | 8\u00b051&#8217;06.70&#8243; W<br \/>T +351 244 004 031 | 915 809 303 \/\u00a0<\/span><span style=\"font-weight: 400\">geral@villasdafonte.pt<br \/><\/span><a href=\"https:\/\/www.facebook.com\/profile.php?id=100010039684368\"><span style=\"font-weight: 400\">www.facebook.com\/profile.php?id=100010039684368<\/span><\/a><\/li>\n<\/ul>\n<\/li>\n<li><b>BATALHA <\/b>\n<ul>\n<li><b>Hotel Residencial Batalha*** &#8211;\u00a0<\/b><a href=\"http:\/\/www.hotel-batalha.com\/\">http:\/\/www.hotel-batalha.com\/<\/a><b><br \/><\/b><span style=\"font-weight: 400\">T: +351 244 767 500 &#8211;\u00a0<\/span><span style=\"font-weight: 400\"><span style=\"font-weight: 400\"><a href=\"mailto:info@hotel-batalha.com\">info@hotel-batalha.com<\/a><\/span><\/span><\/li>\n<li><strong>Hotel Villa Batalha****<\/strong> &#8211;<a href=\"http:\/\/www.hotelvillabatalha.com\/\">http:\/\/www.hotelvillabatalha.com\/<\/a><br \/><span style=\"font-weight: 400\">T: +351 244 240400 \/\u00a0<\/span><a href=\"mailto:geral@hotelvillabatalha.pt\">geral@hotelvillabatalha.pt<\/a><\/li>\n<li><strong>Hotel Lis Batalha &#8211; Mestre Afonso Domingues****<\/strong> &#8211; <a href=\"https:\/\/www.hotellisbatalha.pt\/\">https:\/\/www.hotellisbatalha.pt\/<\/a><br \/>T: +351 244 765 260 \/\u00a0<a href=\"mailto:hotel@hotellisbatalha.pt\">hotel@hotellisbatalha.pt\u00a0<\/a><\/li>\n<\/ul>\n<\/li>\n<li><strong>PRAIA DA VIEIRA<\/strong>\n<ul>\n<li><strong>Vieira Oceans &amp; SPA<\/strong> &#8211;\u00a0<a href=\"http:\/\/www.hoteiscristal.pt\/hotel_cristal_vieira_praia\/en\/vieira-oceans-spa.html\">http:\/\/www.hoteiscristal.pt\/hotel_cristal_vieira_praia\/en\/vieira-oceans-spa.html<\/a><br \/>T: +351 244 699 060 \/ <a href=\"mailto:comercial@hoteiscristal.pt\">comercial@hoteiscristal.pt<\/a><\/li>\n<\/ul>\n<\/li>\n<li><strong>\u00d3BIDOS<\/strong>\n<ul>\n<li><a href=\"http:\/\/www.obidos.pt\/CustomPages\/ShowPage.aspx?pageid=e82b6312-3b8c-4277-8feb-0db612e6cfe1\">Click here for a full list of hotels in the Historical Village of \u00d3bidos<\/a><\/li>\n<\/ul>\n<\/li>\n<\/ul>\n\n\n<p class=\"has-background has-luminous-vivid-amber-background-color\"><em>Please note that there is no arrangement between ESFLC2019 and the options listed on this page. We hope this information has been useful. In case you need further advice, please contact us: <strong>esflc2019@ipleiria.pt<\/strong>.<\/em><\/p>\n","protected":false},"excerpt":{"rendered":"<p>HOTELS AND HOSTELS LOCATED WITHIN THE CITY OF LEIRIACheck the map view of the venue here.\u00a0 The following list presents several options for Hotels and Hostels located within the city of Leiria.\u00a0Note that the list is not extensive and that some of the options are at a walking distance from the venue, others will require using the local city bus (Mobilis), or\u00a0travelling by car. Hotel Eurosol Jardim*** &#8211; https:\/\/www.eurosol.pt\/pt\/hotel\/eurosol-leiria-jardim-2GPS: N 39\u00ba 44\u00b4 22.23\u00b4 | W 8\u00ba 48\u00b4 35.85\u00b4T +351 244&hellip;<\/p>\n","protected":false},"author":102,"featured_media":0,"parent":17,"menu_order":3,"comment_status":"closed","ping_status":"closed","template":"","meta":{"footnotes":""},"class_list":["post-23","page","type-page","status-publish","hentry"],"_links":{"self":[{"href":"https:\/\/sites.ipleiria.pt\/esflc2019\/wp-json\/wp\/v2\/pages\/23","targetHints":{"allow":["GET"]}}],"collection":[{"href":"https:\/\/sites.ipleiria.pt\/esflc2019\/wp-json\/wp\/v2\/pages"}],"about":[{"href":"https:\/\/sites.ipleiria.pt\/esflc2019\/wp-json\/wp\/v2\/types\/page"}],"author":[{"embeddable":true,"href":"https:\/\/sites.ipleiria.pt\/esflc2019\/wp-json\/wp\/v2\/users\/102"}],"replies":[{"embeddable":true,"href":"https:\/\/sites.ipleiria.pt\/esflc2019\/wp-json\/wp\/v2\/comments?post=23"}],"version-history":[{"count":57,"href":"https:\/\/sites.ipleiria.pt\/esflc2019\/wp-json\/wp\/v2\/pages\/23\/revisions"}],"predecessor-version":[{"id":3813,"href":"https:\/\/sites.ipleiria.pt\/esflc2019\/wp-json\/wp\/v2\/pages\/23\/revisions\/3813"}],"up":[{"embeddable":true,"href":"https:\/\/sites.ipleiria.pt\/esflc2019\/wp-json\/wp\/v2\/pages\/17"}],"wp:attachment":[{"href":"https:\/\/sites.ipleiria.pt\/esflc2019\/wp-json\/wp\/v2\/media?parent=23"}],"curies":[{"name":"wp","href":"https:\/\/api.w.org\/{rel}","templated":true}]}}