{"id":37,"date":"2013-05-28T11:56:21","date_gmt":"2013-05-28T11:56:21","guid":{"rendered":"http:\/\/sites.ipleiria.pt\/feriasativas\/?page_id=37"},"modified":"2014-03-21T14:30:28","modified_gmt":"2014-03-21T14:30:28","slug":"programas","status":"publish","type":"page","link":"https:\/\/sites.ipleiria.pt\/feriasativas\/programas\/","title":{"rendered":"Programas"},"content":{"rendered":"<p>O programa das F\u00e9rias da P\u00e1scoa est\u00e1 estruturado de forma a proporcionar \u00e0s crian\u00e7as desafios constantes. Quisemos montar um programa que assentasse essencialmente nas experi\u00eancias desportivas, no entanto, complementadas com workshops educativos e extremamente enriquecedores. Com in\u00edcio pelas 8h30 e a terminar pelas 19h00, o programa das F\u00e9rias Ativas vai contemplar:<\/p>\n<p>&#8211; Jogos desportivos variados, como por exemplo, Ca\u00e7a ao tesouro, Orienta\u00e7\u00e3o, Gin\u00e1stica Desportiva, Dan\u00e7as, Patinagem, Badmington, Trampolins, Slakeline, Voleibol, etc&#8230;<\/p>\n<p>&#8211; Workshops tem\u00e1ticos sobre: Mandarim, espanhol, R\u00e1dio, Linguagem Criativa;<\/p>\n<p>Das 8h30 \u00e0s 9h15, os professores estar\u00e3o a receber as crian\u00e7as e os pais na escola, para depois darem inicio \u00e0s actividades di\u00e1rias.<\/p>\n","protected":false},"excerpt":{"rendered":"<p>O programa das F\u00e9rias da P\u00e1scoa est\u00e1 estruturado de forma a proporcionar \u00e0s crian\u00e7as desafios constantes. Quisemos montar um programa que assentasse essencialmente nas experi\u00eancias desportivas, no entanto, complementadas com workshops educativos e extremamente enriquecedores. Com in\u00edcio pelas 8h30 e a terminar pelas 19h00, o programa das F\u00e9rias Ativas vai contemplar: &#8211; Jogos desportivos variados, [&hellip;]<\/p>\n","protected":false},"author":1567,"featured_media":0,"parent":0,"menu_order":0,"comment_status":"closed","ping_status":"closed","template":"","meta":{"footnotes":""},"class_list":["post-37","page","type-page","status-publish","hentry"],"_links":{"self":[{"href":"https:\/\/sites.ipleiria.pt\/feriasativas\/wp-json\/wp\/v2\/pages\/37","targetHints":{"allow":["GET"]}}],"collection":[{"href":"https:\/\/sites.ipleiria.pt\/feriasativas\/wp-json\/wp\/v2\/pages"}],"about":[{"href":"https:\/\/sites.ipleiria.pt\/feriasativas\/wp-json\/wp\/v2\/types\/page"}],"author":[{"embeddable":true,"href":"https:\/\/sites.ipleiria.pt\/feriasativas\/wp-json\/wp\/v2\/users\/1567"}],"replies":[{"embeddable":true,"href":"https:\/\/sites.ipleiria.pt\/feriasativas\/wp-json\/wp\/v2\/comments?post=37"}],"version-history":[{"count":10,"href":"https:\/\/sites.ipleiria.pt\/feriasativas\/wp-json\/wp\/v2\/pages\/37\/revisions"}],"predecessor-version":[{"id":119,"href":"https:\/\/sites.ipleiria.pt\/feriasativas\/wp-json\/wp\/v2\/pages\/37\/revisions\/119"}],"wp:attachment":[{"href":"https:\/\/sites.ipleiria.pt\/feriasativas\/wp-json\/wp\/v2\/media?parent=37"}],"curies":[{"name":"wp","href":"https:\/\/api.w.org\/{rel}","templated":true}]}}