{"id":1575,"date":"2021-03-03T10:07:06","date_gmt":"2021-03-03T10:07:06","guid":{"rendered":"http:\/\/sites.ipleiria.pt\/pge\/?page_id=1575"},"modified":"2024-07-01T17:45:57","modified_gmt":"2024-07-01T17:45:57","slug":"corpus-de-portugues-academico","status":"publish","type":"page","link":"https:\/\/sites.ipleiria.pt\/gdip\/corpus-de-portugues-academico\/","title":{"rendered":"Corpora"},"content":{"rendered":"\n<p>Apresentam-se corpora que foram constitu\u00eddos no \u00e2mbito de projetos relacionados com o discurso e as pr\u00e1ticas discursivas acad\u00e9micas em diferentes contextos: <\/p>\n\n\n\n<ul class=\"wp-block-list\">\n<li><a href=\"https:\/\/sites.ipleiria.pt\/pge\/ensino-superior\/\" data-type=\"page\" data-id=\"1136\">Corpus de Portugu\u00eas Acad\u00e9mico (CPA)<\/a><\/li>\n\n\n\n<li><a href=\"https:\/\/sites.ipleiria.pt\/pge\/corpus-de-manuais-escolares-acessivel-na-ferramenta-cpqweb\/\" data-type=\"page\" data-id=\"2203\">Corpus de Manuais Escolares acess\u00edvel na ferramenta CQPWeb<\/a> *temporariamente indispon\u00edvel*<\/li>\n\n\n\n<li><a href=\"https:\/\/portulanclarin.net\/repository\/browse\/corpus-desenvolvimento-da-escrita-no-ensino-basico\/a5ae466ca3e611ea96c002420a0004035088bd9c8045457ba1bb2741ba42eae1\/\">Desenvolvimento da Escrita no Ensino B\u00e1sico (DEEB)<\/a>* *temporariamente indispon\u00edvel*<\/li>\n<\/ul>\n\n\n\n<hr class=\"wp-block-separator has-alpha-channel-opacity\" \/>\n\n\n\n<figure class=\"wp-block-image size-full\"><img loading=\"lazy\" decoding=\"async\" width=\"1024\" height=\"89\" src=\"https:\/\/sites.ipleiria.pt\/pge\/files\/2024\/07\/image-5.png\" alt=\"\" class=\"wp-image-2331\" srcset=\"https:\/\/sites.ipleiria.pt\/gdip\/files\/2024\/07\/image-5.png 1024w, https:\/\/sites.ipleiria.pt\/gdip\/files\/2024\/07\/image-5-300x26.png 300w, https:\/\/sites.ipleiria.pt\/gdip\/files\/2024\/07\/image-5-768x67.png 768w, https:\/\/sites.ipleiria.pt\/gdip\/files\/2024\/07\/image-5-624x54.png 624w\" sizes=\"auto, (max-width: 1024px) 100vw, 1024px\" \/><\/figure>\n\n\n\n<p><strong>Centro de Estudos de Lingu\u00edstica Geral e Aplicada (CELGA-ILTEC) da Universidade de Coimbra | desde 2018 |&nbsp;<\/strong><a href=\"https:\/\/sites.ipleiria.pt\/pge\/apresentacao\/contactos\/\">contactos<\/a><\/p>\n","protected":false},"excerpt":{"rendered":"<p>Apresentam-se corpora que foram constitu\u00eddos no \u00e2mbito de projetos relacionados com o discurso e as pr\u00e1ticas discursivas acad\u00e9micas em diferentes contextos: Centro de Estudos de Lingu\u00edstica Geral e Aplicada (CELGA-ILTEC) da Universidade de Coimbra | desde 2018 |&nbsp;contactos<\/p>\n","protected":false},"author":3099,"featured_media":0,"parent":0,"menu_order":0,"comment_status":"closed","ping_status":"closed","template":"","meta":{"footnotes":""},"class_list":["post-1575","page","type-page","status-publish","hentry"],"_links":{"self":[{"href":"https:\/\/sites.ipleiria.pt\/gdip\/wp-json\/wp\/v2\/pages\/1575","targetHints":{"allow":["GET"]}}],"collection":[{"href":"https:\/\/sites.ipleiria.pt\/gdip\/wp-json\/wp\/v2\/pages"}],"about":[{"href":"https:\/\/sites.ipleiria.pt\/gdip\/wp-json\/wp\/v2\/types\/page"}],"author":[{"embeddable":true,"href":"https:\/\/sites.ipleiria.pt\/gdip\/wp-json\/wp\/v2\/users\/3099"}],"replies":[{"embeddable":true,"href":"https:\/\/sites.ipleiria.pt\/gdip\/wp-json\/wp\/v2\/comments?post=1575"}],"version-history":[{"count":18,"href":"https:\/\/sites.ipleiria.pt\/gdip\/wp-json\/wp\/v2\/pages\/1575\/revisions"}],"predecessor-version":[{"id":2332,"href":"https:\/\/sites.ipleiria.pt\/gdip\/wp-json\/wp\/v2\/pages\/1575\/revisions\/2332"}],"wp:attachment":[{"href":"https:\/\/sites.ipleiria.pt\/gdip\/wp-json\/wp\/v2\/media?parent=1575"}],"curies":[{"name":"wp","href":"https:\/\/api.w.org\/{rel}","templated":true}]}}