{"id":798,"date":"2018-08-21T16:35:33","date_gmt":"2018-08-21T16:35:33","guid":{"rendered":"http:\/\/sites.ipleiria.pt\/pge\/?page_id=798"},"modified":"2024-05-21T07:27:43","modified_gmt":"2024-05-21T07:27:43","slug":"publicacoes","status":"publish","type":"page","link":"https:\/\/sites.ipleiria.pt\/gdip\/enquadramento\/publicacoes\/","title":{"rendered":"Publica\u00e7\u00f5es"},"content":{"rendered":"\n<p>LIVRO<\/p>\n\n\n\n<ul class=\"wp-block-list\">\n<li>Caels, F., Barbeiro, L. F., &amp; Santos, J. V. (2019). <em><a rel=\"noreferrer noopener\" href=\"https:\/\/sites.ipleiria.pt\/pge\/files\/2020\/09\/Discurso_Acade%CC%81mico_ENDA1.pdf\" target=\"_blank\">Discurso Acad\u00e9mico: Uma \u00e1rea disciplinar em constru\u00e7\u00e3o<\/a>.<\/em> CELGA-ILTEC, Universidade de Coimbra \/ ESECS-Polit\u00e9cnico de Leiria. ISBN: 978-989-54679-0-7 (e-book)<\/li>\n\n\n\n<li>Silva, P. N. (2020).<em> <\/em><a rel=\"noreferrer noopener\" href=\"http:\/\/sites.ipleiria.pt\/pge\/files\/2021\/03\/Silva-2020-Manual-de-TEC-capa-indice-apresentacao.pdf\" target=\"_blank\"><em>Manual de T\u00e9cnicas de Express\u00e3o e Comunica\u00e7\u00e3o<\/em> (<em>e-book<\/em>)<\/a>. Universidade Aberta, 274 pp. <a rel=\"noreferrer noopener\" href=\"https:\/\/: https:\/\/doi.org\/10.34627\/279s-0397\" target=\"_blank\">https:\/\/doi.org\/10.34627\/279s-0397<\/a><\/li>\n\n\n\n<li>Silva, P. N. (2012).<em> <a rel=\"noreferrer noopener\" href=\"http:\/\/sites.ipleiria.pt\/pge\/files\/2021\/05\/PN-Silva-Tipologias-Textuais-2012-Indice.pdf\" target=\"_blank\">Tipologias textuais. Como classificar textos e sequ\u00eancias<\/a><\/em>. Livraria Almedina\/CELGA, 220 p.<\/li>\n\n\n\n<li>Silva, P. N., Barbeiro, L. F, Caels, F., Gouveia, C. A. M., Santos, J. V., Marques, C., &amp; Barbeiro, C. (2022). <em><a href=\"https:\/\/sites.ipleiria.pt\/pge\/files\/2022\/12\/Teorias-discursivas-em-dialogo_ebook-2.pdf\">Teorias discursivas em discuss\u00e3o: Perspetivas e an\u00e1lises<\/a><\/em>. Gr\u00e1cio Editor. ISBN: 978-989-53846-0-0  <\/li>\n\n\n\n<li>Silva, P. N., Pinto, A. G., &amp; Marques, C. (orgs.) (2023)<em>. <a href=\"http:\/\/sites.ipleiria.pt\/pge\/files\/2023\/04\/Discurso-Acade\u0301mico_e-book.pdf\">Discurso Acad\u00e9mico: Conhecimento disciplinar e apropria\u00e7\u00e3o did\u00e1tica<\/a><\/em>. Gr\u00e1cio Editor. ISBN: 978-989-53971-2-9 (e-book)<\/li>\n<\/ul>\n\n\n\n<p>CAP\u00cdTULO DE LIVRO<\/p>\n\n\n\n<ul class=\"has-dark-gray-color has-white-background-color has-text-color has-background wp-block-list\">\n<li>Alexandre, M. F. &amp; Caels, F. (2022). <a href=\"http:\/\/sites.ipleiria.pt\/pge\/files\/2024\/01\/Alexandre_e_Caels_2022.pdf\">Rela\u00e7\u00f5es temporais e causais em textos de Hist\u00f3ria<\/a>. In D. Alves, H. G. Pinto, I. S. Dias, M.\u00aa O. Abreu, R. G. Mu\u00f1oz. (Orgs.), <a href=\"https:\/\/sites.ipleiria.pt\/ipce2023\/files\/2023\/01\/IPCE_2021.pdf\"><em>Atas da X Confer\u00eancia Internacional Investiga\u00e7\u00e3o,<\/em> <em>Pr\u00e1ticas e Contextos em Educa\u00e7\u00e3o<\/em><\/a>. ESECS-Polit\u00e9cnico de Leiria. <\/li>\n\n\n\n<li>Alves, M. A. (aceite para publica\u00e7\u00e3o). <a href=\"http:\/\/sites.ipleiria.pt\/pge\/files\/2022\/12\/CISTI_2022__The_Corpus_de_Manuais_Escolares.pdf\">Development of a digital corpus of Portuguese didactical texts for language research<\/a>.  <\/li>\n\n\n\n<li>Alves, M. A., &amp; Alexandre, M. F. (aceite para publica\u00e7\u00e3o). <a href=\"http:\/\/sites.ipleiria.pt\/pge\/files\/2022\/12\/Lusoconf_2022__corpo_final.pdf\">Um corpo genol\u00f3gico de textos did\u00e1ticos &#8211; A generic corpus of didactical texts<\/a>.<\/li>\n\n\n\n<li>Caels, F. &amp; Alexandre, M. F. (2022). <a href=\"http:\/\/sites.ipleiria.pt\/pge\/files\/2024\/01\/Caels_e_Alexandre_2022_A-expressao-do-tempo.pdf\">A express\u00e3o do Tempo em textos de Hist\u00f3ria: Mapeamento de recursos sint\u00e1ticos<\/a>. In D. Alves, H. G. Pinto, I. S. Dias, M.\u00aa O. Abreu, R. G. Mu\u00f1oz. (Orgs.), <em>A<\/em><a href=\"https:\/\/sites.ipleiria.pt\/ipce2023\/files\/2023\/01\/IPCE_2021.pdf\"><em>tas da X Confer\u00eancia Internacional Investiga\u00e7\u00e3o,<\/em> <em>Pr\u00e1ticas e Contextos em Educa\u00e7\u00e3o<\/em>. ESECS-Polit\u00e9cnico de Leiria<\/a>.<\/li>\n\n\n\n<li>Caels, F. &amp; Quaresma, A. (2019). G\u00e9neros textuais em manuais de Hist\u00f3ria. In D. Alves, H. G. Pinto, I. S. Dias, M.\u00aa O. Abreu &amp; R. Gillain (Orgs.), <a href=\"https:\/\/sites.ipleiria.pt\/ipce2019\/files\/2019\/10\/Livro2_IPCE2019.pdf\"><em>Atas da VIII Confer\u00eancia<\/em> <em>Internacional Investiga\u00e7\u00e3o, Pr\u00e1ticas e Contextos em Educa\u00e7\u00e3o<\/em><\/a> (p. 484). ESECS-Polit\u00e9cnico de Leiria.<\/li>\n\n\n\n<li>Gouveia, C. A. M. (2014). <a href=\"https:\/\/www.academia.edu\/22947393\/28._2014_._A_compreens%C3%A3o_leitora_como_base_instrumental_do_ensino_da_produ%C3%A7%C3%A3o_escrita._In_W._R._Silva_J._S._dos_Santos_and_M._A._Melo_Eds._Pesquisas_em_L%C3%ADngua_gem_e_Demandas_do_Ensino_B%C3%A1sico_pp._203-231_._S%C3%A3o_Paulo_Pontes\">A compreens\u00e3o leitora como base instrumental do ensino da produ\u00e7\u00e3o escrita<\/a>. In W. R. Silva, J. S. dos Santos &amp; M. A. Melo (eds.), <em>Pesquisas em L\u00edngua(gem) e Demandas do Ensino B\u00e1sico <\/em>(pp. 203-231). Pontes.<\/li>\n\n\n\n<li>Gouveia, C. A. M. (2013). <a rel=\"noreferrer noopener\" href=\"https:\/\/www.academia.edu\/22479016\/25._2013_._Evolving_in_confidence_writing_across_basic_schooling._In_VIAN_JR._Orlando_e_Cida_Caltabiano_eds._L%C3%ADngua_gem_e_suas_m%C3%BAltiplas_faces_Estudos_em_Homenagem_a_Leila_Barbara._S%C3%A3o_Paulo_Mercado_de_Letras_93-108\" target=\"_blank\">Evolving in confidence: writing across basic schooling<\/a>. In VIAN JR., Orlando e Cida Caltabiano (eds.), <em>L\u00edngua(gem) e suas m\u00faltiplas faces \u2013 Estudos em Homenagem a Leila Barbara<\/em> (pp. 93-108). Mercado de Letras.<\/li>\n\n\n\n<li>Gouveia, C. A. M.&nbsp;(2013). <a rel=\"noreferrer noopener\" href=\"https:\/\/www.academia.edu\/22478847\/23._2013_._Writing_development_in_Basic_School_Years_in_Portugal_Report_on_a_Pilot_Project._In_A_Scholar_for_all_Seasons_._Homenagem_a_Jo%C3%A3o_Almeida_Flor._Departamento_de_Estudos_Angl%C3%ADsticos_Centro_de_Estudos_Angl%C3%ADsticos_da_Universidade_de_Lisboa_191-204\" target=\"_blank\">Writing development in Basic School Years in Portugal: Report on a Pilot Project<\/a>. In J. Ferreira et al (orgs.), <em>\u00abA Scholar for all Seasons\u00bb. Homenagem a Jo\u00e3o Almeida Flor<\/em> (pp. 191-204). Departamento de Estudos Angl\u00edsticos\/Centro de Estudos Angl\u00edsticos da Universidade de Lisboa.<\/li>\n\n\n\n<li>Gouveia, C. A. M. (2013). <a rel=\"noreferrer noopener\" href=\"https:\/\/www.academia.edu\/22946994\/27._2013_._A_escola_como_sistema_de_g%C3%A9neros_conhecimento_aprendizagem_e_transversalidade._In_MATEUS_M._H._M._e_L._Solla_eds._Ensino_do_Portugu%C3%AAs_como_L%C3%ADngua_N%C3%A3o_Materna_Estrat%C3%A9gias_Materiais_e_Forma%C3%A7%C3%A3o._Lisboa_ILTEC_Funda%C3%A7%C3%A3o_Calouste_Gulbenkian\" target=\"_blank\">A escola como sistema de g\u00e9neros: conhecimento, aprendizagem e transversalidade.<\/a> In M. H. M. Mateus &amp; L. Solla (coord.), <em>Ensino do Portugu\u00eas como L\u00edngua&nbsp;N\u00e3o Materna: Estrat\u00e9gias, Materiais e Forma\u00e7\u00e3o<\/em> (pp. 441-460). ILTEC e Funda\u00e7\u00e3o Calouste Gulbenkian.<\/li>\n\n\n\n<li>Gouveia, C. A. M. (2010).&nbsp;<a rel=\"noreferrer noopener\" href=\"http:\/\/www.academia.edu\/22480185\/11._2010_._Gram%C3%A1tica_Produzir_Significados_na_Escrita._In_BRITO_Ana_Maria_org._Gram%C3%A1tica_Hist%C3%B3ria_Teorias_Aplica%C3%A7%C3%B5es._Porto_FLUP_191-203\" target=\"_blank\">Gram\u00e1tica: Produzir Significados na Escrita.<\/a> In A. M. Brito (org.), <em>Gram\u00e1tica: Hist\u00f3ria, Teorias, Aplica\u00e7\u00f5es<\/em> (pp. 191-203). FLUP.<\/li>\n\n\n\n<li>Gouveia, C. A. M. (2008). <a rel=\"noreferrer noopener\" href=\"https:\/\/www.academia.edu\/22466504\/19._2008_._Texto_Narrativo._In_MATEUS_Maria_Helena_Mira_Dulce_Pereira_e_Gl%C3%B3ria_Fischer_orgs._Diversidade_Lingu%C3%ADstica_na_Escola_Portuguesa._Lisboa_Funda%C3%A7%C3%A3o_Calouste_Gulbenkian_113-118._Pre-published_in_em_CD-Rom_\" target=\"_blank\">Texto Narrativo.<\/a> In M. H. M. Mateus, D. Pereira &amp; G. Fischer (coord.), <em>Diversidade Lingu\u00edstica na Escola Portuguesa<\/em> (pp. 113-118). Funda\u00e7\u00e3o Calouste Gulbenkian.<\/li>\n\n\n\n<li>Gouveia, C. A. M. (2006).&nbsp;<a rel=\"noreferrer noopener\" href=\"http:\/\/www.academia.edu\/22466417\/15._2006_._Language_Literacy_and_Cultural_Politics_The_Debate_on_the_New_Language_Curriculum_in_Portugal._In_WHITTAKER_R._M._ODonnell_and_A._McCabe_eds._Language_and_Literacy_Functional_Approaches._London_Continuum_177-188\" target=\"_blank\">Language, Literacy and Cultural Politics: The Debate on the New Language Curriculum in Portugal<\/a>. In R. Whittaker, M. O&#8217;Donnell &amp; A. McCabe (eds.), <em>Language and Literacy: Functional Approaches<\/em> (pp. 177-188). Continuum.<\/li>\n\n\n\n<li>Gouveia, C. A. M. (2006).&nbsp;<a rel=\"noreferrer noopener\" href=\"https:\/\/www.academia.edu\/22480261\/5._2006_._O_que_se_entende_por_texto_In_Diversidade_Lingu%C3%ADstica_na_Escola_Portuguesa_CD2_-_An%C3%A1lises_e_Materiais._Lisboa_Instituto_de_Lingu%C3%ADstica_Te%C3%B3rica_e_Computacional\" target=\"_blank\">O que se entende por texto?<\/a>&nbsp;In <em>Diversidade Lingu\u00edstica na Escola Portuguesa: CD2 &#8211; An\u00e1lises e Materiais<\/em>. ILTEC.<\/li>\n\n\n\n<li>Santos, J. V. (2018). <a rel=\"noreferrer noopener\" href=\"http:\/\/sites.ipleiria.pt\/pge\/files\/2021\/02\/26_2018-ART-Plagio-e-construcao-da-voz-autoral.pdf\" target=\"_blank\">Pl\u00e1gio e constru\u00e7\u00e3o da voz autoral: Integra\u00e7\u00e3o no ensino-aprendizagem da escrita acad\u00e9mica<\/a>. In P. R. Pinto (Coord.), Almeida, F., Remi\u00e3o, F., Oliveira, J. F. et alii, <em>Atas do CNaPPES 2017 \u2013 Congresso Nacional de Pr\u00e1ticas Pedag\u00f3gicas no Ensino Superior<\/em> (pp. 1-7). Instituto Polit\u00e9cnico de Set\u00fabal. ISBN 978-989-99598-9-7. <\/li>\n\n\n\n<li>Santos, J. V., &amp; Silva, P. N. (2021). <a rel=\"noreferrer noopener\" href=\"http:\/\/sites.ipleiria.pt\/pge\/files\/2021\/02\/DINAMICAS_DE_GENERO_E_DE_TEXTO_ENTRE_PLA.pdf\" target=\"_blank\">Din\u00e2micas de g\u00e9nero e de texto: Entre plano convencional e plano ocasional nas teses de doutoramento da Universidade de Coimbra<\/a>.&nbsp;In H. T. Valentim, T. Oliveira &amp; C. Teixeira, C. (Org.), <em>Gram\u00e1tica e texto. Intera\u00e7\u00f5es e Aplica\u00e7\u00e3o ao Ensino <\/em>(pp. 93-112<em>.<\/em> NOVA FCSH-CLUNL.<\/li>\n\n\n\n<li>Santos, J. V., &amp; Silva, P. N. (2018). <a rel=\"noreferrer noopener\" href=\"http:\/\/sites.ipleiria.pt\/pge\/files\/2021\/02\/2016_40_CLUP_Polifonia_Voz_Autoral_Artigo_Identificado.pdf\" target=\"_blank\">Polifonia na voz autoral: Resumos e agradecimentos na tese de doutoramento<\/a>. In Veloso, J., Guimar\u00e3es, J., Silvano, P. &amp; Silva, R., <em>A lingu\u00edstica em di\u00e1logo. Volume comemorativo dos 40 anos do Centro de Lingu\u00edstica da Universidade do Porto<\/em> (pp. 395-413). FLUP\/CLUP. ISBN 978-989-54104-3-9.<\/li>\n\n\n\n<li>Silva, P. N. (2019). <a rel=\"noreferrer noopener\" href=\"http:\/\/sites.ipleiria.pt\/pge\/files\/2021\/03\/Silva-2019-Tipos-de-discurso-e-generos.pdf\" target=\"_blank\">Tipos de discurso e g\u00e9neros: para uma abordagem did\u00e1tica integrada de duas classifica\u00e7\u00f5es textuais<\/a>. In A. Leal, F. Oliveira, F. Silva, I. M. Duarte, J. Veloso, P. Silvano, e S. V. Rodrigues (Org.), <em>A Lingu\u00edstica na Forma\u00e7\u00e3o do Professor: das teorias \u00e0s pr\u00e1ticas <\/em>(pp. 225-240). CLUP.<\/li>\n\n\n\n<li>Silva, P. N. (2015). <a rel=\"noreferrer noopener\" href=\"http:\/\/sites.ipleiria.pt\/pge\/files\/2021\/03\/Silva-2015-Alguns-contributos-da-Linguistica.pdf\" target=\"_blank\">Alguns contributos da lingu\u00edstica para a classifica\u00e7\u00e3o dos textos liter\u00e1rios<\/a>. <em>Atas do 11.\u00ba Encontro Nacional da Associa\u00e7\u00e3o de Professores de Portugu\u00eas<\/em>. Associa\u00e7\u00e3o de Professores de Portugu\u00eas, 45 p. (CD-Rom).<\/li>\n\n\n\n<li>Silva, P. N. (2015). <a rel=\"noreferrer noopener\" href=\"http:\/\/sites.ipleiria.pt\/pge\/files\/2021\/05\/Paulo-Nunes-da-Silva-Narrativo.pdf\" target=\"_blank\">Narrativo: modo, g\u00e9nero, tipo de texto ou tipo de sequ\u00eancia?<\/a> <em>Atas do 11.\u00ba Encontro Nacional da Associa\u00e7\u00e3o de Professores de Portugu\u00eas<\/em>. Associa\u00e7\u00e3o de Professores de Portugu\u00eas, 22 p. (CD-Rom).<\/li>\n\n\n\n<li>Silva, P. N., &amp; Santos, J. V. (2020). <a rel=\"noreferrer noopener\" href=\"http:\/\/sites.ipleiria.pt\/pge\/files\/2021\/03\/Silva-e-Santos-2020-In-my-ending-is-my-beginning.pdf\" target=\"_blank\"><em>In my ending is my beginning<\/em>: as estruturas argumentativas das sec\u00e7\u00f5es finais em teses de doutoramento como ponto de partida para novas argumenta\u00e7\u00f5es<\/a>. In Z. Aquino, P. Gon\u00e7alves-Segundo, e M. A. G. Pinto (Org.), <em>Argumenta\u00e7\u00e3o e Discurso \u2013 Fronteiras e desafios&nbsp;<\/em>(pp. 188-207). Faculdade de Filosofia, Letras e Ci\u00eancias Humanas da Universidade de S\u00e3o Paulo.<\/li>\n\n\n\n<li>Silva, P. N., &amp; Santos, J. V. (2018). <a rel=\"noreferrer noopener\" href=\"http:\/\/sites.ipleiria.pt\/pge\/files\/2021\/05\/PN-Silva-JV-Santos-Do-saber-ao-poder-pp.-178-196.pdf\" target=\"_blank\">Do saber ao poder. Estruturas ret\u00f3ricas e planos de texto em teses de doutoramento<\/a>. In Aquino, Zilda G. O., Gon\u00e7alves-Segundo, Paulo R. &amp; Pinto, M. Alexandra G. (Org.), <em>O poder do discurso e o discurso do poder. Vol. 2 <\/em>(pp. 178-196). Editora Paulistana. ISBN 978-85-5336001-7.<\/li>\n\n\n\n<li>Silva, P. N., &amp; Santos, J. V. (2013). <a rel=\"noreferrer noopener\" href=\"http:\/\/sites.ipleiria.pt\/pge\/files\/2021\/03\/Silva-e-Santos-2013-Contributos-para-a-caracterizacao.pdf\" target=\"_blank\">Contributos para a caracteriza\u00e7\u00e3o do g\u00e9nero acad\u00e9mico \u2018Resposta de Desenvolvimento\u2019<\/a>. In R. T. Silva (Org.), <em>Anais do III SIMELP&nbsp;(Simp\u00f3sio Mundial de Estudos de L\u00edngua Portuguesa)<\/em> (pp. 27-38). Universidade de Macau.<\/li>\n<\/ul>\n\n\n\n<p>ARTIGO EM REVISTA<\/p>\n\n\n\n<ul class=\"wp-block-list\">\n<li>Caels, F., Barbeiro, L. F., &amp; Gouveia, C. A. M. (2020). <a rel=\"noopener\" href=\"https:\/\/proa.ua.pt\/index.php\/id\/article\/view\/17433\" target=\"_blank\"><mark class=\"has-inline-color has-blue-color\">G\u00e9neros escolares segundo a Escola de Sydney: Prop\u00f3sitos, estruturas e realiza\u00e7\u00f5es textuais<\/mark><\/a>.<em> Indagatio Didactica 12<\/em>(2), 13-32.&nbsp;DOI:&nbsp;<a href=\"https:\/\/doi.org\/10.34624\/id.v12i2.17433\">https:\/\/doi.org\/10.34624\/id.v12i2.17433<\/a><\/li>\n\n\n\n<li>Caels, F., Quaresma, A., Barbeiro, L. F., &amp; Alexandre, M. F. (2023). <a href=\"https:\/\/doi.org\/10.1590\/1678-460X202339457469\" data-type=\"link\" data-id=\"https:\/\/doi.org\/10.1590\/1678-460X202339457469\">Recursos textuais para a constru\u00e7\u00e3o de conhecimento classificativo &#8211; as taxonomias em manuais escolares de Ci\u00eancias Naturais<\/a>. <em>Delta \u2013 Documenta\u00e7\u00e3o de Estudos em Lingu\u00edstica Te\u00f3rica e Aplicada, 39<\/em> (4). <a href=\"https:\/\/doi.org\/10.1590\/1678-460X202339457469\">https:\/\/doi.org\/10.1590\/1678-460X202339457469<\/a><\/li>\n\n\n\n<li>Faquir, O. (2019). <a href=\"https:\/\/periodicos.ufcat.edu.br\/lep\/article\/view\/56551\">A pedagogia baseada no g\u00e9nero textual como proposta para a did\u00e1ctica da escrita em Mo\u00e7ambique<\/a>. <em>Linguagem: Estudos E Pesquisas<\/em>,\u00a0<em>22<\/em>(2). <a href=\"https:\/\/doi.org\/10.5216\/lep.v22i2.56551\" target=\"_blank\" rel=\"noreferrer noopener\">https:\/\/doi.org\/10.5216\/lep.v22i2.56551<\/a><\/li>\n\n\n\n<li>Gouveia, C. A. M. (2009).&nbsp;<a href=\"http:\/\/www.academia.edu\/10209868\/7._2009_._Escrita_e_Ensino_Para_al%C3%A9m_da_Gram%C3%A1tica_com_a_Gram%C3%A1tica._Delta_Documenta%C3%A7%C3%A3o_de_Estudos_em_Lingu%C3%ADstica_Te%C3%B3rica_e_Aplicada_25_N%C3%BAmero_Especial_716-720\" target=\"_blank\" rel=\"noopener\"><mark class=\"has-inline-color has-blue-color\">Escrita e Ensino: Para al\u00e9m da Gram\u00e1tica, com a Gram\u00e1tica.<\/mark><\/a> <em>Delta \u2013 Documenta\u00e7\u00e3o de Estudos em Lingu\u00edstica Te\u00f3rica e Aplicada, 25<\/em> (N\u00famero Especial), 716-720.<\/li>\n\n\n\n<li>Gouveia, C. A. M. (2006).&nbsp;<a rel=\"noopener\" href=\"http:\/\/www.academia.edu\/10209849\/4._2006_._Syllabuses_Textbooks_and_Teaching_Practices_Literacy_and_Language_Teaching_in_Portugal._Veredas_Revista_de_Estudos_Lingu%C3%ADsticos_10_1_and_2_\" target=\"_blank\">Syllabuses, Textbooks and Teaching Practices: Literacy and Language Teaching in Portugal<\/a>. <em>Veredas \u2013 Revista de Estudos Lingu\u00edsticos, 10<\/em> (1&amp;2).<\/li>\n\n\n\n<li>Santos, J. V., &amp; Silva, P. N. (2016). <a rel=\"noreferrer noopener\" href=\"http:\/\/www.mdpi.com\/2304-6775\/4\/2\/12\/html\" target=\"_blank\">Issues with Publishing Abstracts in English: Challenges for Portuguese Linguists\u2019 Authorial Voices<\/a>.<em> Publications4(2)<\/em>,12.  <a href=\"http:\/\/dx.doi.org\/10.3390\/publications4020012\">https:\/\/doi.org\/10.3390\/publications4020012<\/a><\/li>\n\n\n\n<li>Santos, J. V., &amp; Silva, P. N. (2016). <a rel=\"noreferrer noopener\" href=\"http:\/\/sites.ipleiria.pt\/pge\/files\/2021\/03\/Santos-e-Silva-2016-Issues-of-textual-hybridity.pdf\" target=\"_blank\">Issues of textual hybridity in a major academic genre: PhD dissertations vs. research articles<\/a>. <em>Redis: Revista de Estudos do Discurso 5<\/em>, 171-193.<\/li>\n\n\n\n<li>Silva, P. N. (2020). <a rel=\"noreferrer noopener\" href=\"http:\/\/sites.ipleiria.pt\/pge\/files\/2021\/03\/Silva-2020-Redes-cadeias-sistemas-e-reportorios.pdf\" target=\"_blank\">Redes, cadeias, sistemas e report\u00f3rios: sobre as rela\u00e7\u00f5es entre g\u00e9neros<\/a>. <em>Lingu\u00edstica (Revista de Estudos Lingu\u00edsticos da Universidade do Porto)15<\/em>, 95-134.<\/li>\n\n\n\n<li> <span style=\"font-size: inherit\">Silva, P. N. (2016). <\/span><a rel=\"noopener\" style=\"font-size: inherit\" href=\"http:\/\/sites.ipleiria.pt\/pge\/files\/2018\/10\/Paulo-Nunes-da-Silva-G\u00e9nero-conte\u00fados-e-segmenta\u00e7\u00e3o.pdf\" target=\"_blank\">G\u00e9nero, conte\u00fados e segmenta\u00e7\u00e3o: Em busca do plano de texto.<\/a><span style=\"font-size: inherit\">&nbsp;<em>Diacr\u00edtica (S\u00e9rie Ci\u00eancias da Linguagem)&nbsp;30&nbsp;<\/em>(1), 181-221.<\/span> <\/li>\n\n\n\n<li> <span style=\"font-size: inherit\">Silva, P. N. (2013). <\/span><a rel=\"noopener\" style=\"font-size: inherit\" href=\"http:\/\/sites.ipleiria.pt\/pge\/files\/2018\/10\/Paulo-Nunes-da-Silva-Par\u00e2metros-e-marcadores.pdf\" target=\"_blank\">Par\u00e2metros e marcadores do g\u00e9nero &#8216;Disserta\u00e7\u00e3o de mestrado&#8217;: An\u00e1lise de um&nbsp;corpus&nbsp;do portugu\u00eas europeu<\/a><span style=\"font-size: inherit\">.&nbsp;<em>Revista Estudos Lingu\u00edsticos\/Linguistic Studies&nbsp;8,<\/em> 243-261.<\/span><\/li>\n\n\n\n<li> <span style=\"font-size: inherit\">Silva, P. N., &amp; Rosa, R. (2019). <a rel=\"noreferrer noopener\" href=\"http:\/\/sites.ipleiria.pt\/pge\/files\/2021\/03\/Silva-e-Rosa-2019-O-plano-de-texto-do-artigo-cientifico.pdf\" target=\"_blank\">O plano de texto do artigo cient\u00edfico: caracteriza\u00e7\u00e3o e perspectivas did\u00e1ticas<\/a>. <em>DELTA (Documenta\u00e7\u00e3o de Estudos em Ling\u00fc\u00edstica Te\u00f3rica e Aplicada) vol. 35<\/em> (4), 1-38. <\/span><a rel=\"noreferrer noopener\" href=\"http:\/\/dx.doi.org\/10.1590\/1678-460x2019350409\" target=\"_blank\">http:\/\/dx.doi.org\/10.1590\/1678-460&#215;2019350409<\/a> <\/li>\n\n\n\n<li> <span style=\"font-size: inherit\">Silva, P. N., &amp; Santos, J. V. (2015). <a rel=\"noreferrer noopener\" href=\"http:\/\/sites.ipleiria.pt\/pge\/files\/2021\/03\/Silva-e-Santos-2013-Da-introducao-ao-resumo-abstract.pdf\" target=\"_blank\">Da Introdu\u00e7\u00e3o ao Resumo\/Abstract: o surgimento de um g\u00e9nero h\u00edbrido nas atas da Associa\u00e7\u00e3o Portuguesa de Lingu\u00edstica<\/a>. <em>Revista Estudos Lingu\u00edsticos\/Linguistic Studies 10<\/em>, 313-336.<\/span> <\/li>\n\n\n\n<li>Solovova, O., Santos, J. V., &amp; Ver\u00edssimo, J. <span lang=\"EN-GB\">(2018). <a rel=\"noopener\" href=\"http:\/\/sites.ipleiria.pt\/pge\/files\/2021\/02\/publications-06-00025.pdf\" target=\"_blank\">Publish in English or Perish in Portuguese: Struggles and constraints on the semiperiphery<\/a>. <\/span><em>Publications 6,<\/em> 25. <a href=\"https:\/\/doi.org\/10.3390\/publications6020025\">https:\/\/doi.org\/10.3390\/publications6020025<\/a><\/li>\n<\/ul>\n\n\n\n<hr class=\"wp-block-separator has-css-opacity\" \/>\n\n\n\n<figure class=\"wp-block-image\"><img loading=\"lazy\" decoding=\"async\" width=\"941\" height=\"58\" src=\"http:\/\/sites.ipleiria.pt\/pge\/files\/2018\/08\/barra-logotipos-Portal.png\" alt=\"\" class=\"wp-image-902\" srcset=\"https:\/\/sites.ipleiria.pt\/gdip\/files\/2018\/08\/barra-logotipos-Portal.png 941w, https:\/\/sites.ipleiria.pt\/gdip\/files\/2018\/08\/barra-logotipos-Portal-300x18.png 300w, https:\/\/sites.ipleiria.pt\/gdip\/files\/2018\/08\/barra-logotipos-Portal-768x47.png 768w, https:\/\/sites.ipleiria.pt\/gdip\/files\/2018\/08\/barra-logotipos-Portal-624x38.png 624w\" sizes=\"auto, (max-width: 941px) 100vw, 941px\" \/><\/figure>\n\n\n\n<p><\/p>\n","protected":false},"excerpt":{"rendered":"<p>LIVRO CAP\u00cdTULO DE LIVRO ARTIGO EM REVISTA<\/p>\n","protected":false},"author":3099,"featured_media":0,"parent":128,"menu_order":0,"comment_status":"closed","ping_status":"closed","template":"","meta":{"footnotes":""},"class_list":["post-798","page","type-page","status-publish","hentry"],"_links":{"self":[{"href":"https:\/\/sites.ipleiria.pt\/gdip\/wp-json\/wp\/v2\/pages\/798","targetHints":{"allow":["GET"]}}],"collection":[{"href":"https:\/\/sites.ipleiria.pt\/gdip\/wp-json\/wp\/v2\/pages"}],"about":[{"href":"https:\/\/sites.ipleiria.pt\/gdip\/wp-json\/wp\/v2\/types\/page"}],"author":[{"embeddable":true,"href":"https:\/\/sites.ipleiria.pt\/gdip\/wp-json\/wp\/v2\/users\/3099"}],"replies":[{"embeddable":true,"href":"https:\/\/sites.ipleiria.pt\/gdip\/wp-json\/wp\/v2\/comments?post=798"}],"version-history":[{"count":131,"href":"https:\/\/sites.ipleiria.pt\/gdip\/wp-json\/wp\/v2\/pages\/798\/revisions"}],"predecessor-version":[{"id":2309,"href":"https:\/\/sites.ipleiria.pt\/gdip\/wp-json\/wp\/v2\/pages\/798\/revisions\/2309"}],"up":[{"embeddable":true,"href":"https:\/\/sites.ipleiria.pt\/gdip\/wp-json\/wp\/v2\/pages\/128"}],"wp:attachment":[{"href":"https:\/\/sites.ipleiria.pt\/gdip\/wp-json\/wp\/v2\/media?parent=798"}],"curies":[{"name":"wp","href":"https:\/\/api.w.org\/{rel}","templated":true}]}}