{"id":1994,"date":"2021-04-29T10:19:16","date_gmt":"2021-04-29T10:19:16","guid":{"rendered":"https:\/\/icowefs2021.sites.ipleiria.pt\/?page_id=1994"},"modified":"2022-08-01T09:13:18","modified_gmt":"2022-08-01T09:13:18","slug":"12-mai-2021","status":"publish","type":"page","link":"https:\/\/sites.ipleiria.pt\/icowefs2021\/12-mai-2021\/","title":{"rendered":"12 Mai 2021"},"content":{"rendered":"\n<h2 class=\"has-text-align-center wp-block-heading\">Wednesday, 12 May 2021<\/h2>\n\n\n\n<div class=\"wp-block-image\"><figure class=\"aligncenter size-large\"><img decoding=\"async\" width=\"144\" height=\"6\" src=\"http:\/\/icowefs2021.sites.ipleiria.pt\/files\/2020\/05\/linha.png\" alt=\"\" class=\"wp-image-647\"\/><\/figure><\/div>\n\n\n\n<div style=\"height:50px\" aria-hidden=\"true\" class=\"wp-block-spacer\"><\/div>\n\n\n\n<h3 class=\"wp-block-heading\"><strong>Main Room<\/strong><\/h3>\n\n\n\n<figure class=\"wp-block-table is-style-stripes\"><table><tbody><tr><td>9:30 AM*<\/td><td>Keynote #6 &#8211; Ana L. Pires<br>MARE \/ FCT NOVA University of Lisbon, Portugal<br>\u201cEco-design and Sustainable Packaging: Challenges, Trends and Perspectives in the Food Sector\u201d<br>Session chair: Jo\u00e3o Galv\u00e3o<\/td><\/tr><tr><td>10:15 AM<\/td><td>Coffee-break<\/td><\/tr><tr><td>* Lisbon time<\/td><td><\/td><\/tr><\/tbody><\/table><\/figure>\n\n\n\n<div style=\"height:30px\" aria-hidden=\"true\" class=\"wp-block-spacer\"><\/div>\n\n\n\n<h3 class=\"wp-block-heading\"><strong>Paralel Sessions . 10:30 AM &#8211; 12:15 PM<\/strong><\/h3>\n\n\n\n<h4 class=\"wp-block-heading\"><strong>Room #1 . Agrifood<\/strong><\/h4>\n\n\n\n<figure class=\"wp-block-table is-style-regular\"><table><thead><tr><th><\/th><th>Paper#<\/th><th>Agrifood<br><strong>Session chair<\/strong>: C\u00e1tia Pontes<\/th><\/tr><\/thead><tbody><tr><td>1<\/td><td>10<\/td><td><strong>A technological workflow for Ca enrichment in Rocha pears: Implication in quality<\/strong><br>Cl\u00e1udia Campos Pessoa, Ana Rita F. Coelho, In\u00eas Carmo Lu\u00eds, Ana Coelho Marques, Diana Daccak, Manuela Sim\u00f5es, Fernando Reboredo, Maria Manuela Silva, Maria Fernanda Pessoa, Carlos Galhano, Paula Scotti Campos, Isabel Pais, Jos\u00e9 C. Ramalho &amp; Fernando C. Lidon<\/td><\/tr><tr><td>2<\/td><td>122<\/td><td><strong>A deep learning-based fruit quality assessment system<\/strong><br>Harini S., Parijat Deshpande, Jayita Dutta &amp; Beena Rai<\/td><\/tr><tr><td>3<\/td><td>44<\/td><td><strong>Storage procedures influence the antioxidant capacity of bee pollen<\/strong><br>Telma Orvalho, Daniela C. Vaz, V\u00e2nia Ribeiro &amp; Maria Jorge Campos<\/td><\/tr><tr><td>4<\/td><td>48<\/td><td><strong>Antioxidant capacity evaluation of porphyran extracted from Porphyra dioica: incorporation in films for food packaging<\/strong><br>Marco Teles, Pedro Ad\u00e3o, Raul Bernardino, Cl\u00e9lia Afonso &amp; Susana Bernardino<\/td><\/tr><\/tbody><\/table><\/figure>\n\n\n\n<h4 class=\"wp-block-heading\"><strong>Room #3 . Water<\/strong><\/h4>\n\n\n\n<figure class=\"wp-block-table is-style-regular\"><table><thead><tr><th><\/th><th>Paper#<\/th><th>Water<br><strong> Session chair:<\/strong> Alfeu S\u00e1 Marques<\/th><\/tr><\/thead><tbody><tr><td>1<\/td><td>124<\/td><td><strong>Comparison of reconstruction methods for water supply systems flow rate time series<\/strong><br>Carlos Ascens\u00e3o, Bruno Ferreira, Raquel Barreira &amp; Nelson Carri\u00e7o<\/td><\/tr><tr><td>2<\/td><td>13<\/td><td><strong>Sustainable Water Package: Technical Analysis versus Consumer Perception<\/strong><br>Henrique Almeida, Liliana Vitorino &amp; Raquel Antunes<\/td><\/tr><tr><td>3<\/td><td>72<\/td><td><strong>Water use and its perception in the hotel industry in the Iberian Peninsula<\/strong><br>Elena Terradillos &amp; Aldina Soares<\/td><\/tr><tr><td>4<\/td><td>10<\/td><td><strong>Evaluation of the sediment rate of the water reservoir of a hydroelectric plant using the 210Pb dating technique: Case study of the Vig\u00e1rio reservoir, Pira\u00ed, RJ\/Brazil<\/strong><br>C.D. Vieira, J.M. Godoy, M.N. Frota, L.Q. Viana, C.A.S. Farias &amp; D.F.C Oliveira<\/td><\/tr><tr><td>5<\/td><td>12<\/td><td><strong>Interrelations between soil erosion conditioning factors in basins of Ecuador: Contributions to the spatial model construction<\/strong><br>Daniel Delgado, Mahrez Sadaoui, Henry Pacheco, Williams M\u00e9ndez &amp; Wolfgang Ludwig<\/td><\/tr><\/tbody><\/table><\/figure>\n\n\n\n<h4 class=\"wp-block-heading\"><strong>Room #4 . Sustainability<\/strong><\/h4>\n\n\n\n<figure class=\"wp-block-table is-style-regular\"><table><thead><tr><th><\/th><th>Paper#<\/th><th>Sustainability<br><strong>Session chair: <\/strong>Helena B\u00e1rtolo<\/th><\/tr><\/thead><tbody><tr><td>1<\/td><td>20<\/td><td><strong>An Overview of Green Roofs in Urban Areas: Impact on Buildings and Food-Energy-Water Nexus<\/strong><br>Ricardo Gomes, Jo\u00e3o Galv\u00e3o, Pedro Gala, Lu\u00eds Prola &amp; V\u00e2nia Ribeiro<\/td><\/tr><tr><td>2<\/td><td>109<\/td><td><strong>How Smart is Green? Sustainable and Intelligent Mobility Solutions for Transporting People and Goods<\/strong><br>Filipe Ferreira, Miguel Ribeiro, Lu\u00eds Serrano, Marcelo Gaspar &amp; Jorge Juli\u00e3o<\/td><\/tr><tr><td>3<\/td><td>39<\/td><td><strong>Climate governance and sustainable development: a sight to the intermediate and border cities of Ecuador<\/strong><br>Vanessa Karina Duque-Rengel, Marco Heredia, Ketty Daniela Calva-Cabrera, Bolier Torres &amp; Theofilos Toulkeridis<\/td><\/tr><tr><td>4<\/td><td>92<\/td><td><strong>Climate Change and Culicidae Vectors &#8211; A systematic review of the evolution on Southern European countries<\/strong><br>Susana Paixao, Ana Ferreira, Paulo Figueiredo &amp; In\u00eas Ferreira<\/td><\/tr><tr><td>5<\/td><td>127<\/td><td><strong>Life Cycle Analysis and Sociocultural Impact for a Sustainable Nexus Design<\/strong><br>Mahamat Habib Bechir, Mannelli, A. &amp; L\u00f3pez Ag\u00fcera A.2<\/td><\/tr><\/tbody><\/table><\/figure>\n\n\n\n<h3 class=\"wp-block-heading\"><strong>Main Room<\/strong><\/h3>\n\n\n\n<figure class=\"wp-block-table is-style-stripes\"><table><tbody><tr><td>12:15 PM<\/td><td>Keynote #7 &#8211; Remco Kranendonk<br>Wageningen University and Research, The Netherlands<br>\u201cRegional Bio-economy: from conceptual frameworks to management approach\u201d<br>Session chair: Jo\u00e3o Galv\u00e3o<\/td><\/tr><tr><td>1:00 PM<\/td><td>Lunch break<\/td><\/tr><\/tbody><\/table><\/figure>\n\n\n\n<div style=\"height:30px\" aria-hidden=\"true\" class=\"wp-block-spacer\"><\/div>\n\n\n\n<h3 class=\"wp-block-heading\"><strong>Paralel Sessions . 2:00 PM &#8211; 3:45 PM<\/strong><\/h3>\n\n\n\n<h4 class=\"wp-block-heading\"><strong>Room #1 . Agrifood<\/strong><\/h4>\n\n\n\n<figure class=\"wp-block-table is-style-regular\"><table><thead><tr><th><\/th><th>Paper#<\/th><th>Agrifood<br><strong>Session chair<\/strong>: Ana Rodrigues<\/th><\/tr><\/thead><tbody><tr><td>1<\/td><td>65<\/td><td><strong>Sustainable use of seaweeds from S. Martinho do Porto, Portugal \u2013 past, present, and future perspective<\/strong><br>M\u00e1rio Cavaco, Adriana Duarte, Susana Bernardino, Cl\u00e9lia Afonso &amp; Teresa Mouga<\/td><\/tr><tr><td>2<\/td><td>67<\/td><td><strong>Biochemical composition of six native seaweeds from Buarcos Bay, Central West Coast of Portugal<\/strong><br>Ana Marta Mendes Gon\u00e7alves, Sara Garc\u00eda-Poza, Jo\u00e3o Cotas, Jo\u00e3o Carlos Marques &amp; Leonel Pereira<\/td><\/tr><tr><td>3<\/td><td>49<\/td><td><strong>Sustainable treatments for wastewater deriving from the coffee processing<\/strong><br>Subramanian Shanthakumar &amp; Fulvia Chiampo<\/td><\/tr><tr><td>4<\/td><td>106<\/td><td><strong>Integrated treatment of pig production wastewaters using pre-treatment with biomass ash and bioremediation by microalgae<\/strong><br>Catarina Viegas &amp; Margarida Gon\u00e7alves<\/td><\/tr><tr><td>5<\/td><td>14<\/td><td><strong>Current and Future Trends of 3D Food Printing<\/strong><br>Henrique Almeida, Joel Vasco &amp; V\u00e2nia Ribeiro<\/td><\/tr><\/tbody><\/table><\/figure>\n\n\n\n<h4 class=\"wp-block-heading\"><strong>Room #3 . Water<\/strong><\/h4>\n\n\n\n<figure class=\"wp-block-table is-style-regular\"><table><thead><tr><th><\/th><th>Paper#<\/th><th>Water<br><strong>Session chair<\/strong>: Nuno Sim\u00f5es<\/th><\/tr><\/thead><tbody><tr><td>1<\/td><td>8<\/td><td><strong>Mobilization towards an integrated research network for studying runoff, sediment transport and climate of the Paraiba do Sul basin<\/strong><br>M.N. Frota, G.B. Fran\u00e7a, E.P. Souza, J.M. Godoy, A.A.M. Araujo &amp; L.Q. Viana<\/td><\/tr><tr><td>2<\/td><td>68<\/td><td><strong>Development of a reactor in a continuous system using advanced oxidation processes to reduce chemical oxygen demand in industrial effluent<\/strong><br>Cassiano Ricardo Brandt, Daniel Kuhn, Ytan Andreine Schweizer, Sabrina Grando Cordeiro, Ani Caroline Weber, Gabriela Vettorello, Bruna Costa, Let\u00edcia Hoehne, Elisete Maria de Freitas Eduardo Miranda Ethur &amp; Luc\u00e9lia Hoehne<\/td><\/tr><tr><td>3<\/td><td>32<\/td><td><strong>The technology of reagent sewage treatment of industrial enterprises<\/strong><br>Yevgen Zbikovskyy, Oksana Turchanina &amp; Iryna Shvets<\/td><\/tr><tr><td>4<\/td><td>120<\/td><td><strong>Ecotoxicity of plastic in the marine environment &#8211; contributions to an environmental impact model<\/strong><br>Iasmin Godinho, Lizete Heleno &amp; Nelson Oliveira<\/td><\/tr><tr><td>5<\/td><td>51<\/td><td><strong>Water saving challenges in a gravity-flow irrigation district. The action of Lis Valley Water Management Operational Group (EIP-AGRI), Portugal<\/strong><br>Jos\u00e9 M. Gon\u00e7alves, Manuel Nunes, Susana Ferreira, Rui Eug\u00e9nio, Henrique Dam\u00e1sio, Margarida Teixeira, Paula Amador, Olga Filipe, Isabel Maria Duarte, Rosinda Pato, Helena Marques, Teresa Vasconcelos &amp; Madalena Gon\u00e7alves<\/td><\/tr><\/tbody><\/table><\/figure>\n\n\n\n<h4 class=\"wp-block-heading\"><strong>Room #4 . Sustainability<\/strong><\/h4>\n\n\n\n<figure class=\"wp-block-table is-style-regular\"><table><thead><tr><th><\/th><th>Paper#<\/th><th>Sustainability<br><strong>Session chair: <\/strong>Ana pires<\/th><\/tr><\/thead><tbody><tr><td>1<\/td><td>56<\/td><td><strong>Researching on Sustainable Urban Qualification Scenarios<\/strong><br>Pedro Bento &amp; Margarida Louro<\/td><\/tr><tr><td>2<\/td><td>16<\/td><td><strong>Energy-Water-Food Nexus: The Case of the Sahel Region<\/strong><br>Moses S Bass, Lopez-Ag\u00fcera, A. &amp; M\u00edguez Farina Ant\u00eda<\/td><\/tr><tr><td>3<\/td><td>134<\/td><td><strong>Industry 4.0 for Sustainable Production in Footwear Industry<\/strong><br>Tatjana Spahiu, Henrique Almeida, Athanasios Manavis, Panagiotis Kyratsis &amp; Antonio Jimeno-Morenilla<\/td><\/tr><tr><td>4<\/td><td>132<\/td><td><strong>Sustainable Materials for Additive Manufacturing: Earth-Based Concrete<\/strong><br>Ye\u015fim Tarhan, \u0130smail Hakk\u0131 Tarhan, Fl\u00e1vio Craveiro &amp; Helena B\u00e1rtolo<\/td><\/tr><tr><td>5<\/td><td>133<\/td><td><strong>A review on the application of Palm Oil Fuel Ash in concrete as a cementitious material for construction<\/strong><br>Arpan Joshi, Fl\u00e1vio Craveiro &amp; Helena B\u00e1rtolo<\/td><\/tr><\/tbody><\/table><\/figure>\n\n\n\n<h3 class=\"wp-block-heading\"><strong>Main Room<\/strong><\/h3>\n\n\n\n<figure class=\"wp-block-table is-style-stripes\"><table><tbody><tr><td>3:45 PM<\/td><td>Coffee-break<\/td><\/tr><tr><td>4:00 PM<\/td><td>Closing ceremony<\/td><\/tr><\/tbody><\/table><\/figure>\n","protected":false},"excerpt":{"rendered":"<p>Wednesday, 12 May 2021 Main Room 9:30 AM* Keynote #6 &#8211; Ana L. PiresMARE \/ FCT NOVA University of Lisbon, Portugal\u201cEco-design and Sustainable Packaging: Challenges, Trends and Perspectives in the Food Sector\u201dSession chair: Jo\u00e3o Galv\u00e3o 10:15 AM Coffee-break * Lisbon time Paralel Sessions . 10:30 AM &#8211; 12:15 PM Room #1 . Agrifood Paper# AgrifoodSession [&hellip;]<\/p>\n","protected":false},"author":4,"featured_media":0,"parent":0,"menu_order":0,"comment_status":"closed","ping_status":"closed","template":"","meta":{"_monsterinsights_skip_tracking":false,"_monsterinsights_sitenote_active":false,"_monsterinsights_sitenote_note":"","_monsterinsights_sitenote_category":0,"footnotes":""},"class_list":["post-1994","page","type-page","status-publish","hentry"],"_links":{"self":[{"href":"https:\/\/sites.ipleiria.pt\/icowefs2021\/wp-json\/wp\/v2\/pages\/1994","targetHints":{"allow":["GET"]}}],"collection":[{"href":"https:\/\/sites.ipleiria.pt\/icowefs2021\/wp-json\/wp\/v2\/pages"}],"about":[{"href":"https:\/\/sites.ipleiria.pt\/icowefs2021\/wp-json\/wp\/v2\/types\/page"}],"author":[{"embeddable":true,"href":"https:\/\/sites.ipleiria.pt\/icowefs2021\/wp-json\/wp\/v2\/users\/4"}],"replies":[{"embeddable":true,"href":"https:\/\/sites.ipleiria.pt\/icowefs2021\/wp-json\/wp\/v2\/comments?post=1994"}],"version-history":[{"count":26,"href":"https:\/\/sites.ipleiria.pt\/icowefs2021\/wp-json\/wp\/v2\/pages\/1994\/revisions"}],"predecessor-version":[{"id":2415,"href":"https:\/\/sites.ipleiria.pt\/icowefs2021\/wp-json\/wp\/v2\/pages\/1994\/revisions\/2415"}],"wp:attachment":[{"href":"https:\/\/sites.ipleiria.pt\/icowefs2021\/wp-json\/wp\/v2\/media?parent=1994"}],"curies":[{"name":"wp","href":"https:\/\/api.w.org\/{rel}","templated":true}]}}

<h2 class="has-text-align-center wp-block-heading">Wednesday, 12 May 2021</h2>



<div class="wp-block-image"><figure class="aligncenter size-large"><img decoding="async" width="144" height="6" src="http://icowefs2021.sites.ipleiria.pt/files/2020/05/linha.png" alt="" class="wp-image-647"/></figure></div>



<div style="height:50px" aria-hidden="true" class="wp-block-spacer"></div>



<h3 class="wp-block-heading"><strong>Main Room</strong></h3>



<figure class="wp-block-table is-style-stripes"><table><tbody><tr><td>9:30 AM*</td><td>Keynote #6 &#8211; Ana L. Pires<br>MARE / FCT NOVA University of Lisbon, Portugal<br>“Eco-design and Sustainable Packaging: Challenges, Trends and Perspectives in the Food Sector”<br>Session chair: João Galvão</td></tr><tr><td>10:15 AM</td><td>Coffee-break</td></tr><tr><td>* Lisbon time</td><td></td></tr></tbody></table></figure>



<div style="height:30px" aria-hidden="true" class="wp-block-spacer"></div>



<h3 class="wp-block-heading"><strong>Paralel Sessions . 10:30 AM &#8211; 12:15 PM</strong></h3>



<h4 class="wp-block-heading"><strong>Room #1 . Agrifood</strong></h4>



<figure class="wp-block-table is-style-regular"><table><thead><tr><th></th><th>Paper#</th><th>Agrifood<br><strong>Session chair</strong>: Cátia Pontes</th></tr></thead><tbody><tr><td>1</td><td>10</td><td><strong>A technological workflow for Ca enrichment in Rocha pears: Implication in quality</strong><br>Cláudia Campos Pessoa, Ana Rita F. Coelho, Inês Carmo Luís, Ana Coelho Marques, Diana Daccak, Manuela Simões, Fernando Reboredo, Maria Manuela Silva, Maria Fernanda Pessoa, Carlos Galhano, Paula Scotti Campos, Isabel Pais, José C. Ramalho &amp; Fernando C. Lidon</td></tr><tr><td>2</td><td>122</td><td><strong>A deep learning-based fruit quality assessment system</strong><br>Harini S., Parijat Deshpande, Jayita Dutta &amp; Beena Rai</td></tr><tr><td>3</td><td>44</td><td><strong>Storage procedures influence the antioxidant capacity of bee pollen</strong><br>Telma Orvalho, Daniela C. Vaz, Vânia Ribeiro &amp; Maria Jorge Campos</td></tr><tr><td>4</td><td>48</td><td><strong>Antioxidant capacity evaluation of porphyran extracted from Porphyra dioica: incorporation in films for food packaging</strong><br>Marco Teles, Pedro Adão, Raul Bernardino, Clélia Afonso &amp; Susana Bernardino</td></tr></tbody></table></figure>



<h4 class="wp-block-heading"><strong>Room #3 . Water</strong></h4>



<figure class="wp-block-table is-style-regular"><table><thead><tr><th></th><th>Paper#</th><th>Water<br><strong> Session chair:</strong> Alfeu Sá Marques</th></tr></thead><tbody><tr><td>1</td><td>124</td><td><strong>Comparison of reconstruction methods for water supply systems flow rate time series</strong><br>Carlos Ascensão, Bruno Ferreira, Raquel Barreira &amp; Nelson Carriço</td></tr><tr><td>2</td><td>13</td><td><strong>Sustainable Water Package: Technical Analysis versus Consumer Perception</strong><br>Henrique Almeida, Liliana Vitorino &amp; Raquel Antunes</td></tr><tr><td>3</td><td>72</td><td><strong>Water use and its perception in the hotel industry in the Iberian Peninsula</strong><br>Elena Terradillos &amp; Aldina Soares</td></tr><tr><td>4</td><td>10</td><td><strong>Evaluation of the sediment rate of the water reservoir of a hydroelectric plant using the 210Pb dating technique: Case study of the Vigário reservoir, Piraí, RJ/Brazil</strong><br>C.D. Vieira, J.M. Godoy, M.N. Frota, L.Q. Viana, C.A.S. Farias &amp; D.F.C Oliveira</td></tr><tr><td>5</td><td>12</td><td><strong>Interrelations between soil erosion conditioning factors in basins of Ecuador: Contributions to the spatial model construction</strong><br>Daniel Delgado, Mahrez Sadaoui, Henry Pacheco, Williams Méndez &amp; Wolfgang Ludwig</td></tr></tbody></table></figure>



<h4 class="wp-block-heading"><strong>Room #4 . Sustainability</strong></h4>



<figure class="wp-block-table is-style-regular"><table><thead><tr><th></th><th>Paper#</th><th>Sustainability<br><strong>Session chair: </strong>Helena Bártolo</th></tr></thead><tbody><tr><td>1</td><td>20</td><td><strong>An Overview of Green Roofs in Urban Areas: Impact on Buildings and Food-Energy-Water Nexus</strong><br>Ricardo Gomes, João Galvão, Pedro Gala, Luís Prola &amp; Vânia Ribeiro</td></tr><tr><td>2</td><td>109</td><td><strong>How Smart is Green? Sustainable and Intelligent Mobility Solutions for Transporting People and Goods</strong><br>Filipe Ferreira, Miguel Ribeiro, Luís Serrano, Marcelo Gaspar &amp; Jorge Julião</td></tr><tr><td>3</td><td>39</td><td><strong>Climate governance and sustainable development: a sight to the intermediate and border cities of Ecuador</strong><br>Vanessa Karina Duque-Rengel, Marco Heredia, Ketty Daniela Calva-Cabrera, Bolier Torres &amp; Theofilos Toulkeridis</td></tr><tr><td>4</td><td>92</td><td><strong>Climate Change and Culicidae Vectors &#8211; A systematic review of the evolution on Southern European countries</strong><br>Susana Paixao, Ana Ferreira, Paulo Figueiredo &amp; Inês Ferreira</td></tr><tr><td>5</td><td>127</td><td><strong>Life Cycle Analysis and Sociocultural Impact for a Sustainable Nexus Design</strong><br>Mahamat Habib Bechir, Mannelli, A. &amp; López Agüera A.2</td></tr></tbody></table></figure>



<h3 class="wp-block-heading"><strong>Main Room</strong></h3>



<figure class="wp-block-table is-style-stripes"><table><tbody><tr><td>12:15 PM</td><td>Keynote #7 &#8211; Remco Kranendonk<br>Wageningen University and Research, The Netherlands<br>“Regional Bio-economy: from conceptual frameworks to management approach”<br>Session chair: João Galvão</td></tr><tr><td>1:00 PM</td><td>Lunch break</td></tr></tbody></table></figure>



<div style="height:30px" aria-hidden="true" class="wp-block-spacer"></div>



<h3 class="wp-block-heading"><strong>Paralel Sessions . 2:00 PM &#8211; 3:45 PM</strong></h3>



<h4 class="wp-block-heading"><strong>Room #1 . Agrifood</strong></h4>



<figure class="wp-block-table is-style-regular"><table><thead><tr><th></th><th>Paper#</th><th>Agrifood<br><strong>Session chair</strong>: Ana Rodrigues</th></tr></thead><tbody><tr><td>1</td><td>65</td><td><strong>Sustainable use of seaweeds from S. Martinho do Porto, Portugal – past, present, and future perspective</strong><br>Mário Cavaco, Adriana Duarte, Susana Bernardino, Clélia Afonso &amp; Teresa Mouga</td></tr><tr><td>2</td><td>67</td><td><strong>Biochemical composition of six native seaweeds from Buarcos Bay, Central West Coast of Portugal</strong><br>Ana Marta Mendes Gonçalves, Sara García-Poza, João Cotas, João Carlos Marques &amp; Leonel Pereira</td></tr><tr><td>3</td><td>49</td><td><strong>Sustainable treatments for wastewater deriving from the coffee processing</strong><br>Subramanian Shanthakumar &amp; Fulvia Chiampo</td></tr><tr><td>4</td><td>106</td><td><strong>Integrated treatment of pig production wastewaters using pre-treatment with biomass ash and bioremediation by microalgae</strong><br>Catarina Viegas &amp; Margarida Gonçalves</td></tr><tr><td>5</td><td>14</td><td><strong>Current and Future Trends of 3D Food Printing</strong><br>Henrique Almeida, Joel Vasco &amp; Vânia Ribeiro</td></tr></tbody></table></figure>



<h4 class="wp-block-heading"><strong>Room #3 . Water</strong></h4>



<figure class="wp-block-table is-style-regular"><table><thead><tr><th></th><th>Paper#</th><th>Water<br><strong>Session chair</strong>: Nuno Simões</th></tr></thead><tbody><tr><td>1</td><td>8</td><td><strong>Mobilization towards an integrated research network for studying runoff, sediment transport and climate of the Paraiba do Sul basin</strong><br>M.N. Frota, G.B. França, E.P. Souza, J.M. Godoy, A.A.M. Araujo &amp; L.Q. Viana</td></tr><tr><td>2</td><td>68</td><td><strong>Development of a reactor in a continuous system using advanced oxidation processes to reduce chemical oxygen demand in industrial effluent</strong><br>Cassiano Ricardo Brandt, Daniel Kuhn, Ytan Andreine Schweizer, Sabrina Grando Cordeiro, Ani Caroline Weber, Gabriela Vettorello, Bruna Costa, Letícia Hoehne, Elisete Maria de Freitas Eduardo Miranda Ethur &amp; Lucélia Hoehne</td></tr><tr><td>3</td><td>32</td><td><strong>The technology of reagent sewage treatment of industrial enterprises</strong><br>Yevgen Zbikovskyy, Oksana Turchanina &amp; Iryna Shvets</td></tr><tr><td>4</td><td>120</td><td><strong>Ecotoxicity of plastic in the marine environment &#8211; contributions to an environmental impact model</strong><br>Iasmin Godinho, Lizete Heleno &amp; Nelson Oliveira</td></tr><tr><td>5</td><td>51</td><td><strong>Water saving challenges in a gravity-flow irrigation district. The action of Lis Valley Water Management Operational Group (EIP-AGRI), Portugal</strong><br>José M. Gonçalves, Manuel Nunes, Susana Ferreira, Rui Eugénio, Henrique Damásio, Margarida Teixeira, Paula Amador, Olga Filipe, Isabel Maria Duarte, Rosinda Pato, Helena Marques, Teresa Vasconcelos &amp; Madalena Gonçalves</td></tr></tbody></table></figure>



<h4 class="wp-block-heading"><strong>Room #4 . Sustainability</strong></h4>



<figure class="wp-block-table is-style-regular"><table><thead><tr><th></th><th>Paper#</th><th>Sustainability<br><strong>Session chair: </strong>Ana pires</th></tr></thead><tbody><tr><td>1</td><td>56</td><td><strong>Researching on Sustainable Urban Qualification Scenarios</strong><br>Pedro Bento &amp; Margarida Louro</td></tr><tr><td>2</td><td>16</td><td><strong>Energy-Water-Food Nexus: The Case of the Sahel Region</strong><br>Moses S Bass, Lopez-Agüera, A. &amp; Míguez Farina Antía</td></tr><tr><td>3</td><td>134</td><td><strong>Industry 4.0 for Sustainable Production in Footwear Industry</strong><br>Tatjana Spahiu, Henrique Almeida, Athanasios Manavis, Panagiotis Kyratsis &amp; Antonio Jimeno-Morenilla</td></tr><tr><td>4</td><td>132</td><td><strong>Sustainable Materials for Additive Manufacturing: Earth-Based Concrete</strong><br>Yeşim Tarhan, İsmail Hakkı Tarhan, Flávio Craveiro &amp; Helena Bártolo</td></tr><tr><td>5</td><td>133</td><td><strong>A review on the application of Palm Oil Fuel Ash in concrete as a cementitious material for construction</strong><br>Arpan Joshi, Flávio Craveiro &amp; Helena Bártolo</td></tr></tbody></table></figure>



<h3 class="wp-block-heading"><strong>Main Room</strong></h3>



<figure class="wp-block-table is-style-stripes"><table><tbody><tr><td>3:45 PM</td><td>Coffee-break</td></tr><tr><td>4:00 PM</td><td>Closing ceremony</td></tr></tbody></table></figure>

<p>Wednesday, 12 May 2021 Main Room 9:30 AM* Keynote #6 &#8211; Ana L. PiresMARE / FCT NOVA University of Lisbon, Portugal“Eco-design and Sustainable Packaging: Challenges, Trends and Perspectives in the Food Sector”Session chair: João Galvão 10:15 AM Coffee-break * Lisbon time Paralel Sessions . 10:30 AM &#8211; 12:15 PM Room #1 . Agrifood Paper# AgrifoodSession [&hellip;]</p>
