{"id":48,"date":"2020-04-21T10:09:00","date_gmt":"2020-04-21T10:09:00","guid":{"rendered":"http:\/\/icowefs2023.sites.ipleiria.pt\/?page_id=48"},"modified":"2024-08-16T11:08:35","modified_gmt":"2024-08-16T11:08:35","slug":"about-the-city","status":"publish","type":"page","link":"https:\/\/sites.ipleiria.pt\/icowefs2023\/about-the-city\/","title":{"rendered":"About the city"},"content":{"rendered":"\n<div style=\"height:40px\" aria-hidden=\"true\" class=\"wp-block-spacer\"><\/div>\n\n\n\n<div style=\"height:40px\" aria-hidden=\"true\" class=\"wp-block-spacer\"><\/div>\n\n\n\n<h2 class=\"has-text-align-center wp-block-heading\">Venue and Accommodation<\/h2>\n\n\n\n<div style=\"height:50px\" aria-hidden=\"true\" class=\"wp-block-spacer\"><\/div>\n\n\n\n<div class=\"wp-block-columns is-layout-flex wp-container-core-columns-is-layout-1 wp-block-columns-is-layout-flex\">\n<div class=\"wp-block-column is-layout-flow wp-block-column-is-layout-flow\">\n<h3 class=\"has-text-align-left wp-block-heading\">About Leiria<\/h3>\n\n\n\n<p>Leiria is located in the Centro Region and sub region of Pinhal Litoral, about halfway between Lisbon and Porto. The distance to Lisbon is 137 kilometres (85 miles), to Coimbra 70 kilometres (43 miles) and to Porto 177 kilometres (110 miles). The historic city centre spreads between the castle hill and the river Lis.<\/p>\n\n\n\n<p>Leiria is also included in the Regi\u00e3o de Leiria. As the main city in this community, the area of influence of Leiria spreads over the cities of Marinha Grande, Our\u00e9m, F\u00e1tima, Pombal as well the municipalities\/town seats of Batalha and Porto de M\u00f3s located nearby.<\/p>\n\n\n\n<p>May is still a great time to visit Centre of Portugal. The temperature is quite mild and is the most flowery season of the year, which is very pleasant for walks and hikes outdoors. You can enjoy the delicious food, taste the great wines, visit the religious area of Fatima, the area of Big Waves in Nazar\u00e9, the highest mountain range in Continental Portugal and make a pleasant visit to a splendid region with a great heritage buildings and History.<\/p>\n\n\n\n<p>Due to the pandemic context, the conference will be held in a mix modality: in-person and on-line. Please feel free to choose what is more advantageous for you, when registering <a href=\"https:\/\/icowefs2023.sites.ipleiria.pt\/registration\/\">here<\/a>.<\/p>\n<\/div>\n\n\n\n<div class=\"wp-block-column is-layout-flow wp-block-column-is-layout-flow\">\n<figure class=\"wp-block-image size-large\"><img fetchpriority=\"high\" decoding=\"async\" width=\"1024\" height=\"1024\" src=\"https:\/\/icowefs2023.sites.ipleiria.pt\/files\/2020\/04\/MG_5566-1024x1024.jpg\" alt=\"\" class=\"wp-image-385\" srcset=\"https:\/\/sites.ipleiria.pt\/icowefs2023\/files\/2020\/04\/MG_5566-1024x1024.jpg 1024w, https:\/\/sites.ipleiria.pt\/icowefs2023\/files\/2020\/04\/MG_5566-300x300.jpg 300w, https:\/\/sites.ipleiria.pt\/icowefs2023\/files\/2020\/04\/MG_5566-150x150.jpg 150w, https:\/\/sites.ipleiria.pt\/icowefs2023\/files\/2020\/04\/MG_5566-768x768.jpg 768w\" sizes=\"(max-width: 1024px) 100vw, 1024px\" \/><\/figure>\n<\/div>\n<\/div>\n\n\n\n<div style=\"height:30px\" aria-hidden=\"true\" class=\"wp-block-spacer\"><\/div>\n\n\n\n<hr class=\"wp-block-separator is-style-default\" \/>\n\n\n\n<div style=\"height:50px\" aria-hidden=\"true\" class=\"wp-block-spacer\"><\/div>\n\n\n\n<h3 class=\"wp-block-heading\">How to get Leiria<\/h3>\n\n\n\n<p>Here you can find our suggestions to get Leiria.<\/p>\n\n\n\n<div class=\"wp-block-columns is-layout-flex wp-container-core-columns-is-layout-2 wp-block-columns-is-layout-flex\">\n<div class=\"wp-block-column is-layout-flow wp-block-column-is-layout-flow\">\n<h4 class=\"wp-block-heading\">From Lisbon Airport?<\/h4>\n\n\n\n<p>You may catch the metro subway at Lisbon Airport and go to Oriente railway and bus station or Sete Rios bus station (must to change line once). Either in Oriente or Sete Rios, <strong>take the bus<\/strong> (Express lines) to Leiria. <\/p>\n\n\n\n<p>See the city map of<a rel=\"noreferrer noopener\" href=\"http:\/\/icowefs2023.sites.ipleiria.pt\/files\/2020\/04\/MapaCidadeMetroLisboa.pdf\" target=\"_blank\"> Lisbon here<\/a>.<br>Check the <a rel=\"noreferrer noopener\" href=\"https:\/\/www.rede-expressos.pt\/en\/tickets\" target=\"_blank\">bus tickets here<\/a>.<\/p>\n\n\n\n<p>If you are coming by car, configure the GPS to take the Highway A8 straight to Leiria. Along the way you can make a pause in <a href=\"https:\/\/www.cm-tvedras.pt\/#\">Torres Vedras<\/a> city, <a href=\"https:\/\/www.cm-obidos.pt\/\">\u00d3bidos<\/a> city, and visit their beatiful monuments or, taste their fine food and exquisite desserts or, simply, go for a walk in their antique squares and fortresses.<\/p>\n<\/div>\n\n\n\n<div class=\"wp-block-column is-layout-flow wp-block-column-is-layout-flow\">\n<h4 class=\"wp-block-heading\">From Oporto Airport?<\/h4>\n\n\n\n<p>You may catch the metro subway at Porto Airport and Campo 24 de Agosto to pick an express bus to Leiria.<\/p>\n\n\n\n<p><br>See the city map of <a rel=\"noreferrer noopener\" href=\"http:\/\/icowefs2023.sites.ipleiria.pt\/files\/2020\/04\/MAPA_REDE_PORTO.pdf\" target=\"_blank\">Oporto here<\/a>.<br>Check the <a rel=\"noreferrer noopener\" href=\"https:\/\/www.rede-expressos.pt\/en\/tickets\" target=\"_blank\">bus tickets here<\/a>.<\/p>\n\n\n\n<p>If you are coming by car, configure the GPS to take the Highway A1 to Leiria. You may take the A25 and make a pause in <a href=\"https:\/\/www.cm-aveiro.pt\/\">Aveiro<\/a>, the &#8220;Portuguese Venice&#8221;, where you can taste the famous and delicious &#8220;ovos moles&#8221; egg cream, amoung other gastronomy, or take a boat trip, or simply go for a walk by the river. <\/p>\n<\/div>\n<\/div>\n\n\n\n<div style=\"height:30px\" aria-hidden=\"true\" class=\"wp-block-spacer\"><\/div>\n\n\n\n<hr class=\"wp-block-separator is-style-default\" \/>\n\n\n\n<div style=\"height:50px\" aria-hidden=\"true\" class=\"wp-block-spacer\"><\/div>\n\n\n\n<h3 class=\"wp-block-heading\">Accomodations<\/h3>\n\n\n\n<p>The ICoWEFS International Conference suggests the following hotels for the participants:<\/p>\n\n\n\n<div class=\"wp-block-columns is-layout-flex wp-container-core-columns-is-layout-3 wp-block-columns-is-layout-flex\">\n<div class=\"wp-block-column is-layout-flow wp-block-column-is-layout-flow\">\n<p><strong>Eurosol Residence \u2013 Hotel Apartamento ****<\/strong><br>T +351 244 860 460 | <a href=\"mailto:residence@eurosol.pt\">residence@eurosol.pt<\/a><br>Mobilis stop: Lg Jos\u00e9 L\u00facio (Line 1\/Green and Line 2\/Red)<\/p>\n<\/div>\n\n\n\n<div class=\"wp-block-column is-layout-flow wp-block-column-is-layout-flow\">\n<p><strong>Hotel Tryp Leiria ****<br><\/strong>T +351 244 249 900 | <a href=\"mailto:tryp.leiria@meliaportugal.com\">tryp.leiria@meliaportugal.com<\/a><br>Mobilis stop: Almo\u00ednha Grande or Bairro das Almo\u00ednhas (Line 1\/Green and Line 2\/Red)<\/p>\n<\/div>\n\n\n\n<div class=\"wp-block-column is-layout-flow wp-block-column-is-layout-flow\">\n<p><strong>Hotel Eurosol Jardim***<\/strong><br>T +351 244 849 849 | <a href=\"mailto:leiria@eurosol.pt\">leiria@eurosol.pt<\/a><br>Mobilis stop: C\u00e2mara Municipal\/ESEL (Line 1\/Green and Line 2\/Red)<\/p>\n<\/div>\n<\/div>\n\n\n\n<div class=\"wp-block-columns is-layout-flex wp-container-core-columns-is-layout-4 wp-block-columns-is-layout-flex\">\n<div class=\"wp-block-column is-layout-flow wp-block-column-is-layout-flow\">\n<p><strong>Hotel S\u00e3o Luis***<br><\/strong>T +351 244 848 370 | <a href=\"mailto:hotelsluis@gmail.com\">hotelsluis@gmail.com<\/a><br>Mobilis stop: Av. Marqu\u00eas de Pombal (Line 1\/Green and Line 2\/Red)<\/p>\n<\/div>\n\n\n\n<div class=\"wp-block-column is-layout-flow wp-block-column-is-layout-flow\">\n<p><strong>Hotel Casa da Nora **<br><\/strong>T\/F +351 244 891 189 | <a href=\"mailto:geral@casadanora.com\">geral@casadanora.com<\/a><br>Mobilis stop: Junta de Freguesia. Rua Helena Aboim L. Vieira. Rua Santa Maria (Line 8\/Yellow)<\/p>\n<\/div>\n\n\n\n<div class=\"wp-block-column is-layout-flow wp-block-column-is-layout-flow\">\n<p><strong>Hotel D. Dinis**<br><\/strong>T +351 244 815 342 \/ 3 | <a href=\"mailto:info@hotelddinis.pt\">info@hotelddinis.pt<\/a><br>Mobilis stop: Bombeiros Municipais (Line 1\/Green and Line 2\/Red)<\/p>\n<\/div>\n<\/div>\n\n\n\n<div class=\"wp-block-columns is-layout-flex wp-container-core-columns-is-layout-5 wp-block-columns-is-layout-flex\">\n<div class=\"wp-block-column is-layout-flow wp-block-column-is-layout-flow\">\n<p><strong>Hotel Ibis Leiria-F\u00e1tima **<\/strong><br>T +351 244 816 700 | <a href=\"mailto:h3340@accor.com\">h3340@accor.com<\/a><br>Mobilis stop: Av. N. S. F\u00e1tima (Line 1\/Green and Line 2\/Red)<\/p>\n<\/div>\n\n\n\n<div class=\"wp-block-column is-layout-flow wp-block-column-is-layout-flow\">\n<p><strong>Hotel Leiriense**<br><\/strong>T +351 244 823 054 | <a href=\"mailto:info@hotelleiriense.com\">info@hotelleiriense.com<\/a><br>Mobilis stop: Jardim Lu\u00eds de Cam\u00f5es (Line 1\/Green); Fonte das 3 Bicas or Largo C\u00f3nego Maia S\u00e9 (Line 2\/Red)<\/p>\n<\/div>\n\n\n\n<div class=\"wp-block-column is-layout-flow wp-block-column-is-layout-flow\">\n<p><strong>Hotel Leiria Classic *<br><\/strong>T +351 244 812 802 | <a href=\"mailto:geral@hotelleiriaclassic.pt\">geral@hotelleiriaclassic.pt<\/a><br>Mobilis stop: Fonte das 3 Bicas (Line 2\/Red)<\/p>\n<\/div>\n<\/div>\n\n\n\n<div class=\"wp-block-columns is-layout-flex wp-container-core-columns-is-layout-6 wp-block-columns-is-layout-flex\">\n<div class=\"wp-block-column is-layout-flow wp-block-column-is-layout-flow\">\n<p><strong>Hotel S\u00e3o Francisco *<br><\/strong>T +351 244 823 110 | <a href=\"mailto:geral@hotelsfrancisco.net\">geral@hotelsfrancisco.net<\/a><br>Mobilis stop: Lg Jos\u00e9 L\u00facio (Line 1\/Green and Line 2\/Red)<\/p>\n<\/div>\n\n\n\n<div class=\"wp-block-column is-layout-flow wp-block-column-is-layout-flow\">\n<p><strong>Atlas Hostel<br><\/strong>T +351 917460810 | <a href=\"mailto:tlasleiria@gmail.com\">tlasleiria@gmail.com<\/a><br>Mobilis stop: Jardim Lu\u00eds de Cam\u00f5es (Line 1\/Green); Fonte das 3 Bicas or Largo C\u00f3nego Maia S\u00e9 (Line 2\/Red)<\/p>\n<\/div>\n\n\n\n<div class=\"wp-block-column is-layout-flow wp-block-column-is-layout-flow\">\n<p><strong>Casulo<\/strong> <br>Low-cost stay over<br>T +351 917 661 744 | <a href=\"mailto:geral@casulo.pt\">geral@casulo.pt<\/a><\/p>\n<\/div>\n<\/div>\n\n\n\n<div class=\"wp-block-columns is-layout-flex wp-container-core-columns-is-layout-7 wp-block-columns-is-layout-flex\">\n<div class=\"wp-block-column is-layout-flow wp-block-column-is-layout-flow\">\n<p><strong>La Palma Hostel Leiria<br><\/strong>T +351 917460810<br>Mobilis stop: Jardim Lu\u00eds de Cam\u00f5es (Line 1\/Green); Fonte das 3 Bicas or Largo C\u00f3nego Maia S\u00e9 (Line 2\/Red) Maia S\u00e9 (Line 2\/Red)<\/p>\n\n\n\n<p><\/p>\n<\/div>\n\n\n\n<div class=\"wp-block-column is-layout-flow wp-block-column-is-layout-flow\">\n<p><strong>Mostart Boutique Hostel<br><\/strong>T +351 913860575<br>Mobilis stop: Av. N. S. F\u00e1tima. Sra. da Encarna\u00e7\u00e3o (Line 1\/Green and Line 2\/Red)<\/p>\n<\/div>\n\n\n\n<div class=\"wp-block-column is-layout-flow wp-block-column-is-layout-flow\">\n<p><strong>Porta 20 Boutique Guesthouse<br><\/strong>T: +351 962 343 463 | <a href=\"mailto:ola@porta20leiria.com\">ola@porta20leiria.com<\/a><br>Mobilis stop: Av. Marqu\u00eas de Pombal (Line 1\/Green and Line 2\/Red)<\/p>\n<\/div>\n<\/div>\n","protected":false},"excerpt":{"rendered":"<p>Venue and Accommodation About Leiria Leiria is located in the Centro Region and sub region of Pinhal Litoral, about halfway between Lisbon and Porto. The distance to Lisbon is 137 kilometres (85 miles), to Coimbra 70 kilometres (43 miles) and to Porto 177 kilometres (110 miles). The historic city centre spreads between the castle hill [&hellip;]<\/p>\n","protected":false},"author":4,"featured_media":0,"parent":0,"menu_order":0,"comment_status":"closed","ping_status":"closed","template":"","meta":{"_monsterinsights_skip_tracking":false,"_monsterinsights_sitenote_active":false,"_monsterinsights_sitenote_note":"","_monsterinsights_sitenote_category":0,"footnotes":""},"class_list":["post-48","page","type-page","status-publish","hentry"],"_links":{"self":[{"href":"https:\/\/sites.ipleiria.pt\/icowefs2023\/wp-json\/wp\/v2\/pages\/48","targetHints":{"allow":["GET"]}}],"collection":[{"href":"https:\/\/sites.ipleiria.pt\/icowefs2023\/wp-json\/wp\/v2\/pages"}],"about":[{"href":"https:\/\/sites.ipleiria.pt\/icowefs2023\/wp-json\/wp\/v2\/types\/page"}],"author":[{"embeddable":true,"href":"https:\/\/sites.ipleiria.pt\/icowefs2023\/wp-json\/wp\/v2\/users\/4"}],"replies":[{"embeddable":true,"href":"https:\/\/sites.ipleiria.pt\/icowefs2023\/wp-json\/wp\/v2\/comments?post=48"}],"version-history":[{"count":88,"href":"https:\/\/sites.ipleiria.pt\/icowefs2023\/wp-json\/wp\/v2\/pages\/48\/revisions"}],"predecessor-version":[{"id":3857,"href":"https:\/\/sites.ipleiria.pt\/icowefs2023\/wp-json\/wp\/v2\/pages\/48\/revisions\/3857"}],"wp:attachment":[{"href":"https:\/\/sites.ipleiria.pt\/icowefs2023\/wp-json\/wp\/v2\/media?parent=48"}],"curies":[{"name":"wp","href":"https:\/\/api.w.org\/{rel}","templated":true}]}}

<div style="height:40px" aria-hidden="true" class="wp-block-spacer"></div>



<div style="height:40px" aria-hidden="true" class="wp-block-spacer"></div>



<h2 class="has-text-align-center wp-block-heading">Venue and Accommodation</h2>



<div style="height:50px" aria-hidden="true" class="wp-block-spacer"></div>



<div class="wp-block-columns is-layout-flex wp-container-core-columns-is-layout-1 wp-block-columns-is-layout-flex">
<div class="wp-block-column is-layout-flow wp-block-column-is-layout-flow">
<h3 class="has-text-align-left wp-block-heading">About Leiria</h3>



<p>Leiria is located in the Centro Region and sub region of Pinhal Litoral, about halfway between Lisbon and Porto. The distance to Lisbon is 137 kilometres (85 miles), to Coimbra 70 kilometres (43 miles) and to Porto 177 kilometres (110 miles). The historic city centre spreads between the castle hill and the river Lis.</p>



<p>Leiria is also included in the Região de Leiria. As the main city in this community, the area of influence of Leiria spreads over the cities of Marinha Grande, Ourém, Fátima, Pombal as well the municipalities/town seats of Batalha and Porto de Mós located nearby.</p>



<p>May is still a great time to visit Centre of Portugal. The temperature is quite mild and is the most flowery season of the year, which is very pleasant for walks and hikes outdoors. You can enjoy the delicious food, taste the great wines, visit the religious area of Fatima, the area of Big Waves in Nazaré, the highest mountain range in Continental Portugal and make a pleasant visit to a splendid region with a great heritage buildings and History.</p>



<p>Due to the pandemic context, the conference will be held in a mix modality: in-person and on-line. Please feel free to choose what is more advantageous for you, when registering <a href="https://icowefs2023.sites.ipleiria.pt/registration/">here</a>.</p>
</div>



<div class="wp-block-column is-layout-flow wp-block-column-is-layout-flow">
<figure class="wp-block-image size-large"><img fetchpriority="high" decoding="async" width="1024" height="1024" src="https://icowefs2023.sites.ipleiria.pt/files/2020/04/MG_5566-1024x1024.jpg" alt="" class="wp-image-385" srcset="https://sites.ipleiria.pt/icowefs2023/files/2020/04/MG_5566-1024x1024.jpg 1024w, https://sites.ipleiria.pt/icowefs2023/files/2020/04/MG_5566-300x300.jpg 300w, https://sites.ipleiria.pt/icowefs2023/files/2020/04/MG_5566-150x150.jpg 150w, https://sites.ipleiria.pt/icowefs2023/files/2020/04/MG_5566-768x768.jpg 768w" sizes="(max-width: 1024px) 100vw, 1024px" /></figure>
</div>
</div>



<div style="height:30px" aria-hidden="true" class="wp-block-spacer"></div>



<hr class="wp-block-separator is-style-default" />



<div style="height:50px" aria-hidden="true" class="wp-block-spacer"></div>



<h3 class="wp-block-heading">How to get Leiria</h3>



<p>Here you can find our suggestions to get Leiria.</p>



<div class="wp-block-columns is-layout-flex wp-container-core-columns-is-layout-2 wp-block-columns-is-layout-flex">
<div class="wp-block-column is-layout-flow wp-block-column-is-layout-flow">
<h4 class="wp-block-heading">From Lisbon Airport?</h4>



<p>You may catch the metro subway at Lisbon Airport and go to Oriente railway and bus station or Sete Rios bus station (must to change line once). Either in Oriente or Sete Rios, <strong>take the bus</strong> (Express lines) to Leiria. </p>



<p>See the city map of<a rel="noreferrer noopener" href="http://icowefs2023.sites.ipleiria.pt/files/2020/04/MapaCidadeMetroLisboa.pdf" target="_blank"> Lisbon here</a>.<br>Check the <a rel="noreferrer noopener" href="https://www.rede-expressos.pt/en/tickets" target="_blank">bus tickets here</a>.</p>



<p>If you are coming by car, configure the GPS to take the Highway A8 straight to Leiria. Along the way you can make a pause in <a href="https://www.cm-tvedras.pt/#">Torres Vedras</a> city, <a href="https://www.cm-obidos.pt/">Óbidos</a> city, and visit their beatiful monuments or, taste their fine food and exquisite desserts or, simply, go for a walk in their antique squares and fortresses.</p>
</div>



<div class="wp-block-column is-layout-flow wp-block-column-is-layout-flow">
<h4 class="wp-block-heading">From Oporto Airport?</h4>



<p>You may catch the metro subway at Porto Airport and Campo 24 de Agosto to pick an express bus to Leiria.</p>



<p><br>See the city map of <a rel="noreferrer noopener" href="http://icowefs2023.sites.ipleiria.pt/files/2020/04/MAPA_REDE_PORTO.pdf" target="_blank">Oporto here</a>.<br>Check the <a rel="noreferrer noopener" href="https://www.rede-expressos.pt/en/tickets" target="_blank">bus tickets here</a>.</p>



<p>If you are coming by car, configure the GPS to take the Highway A1 to Leiria. You may take the A25 and make a pause in <a href="https://www.cm-aveiro.pt/">Aveiro</a>, the &#8220;Portuguese Venice&#8221;, where you can taste the famous and delicious &#8220;ovos moles&#8221; egg cream, amoung other gastronomy, or take a boat trip, or simply go for a walk by the river. </p>
</div>
</div>



<div style="height:30px" aria-hidden="true" class="wp-block-spacer"></div>



<hr class="wp-block-separator is-style-default" />



<div style="height:50px" aria-hidden="true" class="wp-block-spacer"></div>



<h3 class="wp-block-heading">Accomodations</h3>



<p>The ICoWEFS International Conference suggests the following hotels for the participants:</p>



<div class="wp-block-columns is-layout-flex wp-container-core-columns-is-layout-3 wp-block-columns-is-layout-flex">
<div class="wp-block-column is-layout-flow wp-block-column-is-layout-flow">
<p><strong>Eurosol Residence – Hotel Apartamento ****</strong><br>T +351 244 860 460 | <a href="mailto:residence@eurosol.pt">residence@eurosol.pt</a><br>Mobilis stop: Lg José Lúcio (Line 1/Green and Line 2/Red)</p>
</div>



<div class="wp-block-column is-layout-flow wp-block-column-is-layout-flow">
<p><strong>Hotel Tryp Leiria ****<br></strong>T +351 244 249 900 | <a href="mailto:tryp.leiria@meliaportugal.com">tryp.leiria@meliaportugal.com</a><br>Mobilis stop: Almoínha Grande or Bairro das Almoínhas (Line 1/Green and Line 2/Red)</p>
</div>



<div class="wp-block-column is-layout-flow wp-block-column-is-layout-flow">
<p><strong>Hotel Eurosol Jardim***</strong><br>T +351 244 849 849 | <a href="mailto:leiria@eurosol.pt">leiria@eurosol.pt</a><br>Mobilis stop: Câmara Municipal/ESEL (Line 1/Green and Line 2/Red)</p>
</div>
</div>



<div class="wp-block-columns is-layout-flex wp-container-core-columns-is-layout-4 wp-block-columns-is-layout-flex">
<div class="wp-block-column is-layout-flow wp-block-column-is-layout-flow">
<p><strong>Hotel São Luis***<br></strong>T +351 244 848 370 | <a href="mailto:hotelsluis@gmail.com">hotelsluis@gmail.com</a><br>Mobilis stop: Av. Marquês de Pombal (Line 1/Green and Line 2/Red)</p>
</div>



<div class="wp-block-column is-layout-flow wp-block-column-is-layout-flow">
<p><strong>Hotel Casa da Nora **<br></strong>T/F +351 244 891 189 | <a href="mailto:geral@casadanora.com">geral@casadanora.com</a><br>Mobilis stop: Junta de Freguesia. Rua Helena Aboim L. Vieira. Rua Santa Maria (Line 8/Yellow)</p>
</div>



<div class="wp-block-column is-layout-flow wp-block-column-is-layout-flow">
<p><strong>Hotel D. Dinis**<br></strong>T +351 244 815 342 / 3 | <a href="mailto:info@hotelddinis.pt">info@hotelddinis.pt</a><br>Mobilis stop: Bombeiros Municipais (Line 1/Green and Line 2/Red)</p>
</div>
</div>



<div class="wp-block-columns is-layout-flex wp-container-core-columns-is-layout-5 wp-block-columns-is-layout-flex">
<div class="wp-block-column is-layout-flow wp-block-column-is-layout-flow">
<p><strong>Hotel Ibis Leiria-Fátima **</strong><br>T +351 244 816 700 | <a href="mailto:h3340@accor.com">h3340@accor.com</a><br>Mobilis stop: Av. N. S. Fátima (Line 1/Green and Line 2/Red)</p>
</div>



<div class="wp-block-column is-layout-flow wp-block-column-is-layout-flow">
<p><strong>Hotel Leiriense**<br></strong>T +351 244 823 054 | <a href="mailto:info@hotelleiriense.com">info@hotelleiriense.com</a><br>Mobilis stop: Jardim Luís de Camões (Line 1/Green); Fonte das 3 Bicas or Largo Cónego Maia Sé (Line 2/Red)</p>
</div>



<div class="wp-block-column is-layout-flow wp-block-column-is-layout-flow">
<p><strong>Hotel Leiria Classic *<br></strong>T +351 244 812 802 | <a href="mailto:geral@hotelleiriaclassic.pt">geral@hotelleiriaclassic.pt</a><br>Mobilis stop: Fonte das 3 Bicas (Line 2/Red)</p>
</div>
</div>



<div class="wp-block-columns is-layout-flex wp-container-core-columns-is-layout-6 wp-block-columns-is-layout-flex">
<div class="wp-block-column is-layout-flow wp-block-column-is-layout-flow">
<p><strong>Hotel São Francisco *<br></strong>T +351 244 823 110 | <a href="mailto:geral@hotelsfrancisco.net">geral@hotelsfrancisco.net</a><br>Mobilis stop: Lg José Lúcio (Line 1/Green and Line 2/Red)</p>
</div>



<div class="wp-block-column is-layout-flow wp-block-column-is-layout-flow">
<p><strong>Atlas Hostel<br></strong>T +351 917460810 | <a href="mailto:tlasleiria@gmail.com">tlasleiria@gmail.com</a><br>Mobilis stop: Jardim Luís de Camões (Line 1/Green); Fonte das 3 Bicas or Largo Cónego Maia Sé (Line 2/Red)</p>
</div>



<div class="wp-block-column is-layout-flow wp-block-column-is-layout-flow">
<p><strong>Casulo</strong> <br>Low-cost stay over<br>T +351 917 661 744 | <a href="mailto:geral@casulo.pt">geral@casulo.pt</a></p>
</div>
</div>



<div class="wp-block-columns is-layout-flex wp-container-core-columns-is-layout-7 wp-block-columns-is-layout-flex">
<div class="wp-block-column is-layout-flow wp-block-column-is-layout-flow">
<p><strong>La Palma Hostel Leiria<br></strong>T +351 917460810<br>Mobilis stop: Jardim Luís de Camões (Line 1/Green); Fonte das 3 Bicas or Largo Cónego Maia Sé (Line 2/Red) Maia Sé (Line 2/Red)</p>



<p></p>
</div>



<div class="wp-block-column is-layout-flow wp-block-column-is-layout-flow">
<p><strong>Mostart Boutique Hostel<br></strong>T +351 913860575<br>Mobilis stop: Av. N. S. Fátima. Sra. da Encarnação (Line 1/Green and Line 2/Red)</p>
</div>



<div class="wp-block-column is-layout-flow wp-block-column-is-layout-flow">
<p><strong>Porta 20 Boutique Guesthouse<br></strong>T: +351 962 343 463 | <a href="mailto:ola@porta20leiria.com">ola@porta20leiria.com</a><br>Mobilis stop: Av. Marquês de Pombal (Line 1/Green and Line 2/Red)</p>
</div>
</div>
