{"id":12,"date":"2016-07-28T14:57:46","date_gmt":"2016-07-28T14:57:46","guid":{"rendered":"http:\/\/sites.ipleiria.pt\/iee\/?page_id=12"},"modified":"2016-11-30T12:13:05","modified_gmt":"2016-11-30T12:13:05","slug":"estagios","status":"publish","type":"page","link":"https:\/\/sites.ipleiria.pt\/iee\/estagios\/","title":{"rendered":"Est\u00e1gios"},"content":{"rendered":"<p>Entidades que acolhem os Est\u00e1gios do curso TeSP de Interven\u00e7\u00e3o em Espa\u00e7os Educativos no ano letivo 2016\/2017:<\/p>\n<ul>\n<li>Academia de Sonhos, Creche e Centro de Estudos (Tomar)<\/li>\n<li>A Escolinha O Trevo (Reguengo do Fetal)<\/li>\n<li>Agrupamento de Escolas D. Dinis (Leiria)<\/li>\n<li>Agrupamento de Escolas de Our\u00e9m &#8211; Centro Escolar Beato Nuno (F\u00e1tima)<\/li>\n<li>Amato Lusitano &#8211; Associa\u00e7\u00e3o de Desenvolvimento (Castelo Branco)<\/li>\n<li>APECI &#8211; Associa\u00e7\u00e3o para a Educa\u00e7\u00e3o de Crian\u00e7as Inadaptadas (Torres Vedras)<\/li>\n<li>APEPI &#8211; Associa\u00e7\u00e3o de Pais e Educadores para a Inf\u00e2ncia (Pombal)<\/li>\n<li>CEBE &#8211; Cooperativa de Ensino de Benfica (Lisboa)<\/li>\n<li>Centro de Bem Estar Infantil de Monte Real (Leiria)<\/li>\n<li>Centro Social Paroquial Paulo VI (Leiria)<\/li>\n<li>Col\u00e9gio Conciliar de Maria Imaculada (Leiria)<\/li>\n<li>Col\u00e9gio Infantil Cubo M\u00e1gico (Leiria)<\/li>\n<li>Escola Infantil Jacinta Marto (F\u00e1tima)<\/li>\n<li>Creche e Jardim de Inf\u00e2ncia Reino dos Sonhos (Leiria)<\/li>\n<li>CRIF &#8211; Centro de Reabilita\u00e7\u00e3o de F\u00e1tima (F\u00e1tima)<\/li>\n<li>InPulsar &#8211; Associa\u00e7\u00e3o para o Desenvolvimento Comunit\u00e1rio (Leiria)<\/li>\n<li>Jardim de Inf\u00e2ncia do Cartaxo (Cartaxo)<\/li>\n<li>JUVE &#8211; Juventude Desportiva do Lis (Leiria)<\/li>\n<li>O Jardim do Fraldinhas, Ensino Pr\u00e9-Escolar, Creche e Tempos Livres (Leiria)<\/li>\n<li>O Sininho Azul, Creche e Jardim de Inf\u00e2ncia (Leiria)<\/li>\n<li>Santa Casa da Miseric\u00f3rdia de Figueir\u00f3 dos Vinhos &#8211; Casa da Crian\u00e7a (Figueir\u00f3 dos Vinhos)<\/li>\n<li>Superninho, Creche e Jardim de Inf\u00e2ncia (Leiria)<\/li>\n<li>Tentativa &#8211; Centro Educativo de Leiria (Leiria)<\/li>\n<\/ul>\n","protected":false},"excerpt":{"rendered":"<p>Entidades que acolhem os Est\u00e1gios do curso TeSP de Interven\u00e7\u00e3o em Espa\u00e7os Educativos no ano letivo 2016\/2017: Academia de Sonhos, Creche e Centro de Estudos (Tomar) A Escolinha O Trevo (Reguengo do Fetal) Agrupamento de Escolas D. Dinis (Leiria) Agrupamento de Escolas de Our\u00e9m &#8211; Centro Escolar Beato Nuno (F\u00e1tima) Amato Lusitano &#8211; Associa\u00e7\u00e3o de &hellip; <a href=\"https:\/\/sites.ipleiria.pt\/iee\/estagios\/\" class=\"more-link\">Continuar a ler<span class=\"screen-reader-text\"> &#8220;Est\u00e1gios&#8221;<\/span><\/a><\/p>\n","protected":false},"author":102,"featured_media":0,"parent":0,"menu_order":4,"comment_status":"closed","ping_status":"closed","template":"","meta":{"footnotes":""},"class_list":["post-12","page","type-page","status-publish","hentry"],"_links":{"self":[{"href":"https:\/\/sites.ipleiria.pt\/iee\/wp-json\/wp\/v2\/pages\/12","targetHints":{"allow":["GET"]}}],"collection":[{"href":"https:\/\/sites.ipleiria.pt\/iee\/wp-json\/wp\/v2\/pages"}],"about":[{"href":"https:\/\/sites.ipleiria.pt\/iee\/wp-json\/wp\/v2\/types\/page"}],"author":[{"embeddable":true,"href":"https:\/\/sites.ipleiria.pt\/iee\/wp-json\/wp\/v2\/users\/102"}],"replies":[{"embeddable":true,"href":"https:\/\/sites.ipleiria.pt\/iee\/wp-json\/wp\/v2\/comments?post=12"}],"version-history":[{"count":8,"href":"https:\/\/sites.ipleiria.pt\/iee\/wp-json\/wp\/v2\/pages\/12\/revisions"}],"predecessor-version":[{"id":135,"href":"https:\/\/sites.ipleiria.pt\/iee\/wp-json\/wp\/v2\/pages\/12\/revisions\/135"}],"wp:attachment":[{"href":"https:\/\/sites.ipleiria.pt\/iee\/wp-json\/wp\/v2\/media?parent=12"}],"curies":[{"name":"wp","href":"https:\/\/api.w.org\/{rel}","templated":true}]}}