{"id":8,"date":"2016-07-28T14:56:55","date_gmt":"2016-07-28T14:56:55","guid":{"rendered":"http:\/\/sites.ipleiria.pt\/iee\/?page_id=8"},"modified":"2017-06-06T22:11:46","modified_gmt":"2017-06-06T22:11:46","slug":"atividades","status":"publish","type":"page","link":"https:\/\/sites.ipleiria.pt\/iee\/atividades\/","title":{"rendered":"Atividades"},"content":{"rendered":"<p><strong>Atividades desenvolvidas no ano letivo 2016\/2017<\/strong><\/p>\n<p><strong>15 de setembro<\/strong> &#8211; Apresenta\u00e7\u00e3o dos\u00a0alunos do 1.\u00ba ano e reuni\u00e3o com a Coordenadora de Curso;<\/p>\n<p><strong>27\u00a0de setembro<\/strong> &#8211; Visita de estudo <em>Itiner\u00e1rio pelo Patrim\u00f3nio Edificado do Centro Hist\u00f3rico de Leiria. [2.\u00ba ano &#8211; UC de Educa\u00e7\u00e3o para o Ambiente e Patrim\u00f3nio].<\/em><\/p>\n<p><strong>15\u00a0de\u00a0novembro<\/strong> &#8211; Aula aberta \u00abEduca\u00e7\u00e3o e Natureza: os desafios da ambientaliza\u00e7\u00e3o em escolas pr\u00f3ximas a unidades de conserva\u00e7\u00e3o\u00bb com a Professora Ta\u00eds Frizzo da Universidade Federal do Rio Grande do Sul (Porto Alegre &#8211; Brasil) <em>[2.\u00ba ano &#8211; UC de Educa\u00e7\u00e3o para o Ambiente e Patrim\u00f3nio].<\/em><\/p>\n<p><strong>29\u00a0de\u00a0novembro<\/strong> &#8211; Semin\u00e1rio \u00abMetodologias de Investiga\u00e7\u00e3o em Educa\u00e7\u00e3o\u00bb com a Professora Beatriz Pe\u00f1a Acu\u00f1a da\u00a0Universidade Cat\u00f3lica San Antonio (M\u00farcia &#8211; Espanha) \u00a0<em>[1.\u00ba ano &#8211; UC de Hist\u00f3ria e Filosofia da Educa\u00e7\u00e3o].<\/em><\/p>\n<p><strong>21 de mar\u00e7o<\/strong> &#8211; Visita \u00e0 Creche, Jardim de Inf\u00e2ncia e CATL &#8220;O Ninho&#8221; (Centro Social Paroquial Paulo VI) <em>[1.\u00ba ano &#8211; UC de An\u00e1lise da Pr\u00e1tica e dos Contextos Educativos].<\/em><\/p>\n<p><strong>27 de mar\u00e7o<\/strong> &#8211; Visita \u00e0 Escola do 1\u00ba Ciclo do Ensino B\u00e1sico Branca, Leiria\u00a0<em>[1.\u00ba ano &#8211; UC de An\u00e1lise da Pr\u00e1tica e dos Contextos Educativos].<\/em><\/p>\n<p><strong>21 de mar\u00e7o<\/strong> &#8211; Visita \u00e0 Creche e Jardim de Inf\u00e2ncia\u00a0do Centro Social Paroquial dos Pousos <em>[1.\u00ba ano &#8211; UC de An\u00e1lise da Pr\u00e1tica e dos Contextos Educativos].<\/em><\/p>\n<p><strong>2\u00a0de maio<\/strong> &#8211; Visita \u00e0 Escola Sede do Agrupamento de Escolas D. Dinis <em>[1.\u00ba ano &#8211; UC de An\u00e1lise da Pr\u00e1tica e dos Contextos Educativos].<\/em><\/p>\n<p><strong>5 de junho<\/strong> &#8211; Visita \u00e0 AAAF (Atividades de Anima\u00e7\u00e3o e Apoio \u00e0 Fam\u00edlia) dos Pinheiros.<\/p>\n<p><img loading=\"lazy\" decoding=\"async\" class=\" wp-image-149\" src=\"http:\/\/sites.ipleiria.pt\/iee\/files\/2016\/07\/Foto_alunas-ESECS-300x169.jpg\" alt=\"\" width=\"364\" height=\"205\" srcset=\"https:\/\/sites.ipleiria.pt\/iee\/files\/2016\/07\/Foto_alunas-ESECS-300x169.jpg 300w, https:\/\/sites.ipleiria.pt\/iee\/files\/2016\/07\/Foto_alunas-ESECS-768x431.jpg 768w, https:\/\/sites.ipleiria.pt\/iee\/files\/2016\/07\/Foto_alunas-ESECS-1024x575.jpg 1024w, https:\/\/sites.ipleiria.pt\/iee\/files\/2016\/07\/Foto_alunas-ESECS-1200x674.jpg 1200w\" sizes=\"auto, (max-width: 364px) 85vw, 364px\" \/><\/p>\n<div class=\"wp-caption-dd\"><\/div>\n<p><strong>Atividades desenvolvidas no ano letivo 2015\/2016<\/strong><\/p>\n<p><b>1 de outubro<\/b> \u00a0&#8211; Apresenta\u00e7\u00e3o dos alunos e\u00a0reuni\u00e3o com a Coordenadora de Curso;<\/p>\n<p><b>14 de dezembro<\/b> &#8211; Aula Aberta \u00abExperi\u00eancias de Interven\u00e7\u00e3o Social e Art\u00edstica em Mil\u00e3o, pela Associa\u00e7\u00e3o Industria Scenica\u00bb com Joana Miranda;<\/p>\n<p><strong>6 de janeiro<\/strong> &#8211; Atua\u00e7\u00e3o no Momento Musical \u00abFesta dos Reis\u00bb sob a dire\u00e7\u00e3o de Ana Margarida Carreira;<\/p>\n<p><b>12 de janeiro<\/b> &#8211; Aula Aberta \u00abO fabrico de seiras no Juncal\u00bb com C\u00e9lia Sousa;<\/p>\n<p><b>26 de janeiro<\/b> &#8211; Semin\u00e1rio \u00abDimens\u00f5es da pr\u00e1tica profissional do auxiliar de a\u00e7\u00e3o educativa\u00bb com F\u00e1tima Pina (auxiliar de a\u00e7\u00e3o educativa, ex-estudante do curso de licenciatura em Educa\u00e7\u00e3o B\u00e1sica, estudante no Mestrado em Educa\u00e7\u00e3o Pr\u00e9-escolar);<\/p>\n<p><b>6 de abril<\/b> &#8211; Visita \u00e0 Creche, Jardim de Inf\u00e2ncia e CATL &#8220;O Ninho&#8221; (Centro Social Paroquial Paulo VI);<\/p>\n<p><b>11 de abril<\/b> &#8211; Visita \u00e0 institui\u00e7\u00e3o de ensino particular O Jardim do Fraldinhas &#8211; Ensino Pr\u00e9-Escolar, Creche e Tempos Livres, Lda.;<\/p>\n<p><b>13 de abril<\/b> &#8211; Semin\u00e1rio \u00abA import\u00e2ncia do brincar\u00bb e apresenta\u00e7\u00e3o das atividades da Associa\u00e7\u00e3o Casa D\u2019\u00c1rvore ABC Natur com a educadora Patr\u00edcia Marcelino;<\/p>\n<p><b>18 de abril <\/b>&#8211; Visita \u00e0 Escola do 1\u00ba Ciclo do Ensino B\u00e1sico Amarela (contacto com professores e assistentes operacionais);<\/p>\n<p><b>20 de abril<\/b> &#8211; Visita ao Centro Escolar da Barreira (contacto com professores e assistentes operacionais);<\/p>\n<p><b>22, 23 e 24 de abril<\/b> &#8211; Participa\u00e7\u00e3o no \u00abEncontro do Livro Infantil\u00bb realizado na Casa-Museu Centro Cultural Jo\u00e3o Soares, Cortes;<\/p>\n<p><strong>4 de maio<\/strong> &#8211; Visita \u00e0 Escola Sede do Agrupamento de Escolas D. Dinis;<\/p>\n<p><strong>16 de maio<\/strong> &#8211;\u00a0Sess\u00e3o com a\u00a0oradora Manuela Costa, respons\u00e1vel pelas assistentes operacionais no Agrupamento de Escolas D. Dinis;<\/p>\n<p><b>15 de maio<\/b> &#8211; Visita \u00e0 Biblioteca Municipal Afonso Lopes Vieira (contactos com respons\u00e1veis dos Servi\u00e7os Educativos);<\/p>\n<p><b>18 de maio<\/b> &#8211; Visita ao Museu de Leiria;<\/p>\n<p><b>18 de maio <\/b>&#8211; Visita ao Museu Moinho de Papel (contactos com respons\u00e1veis dos Servi\u00e7os Educativos)<\/p>\n<p><b>23 de maio<\/b> &#8211; Visita \u00e0 Biblioteca Jos\u00e9 Saramago &#8211; Servi\u00e7os de Documenta\u00e7\u00e3o do IPLeiria;<\/p>\n<p><b>30 de maio <\/b>&#8211; Realiza\u00e7\u00e3o de atividades de T\u00e9cnicas de Anima\u00e7\u00e3o Socioeducativa com os alunos do curso TesP\u00a0em Interven\u00e7\u00e3o Sociocultural e Desportiva;<\/p>\n<p><b>1 de Junho<\/b> &#8211; Participa\u00e7\u00e3o nas Atividades do Dia Mundial da Crian\u00e7a\u00a0realizadas no Est\u00e1dio Municipal de Leiria, organizadas pela ESECS\/IPL e CML (dinamiza\u00e7\u00e3o de dois ateli\u00eas e participa\u00e7\u00e3o em tarefas de apoio \u00e0 organiza\u00e7\u00e3o do evento);<\/p>\n<p><b>1 de Junho<\/b> &#8211; Participa\u00e7\u00e3o nas Atividades do Dia Mundial da Crian\u00e7a realizadas no Agrupamento de Escolas Henrique Sommer, Maceira (dinamiza\u00e7\u00e3o de um ateli\u00ea);<\/p>\n<p><b>4 de junho<\/b> &#8211; Participa\u00e7\u00e3o na Aula Aberta \u00abPrimeiros Socorros na Inf\u00e2ncia\u00bb, com a enfermeira Alcina Morgado (AMI);<\/p>\n<p><b>8 de junho <\/b>&#8211; Sess\u00e3o sobre \u00abDin\u00e2micas de Leitura\u00bb com Catarina Mangas;<\/p>\n<p><b>13 de junho<\/b> &#8211;\u00a0Sess\u00e3o de apresenta\u00e7\u00e3o do projeto \u00abRedes na Quinta\u00bb\u00a0por\u00a0uma respons\u00e1vel da <i>InPulsar<\/i> &#8211; Associa\u00e7\u00e3o para o Desenvolvimento Comunit\u00e1rio;<\/p>\n<p><b>20 de junho<\/b> &#8211; Visita ao Centro de Recursos para a Inclus\u00e3o Digital (IPLeiria);<\/p>\n<p><strong><b>14 de junho<\/b> &#8211; <\/strong>Participa\u00e7\u00e3o no Encontro \u00abAnima\u00e7\u00e3o Sociocultural como forma de coopera\u00e7\u00e3o cultural\u00bb, ESECS<strong>. <\/strong><\/p>\n<p><img loading=\"lazy\" decoding=\"async\" class=\"alignleft size-medium wp-image-130\" src=\"http:\/\/sites.ipleiria.pt\/iee\/files\/2016\/07\/foto-tesp-visita-ao-agrupamento-d-dinis-300x198.jpg\" alt=\"foto-tesp-visita-ao-agrupamento-d-dinis\" width=\"300\" height=\"198\" srcset=\"https:\/\/sites.ipleiria.pt\/iee\/files\/2016\/07\/foto-tesp-visita-ao-agrupamento-d-dinis-300x198.jpg 300w, https:\/\/sites.ipleiria.pt\/iee\/files\/2016\/07\/foto-tesp-visita-ao-agrupamento-d-dinis.jpg 682w\" sizes=\"auto, (max-width: 300px) 85vw, 300px\" \/><img loading=\"lazy\" decoding=\"async\" class=\"alignleft size-medium wp-image-129\" src=\"http:\/\/sites.ipleiria.pt\/iee\/files\/2016\/07\/tesp-iee-visita-ao-agrupamento-d-dinis-2-1-300x196.jpg\" alt=\"tesp-iee-visita-ao-agrupamento-d-dinis-2\" width=\"300\" height=\"196\" srcset=\"https:\/\/sites.ipleiria.pt\/iee\/files\/2016\/07\/tesp-iee-visita-ao-agrupamento-d-dinis-2-1-300x196.jpg 300w, https:\/\/sites.ipleiria.pt\/iee\/files\/2016\/07\/tesp-iee-visita-ao-agrupamento-d-dinis-2-1.jpg 768w\" sizes=\"auto, (max-width: 300px) 85vw, 300px\" \/><\/p>\n","protected":false},"excerpt":{"rendered":"<p>Atividades desenvolvidas no ano letivo 2016\/2017 15 de setembro &#8211; Apresenta\u00e7\u00e3o dos\u00a0alunos do 1.\u00ba ano e reuni\u00e3o com a Coordenadora de Curso; 27\u00a0de setembro &#8211; Visita de estudo Itiner\u00e1rio pelo Patrim\u00f3nio Edificado do Centro Hist\u00f3rico de Leiria. [2.\u00ba ano &#8211; UC de Educa\u00e7\u00e3o para o Ambiente e Patrim\u00f3nio]. 15\u00a0de\u00a0novembro &#8211; Aula aberta \u00abEduca\u00e7\u00e3o e Natureza: &hellip; <a href=\"https:\/\/sites.ipleiria.pt\/iee\/atividades\/\" class=\"more-link\">Continuar a ler<span class=\"screen-reader-text\"> &#8220;Atividades&#8221;<\/span><\/a><\/p>\n","protected":false},"author":102,"featured_media":0,"parent":0,"menu_order":2,"comment_status":"closed","ping_status":"closed","template":"","meta":{"footnotes":""},"class_list":["post-8","page","type-page","status-publish","hentry"],"_links":{"self":[{"href":"https:\/\/sites.ipleiria.pt\/iee\/wp-json\/wp\/v2\/pages\/8","targetHints":{"allow":["GET"]}}],"collection":[{"href":"https:\/\/sites.ipleiria.pt\/iee\/wp-json\/wp\/v2\/pages"}],"about":[{"href":"https:\/\/sites.ipleiria.pt\/iee\/wp-json\/wp\/v2\/types\/page"}],"author":[{"embeddable":true,"href":"https:\/\/sites.ipleiria.pt\/iee\/wp-json\/wp\/v2\/users\/102"}],"replies":[{"embeddable":true,"href":"https:\/\/sites.ipleiria.pt\/iee\/wp-json\/wp\/v2\/comments?post=8"}],"version-history":[{"count":18,"href":"https:\/\/sites.ipleiria.pt\/iee\/wp-json\/wp\/v2\/pages\/8\/revisions"}],"predecessor-version":[{"id":152,"href":"https:\/\/sites.ipleiria.pt\/iee\/wp-json\/wp\/v2\/pages\/8\/revisions\/152"}],"wp:attachment":[{"href":"https:\/\/sites.ipleiria.pt\/iee\/wp-json\/wp\/v2\/media?parent=8"}],"curies":[{"name":"wp","href":"https:\/\/api.w.org\/{rel}","templated":true}]}}