{"id":99,"date":"2016-09-12T10:03:32","date_gmt":"2016-09-12T10:03:32","guid":{"rendered":"http:\/\/sites.ipleiria.pt\/iee\/?page_id=99"},"modified":"2016-09-13T10:31:48","modified_gmt":"2016-09-13T10:31:48","slug":"alunos","status":"publish","type":"page","link":"https:\/\/sites.ipleiria.pt\/iee\/alunos\/","title":{"rendered":"Alunos"},"content":{"rendered":"<p><strong>Alunos 2015-2017<\/strong><\/p>\n<p><em>\u00abSinto que tenho aprendido diversas coisas importantes para a minha forma\u00e7\u00e3o profissional e desenvolvido compet\u00eancias sociais e pessoais\u00bb (B.)<\/em><\/p>\n<p><em>\u00abAs atividades pr\u00e1ticas que realiz\u00e1mos com as crian\u00e7as foram importantes para colocarmos em pr\u00e1tica os conhecimentos que temos adquirido\u00bb (B.)<\/em><\/p>\n<p><em>\u00abTermos a oportunidade de visitar e observar diversos contextos \u00e9 uma mais-valia do curso\u00bb (J.)<\/em><\/p>\n<p><em>\u00abGostei muito dos temas abordados nas aulas\u00bb (T.)<\/em><\/p>\n<p><em>\u00abAs minhas expetativas em rela\u00e7\u00e3o ao curso foram todas superadas\u00bb (T.)<\/em><\/p>\n<p><em>\u00abApesar de ter sido dif\u00edcil realizar todos os trabalhos e relat\u00f3rios, eles foram importantes para as minhas aprendizagens\u00bb (S.)<\/em><\/p>\n<p><em>\u00abSaber trabalhar em grupo, conhecer outras realidades e outras culturas, enriqueceu-me muito. Gostei das pr\u00e1ticas que fizemos\u00bb (N.)<\/em><\/p>\n<p><em>\u00abConsidero que todas as experi\u00eancias vivenciadas neste ano contribu\u00edram para a minha forma\u00e7\u00e3o enquanto futura profissional de Interven\u00e7\u00e3o em Espa\u00e7os Educativos\u00bb (T.)<\/em><\/p>\n<p><em>\u00abDurante este ano de aprendizagem foram v\u00e1rias as experi\u00eancias que vivi e que me fizeram crescer\u00bb (T.)<\/em><\/p>\n<p><img loading=\"lazy\" decoding=\"async\" class=\"alignleft size-full wp-image-102\" src=\"http:\/\/sites.ipleiria.pt\/iee\/files\/2016\/09\/imagem.jpg\" alt=\"imagem\" width=\"860\" height=\"375\" srcset=\"https:\/\/sites.ipleiria.pt\/iee\/files\/2016\/09\/imagem.jpg 860w, https:\/\/sites.ipleiria.pt\/iee\/files\/2016\/09\/imagem-300x131.jpg 300w, https:\/\/sites.ipleiria.pt\/iee\/files\/2016\/09\/imagem-768x335.jpg 768w\" sizes=\"auto, (max-width: 709px) 85vw, (max-width: 909px) 67vw, (max-width: 1362px) 62vw, 840px\" \/><\/p>\n<p>&nbsp;<\/p>\n","protected":false},"excerpt":{"rendered":"<p>Alunos 2015-2017 \u00abSinto que tenho aprendido diversas coisas importantes para a minha forma\u00e7\u00e3o profissional e desenvolvido compet\u00eancias sociais e pessoais\u00bb (B.) \u00abAs atividades pr\u00e1ticas que realiz\u00e1mos com as crian\u00e7as foram importantes para colocarmos em pr\u00e1tica os conhecimentos que temos adquirido\u00bb (B.) \u00abTermos a oportunidade de visitar e observar diversos contextos \u00e9 uma mais-valia do curso\u00bb &hellip; <a href=\"https:\/\/sites.ipleiria.pt\/iee\/alunos\/\" class=\"more-link\">Continuar a ler<span class=\"screen-reader-text\"> &#8220;Alunos&#8221;<\/span><\/a><\/p>\n","protected":false},"author":102,"featured_media":0,"parent":0,"menu_order":0,"comment_status":"closed","ping_status":"closed","template":"","meta":{"footnotes":""},"class_list":["post-99","page","type-page","status-publish","hentry"],"_links":{"self":[{"href":"https:\/\/sites.ipleiria.pt\/iee\/wp-json\/wp\/v2\/pages\/99","targetHints":{"allow":["GET"]}}],"collection":[{"href":"https:\/\/sites.ipleiria.pt\/iee\/wp-json\/wp\/v2\/pages"}],"about":[{"href":"https:\/\/sites.ipleiria.pt\/iee\/wp-json\/wp\/v2\/types\/page"}],"author":[{"embeddable":true,"href":"https:\/\/sites.ipleiria.pt\/iee\/wp-json\/wp\/v2\/users\/102"}],"replies":[{"embeddable":true,"href":"https:\/\/sites.ipleiria.pt\/iee\/wp-json\/wp\/v2\/comments?post=99"}],"version-history":[{"count":6,"href":"https:\/\/sites.ipleiria.pt\/iee\/wp-json\/wp\/v2\/pages\/99\/revisions"}],"predecessor-version":[{"id":112,"href":"https:\/\/sites.ipleiria.pt\/iee\/wp-json\/wp\/v2\/pages\/99\/revisions\/112"}],"wp:attachment":[{"href":"https:\/\/sites.ipleiria.pt\/iee\/wp-json\/wp\/v2\/media?parent=99"}],"curies":[{"name":"wp","href":"https:\/\/api.w.org\/{rel}","templated":true}]}}