{"id":20,"date":"2013-12-02T11:13:26","date_gmt":"2013-12-02T11:13:26","guid":{"rendered":"http:\/\/ipce2014.ipleiria.pt\/?page_id=20"},"modified":"2015-03-16T12:46:16","modified_gmt":"2015-03-16T12:46:16","slug":"inscricao","status":"publish","type":"page","link":"https:\/\/sites.ipleiria.pt\/ipce2015\/inscricao\/","title":{"rendered":"Inscri\u00e7\u00e3o"},"content":{"rendered":"<p>Participantes \u2013 40\u20ac<br \/>\nEstudantes do Instituto Polit\u00e9cnico de Leiria \u2013 20\u20ac<br \/>\nEstudantes de outras Institui\u00e7\u00f5es do Ensino Superior \u2013 30\u20ac<br \/>\nFuncion\u00e1rios docentes e n\u00e3o docentes do Instituto Polit\u00e9cnico de Leiria \u2013 20\u20ac<br \/>\nOrientadores Cooperantes\/Outros colaboradores da ESECS\/ IPL \u2013 15\u20ac<br \/>\nAntigos estudantes do IPL registados na Rede IPLeiri@lumni \u2013 25\u20ac<\/p>\n<p><strong>Procedimentos<\/strong><br \/>\nDever\u00e1 efetuar a sua inscri\u00e7\u00e3o\/pagamento online <a href=\"http:\/\/eventos.ipleiria.pt\/portal\/eventos?p_id=22957&#038;lang=pt-PT\" target=\"_blank\">neste formul\u00e1rio<\/a>.<\/p>\n<hr \/>\n<p><strong>Para mais informa\u00e7\u00f5es<\/strong><br \/>\nAlexandre Soares \u2013 Secretariado IPCE<br \/>\nTel: (+351) 244 829 471 \/ Fax: (+351) 244 829 499<br \/>\nEmail: <a href=\"mailto:asoares@ipleiria.pt?subject=Pedido de Informa\u00e7\u00e3o - IPCE2014\">asoares@ipleiria.pt<\/a><\/p>\n<hr \/>\n<p><strong>Termos e Condi\u00e7\u00f5es<\/strong><br \/>\nA taxa de inscri\u00e7\u00e3o inclui a assist\u00eancia \u00e0 confer\u00eancia, acesso ao material informativo e aos coffee breaks.<br \/>\nO cancelamento de inscri\u00e7\u00f5es implica a perda total do valor da taxa de inscri\u00e7\u00e3o, n\u00e3o havendo lugar a reembolsos.<\/p>\n","protected":false},"excerpt":{"rendered":"<p>Participantes \u2013 40\u20ac Estudantes do Instituto Polit\u00e9cnico de Leiria \u2013 20\u20ac Estudantes de outras Institui\u00e7\u00f5es do Ensino Superior \u2013 30\u20ac Funcion\u00e1rios docentes e n\u00e3o docentes do Instituto Polit\u00e9cnico de Leiria \u2013 20\u20ac Orientadores Cooperantes\/Outros colaboradores da ESECS\/ IPL \u2013 15\u20ac Antigos estudantes do IPL registados na Rede IPLeiri@lumni \u2013 25\u20ac Procedimentos Dever\u00e1 efetuar a sua [&hellip;]<\/p>\n","protected":false},"author":102,"featured_media":0,"parent":0,"menu_order":0,"comment_status":"closed","ping_status":"closed","template":"","meta":{"footnotes":""},"class_list":["post-20","page","type-page","status-publish","hentry"],"_links":{"self":[{"href":"https:\/\/sites.ipleiria.pt\/ipce2015\/wp-json\/wp\/v2\/pages\/20","targetHints":{"allow":["GET"]}}],"collection":[{"href":"https:\/\/sites.ipleiria.pt\/ipce2015\/wp-json\/wp\/v2\/pages"}],"about":[{"href":"https:\/\/sites.ipleiria.pt\/ipce2015\/wp-json\/wp\/v2\/types\/page"}],"author":[{"embeddable":true,"href":"https:\/\/sites.ipleiria.pt\/ipce2015\/wp-json\/wp\/v2\/users\/102"}],"replies":[{"embeddable":true,"href":"https:\/\/sites.ipleiria.pt\/ipce2015\/wp-json\/wp\/v2\/comments?post=20"}],"version-history":[{"count":5,"href":"https:\/\/sites.ipleiria.pt\/ipce2015\/wp-json\/wp\/v2\/pages\/20\/revisions"}],"predecessor-version":[{"id":505,"href":"https:\/\/sites.ipleiria.pt\/ipce2015\/wp-json\/wp\/v2\/pages\/20\/revisions\/505"}],"wp:attachment":[{"href":"https:\/\/sites.ipleiria.pt\/ipce2015\/wp-json\/wp\/v2\/media?parent=20"}],"curies":[{"name":"wp","href":"https:\/\/api.w.org\/{rel}","templated":true}]}}