{"id":1327,"date":"2017-01-10T17:52:09","date_gmt":"2017-01-10T17:52:09","guid":{"rendered":"http:\/\/sites.ipleiria.pt\/ipce2017\/?page_id=1327"},"modified":"2017-01-10T17:53:23","modified_gmt":"2017-01-10T17:53:23","slug":"se-loger","status":"publish","type":"page","link":"https:\/\/sites.ipleiria.pt\/ipce2017\/fr\/se-loger\/","title":{"rendered":"Se loger"},"content":{"rendered":"<p><strong>Hotel Eurosol Leiria ***<\/strong><\/p>\n<p><a href=\"http:\/\/www.eurosol.pt\/hoteis\/hotel-eurosol-leiria-jardim\/\">http:\/\/www.eurosol.pt\/hoteis\/hotel-eurosol-leiria-jardim\/<\/a><\/p>\n<p><em>(Situ\u00e9 \u00e0 proximit\u00e9 de la Escola Superior de Educa\u00e7\u00e3o e Ci\u00eancias Sociais \u2013 7 minutes \u00e0 pied)<\/em><\/p>\n<p><strong>Hotel S\u00e3o Lu\u00eds ***<\/strong><\/p>\n<p><a href=\"http:\/\/www.saoluishotel.com\/\">http:\/\/www.saoluishotel.com\/<\/a><\/p>\n<p><em>(Situ\u00e9 \u00e0 proximit\u00e9 de la Escola Superior de Educa\u00e7\u00e3o e Ci\u00eancias Sociais \u2013 12\u00a0minutes \u00e0 pied)<\/em><\/p>\n<p><strong>Hotel Ibis **<\/strong><\/p>\n<p><a href=\"http:\/\/www.accorhotels.com\/pt\/hotel-3340-ibis-leiria\/index.shtml\">http:\/\/www.accorhotels.com\/pt\/hotel-3340-ibis-leiria\/index.shtml<\/a><\/p>\n<p><em>(Situ\u00e9 \u00e0 20 minutes \u00e0 pied\u00a0de la Escola Superior de Educa\u00e7\u00e3o e Ci\u00eancias Sociais)<\/em><\/p>\n<p><strong>Hotel Leiria Classic<\/strong><\/p>\n<p><em><a href=\"http:\/\/www.hotelleiriaclassic.pt\/\">http:\/\/www.hotelleiriaclassic.pt\/<\/a><\/em><\/p>\n<p><em>(Situ\u00e9 dans le centre historique de la ville de Leiria et \u00e0\u00a012 minutes \u00e0 pied de la Escola Superior de Educa\u00e7\u00e3o e Ci\u00eancias Sociais)<\/em><\/p>\n<p><strong>Atlas Hostel Leiria<\/strong><\/p>\n<p><em><a href=\"http:\/\/www.atlashostel-leiria.com\/\">http:\/\/www.atlashostel-leiria.com\/<\/a><\/em><\/p>\n<p><em>(Situ\u00e9 dans le centre historique de la ville de Leiria et \u00e0\u00a010 minutes \u00e0 pied de la Escola Superior de Educa\u00e7\u00e3o e Ci\u00eancias Sociais)<\/em><\/p>\n","protected":false},"excerpt":{"rendered":"<p>Hotel Eurosol Leiria *** http:\/\/www.eurosol.pt\/hoteis\/hotel-eurosol-leiria-jardim\/ (Situ\u00e9 \u00e0 proximit\u00e9 de la Escola Superior de Educa\u00e7\u00e3o e Ci\u00eancias Sociais \u2013 7 minutes \u00e0 pied) Hotel S\u00e3o Lu\u00eds *** http:\/\/www.saoluishotel.com\/ (Situ\u00e9 \u00e0 proximit\u00e9 de la Escola Superior de Educa\u00e7\u00e3o e Ci\u00eancias Sociais \u2013 12\u00a0minutes \u00e0 pied) Hotel Ibis ** http:\/\/www.accorhotels.com\/pt\/hotel-3340-ibis-leiria\/index.shtml (Situ\u00e9 \u00e0 20 minutes \u00e0 pied\u00a0de la Escola [&hellip;]<\/p>\n","protected":false},"author":2456,"featured_media":0,"parent":0,"menu_order":0,"comment_status":"closed","ping_status":"closed","template":"","meta":{"footnotes":""},"class_list":["post-1327","page","type-page","status-publish","hentry"],"_links":{"self":[{"href":"https:\/\/sites.ipleiria.pt\/ipce2017\/wp-json\/wp\/v2\/pages\/1327","targetHints":{"allow":["GET"]}}],"collection":[{"href":"https:\/\/sites.ipleiria.pt\/ipce2017\/wp-json\/wp\/v2\/pages"}],"about":[{"href":"https:\/\/sites.ipleiria.pt\/ipce2017\/wp-json\/wp\/v2\/types\/page"}],"author":[{"embeddable":true,"href":"https:\/\/sites.ipleiria.pt\/ipce2017\/wp-json\/wp\/v2\/users\/2456"}],"replies":[{"embeddable":true,"href":"https:\/\/sites.ipleiria.pt\/ipce2017\/wp-json\/wp\/v2\/comments?post=1327"}],"version-history":[{"count":3,"href":"https:\/\/sites.ipleiria.pt\/ipce2017\/wp-json\/wp\/v2\/pages\/1327\/revisions"}],"predecessor-version":[{"id":1330,"href":"https:\/\/sites.ipleiria.pt\/ipce2017\/wp-json\/wp\/v2\/pages\/1327\/revisions\/1330"}],"wp:attachment":[{"href":"https:\/\/sites.ipleiria.pt\/ipce2017\/wp-json\/wp\/v2\/media?parent=1327"}],"curies":[{"name":"wp","href":"https:\/\/api.w.org\/{rel}","templated":true}]}}