{"id":144,"date":"2017-11-21T11:46:26","date_gmt":"2017-11-21T11:46:26","guid":{"rendered":"http:\/\/sites.ipleiria.pt\/ipce2018\/?page_id=144"},"modified":"2018-02-25T15:07:08","modified_gmt":"2018-02-25T15:07:08","slug":"dates-importantes","status":"publish","type":"page","link":"https:\/\/sites.ipleiria.pt\/ipce2018\/fr\/dates-importantes\/","title":{"rendered":"Dates importantes"},"content":{"rendered":"<p><strong>Limite pour la remise de l&#8217;article:\u00a0<\/strong><del>28\u00a0f\u00e9vrier<\/del> 18 mars 2018<\/p>\n<p><strong>Limite pour la remise des r\u00e9cits:<\/strong><del>28\u00a0f\u00e9vrier<\/del> 18 mars 2018<\/p>\n<p><strong>Limite pour la remise des posters:<\/strong><del>28\u00a0f\u00e9vrier<\/del> 18 mars 2018<\/p>\n<p><strong>Notifications aux auteurs<\/strong><strong>:<\/strong> 31 mars 2018<\/p>\n<p><strong>Inscriptions:<\/strong>\u00a0jusqu\u2019au 30 avril 2018<\/p>\n<p><strong>Dates de la Conf\u00e9rence:<\/strong>\u00a004 et 05 mai 2018<\/p>\n","protected":false},"excerpt":{"rendered":"<p>Limite pour la remise de l&#8217;article:\u00a028\u00a0f\u00e9vrier 18 mars 2018 Limite pour la remise des r\u00e9cits:28\u00a0f\u00e9vrier 18 mars 2018 Limite pour la remise des posters:28\u00a0f\u00e9vrier 18 mars 2018 Notifications aux auteurs: 31 mars 2018 Inscriptions:\u00a0jusqu\u2019au 30 avril 2018 Dates de la Conf\u00e9rence:\u00a004 et 05 mai 2018<\/p>\n","protected":false},"author":102,"featured_media":0,"parent":0,"menu_order":0,"comment_status":"closed","ping_status":"closed","template":"","meta":{"footnotes":""},"class_list":["post-144","page","type-page","status-publish","hentry"],"yoast_head":"<!-- This site is optimized with the Yoast SEO plugin v26.8 - https:\/\/yoast.com\/product\/yoast-seo-wordpress\/ -->\n<title>Dates importantes - confer\u00eancia internacional \u00b7 esecs \/ instituto polit\u00e9cnico de leiria\/portugal<\/title>\n<meta name=\"robots\" content=\"index, follow, max-snippet:-1, max-image-preview:large, max-video-preview:-1\" \/>\n<link rel=\"canonical\" href=\"https:\/\/sites.ipleiria.pt\/ipce2018\/fr\/dates-importantes\/\" \/>\n<meta property=\"og:locale\" content=\"pt_PT\" \/>\n<meta property=\"og:type\" content=\"article\" \/>\n<meta property=\"og:title\" content=\"Dates importantes - confer\u00eancia internacional \u00b7 esecs \/ instituto polit\u00e9cnico de leiria\/portugal\" \/>\n<meta property=\"og:description\" content=\"Limite pour la remise de l&#8217;article:\u00a028\u00a0f\u00e9vrier 18 mars 2018 Limite pour la remise des r\u00e9cits:28\u00a0f\u00e9vrier 18 mars 2018 Limite pour la remise des posters:28\u00a0f\u00e9vrier 18 mars 2018 Notifications aux auteurs: 31 mars 2018 Inscriptions:\u00a0jusqu\u2019au 30 avril 2018 Dates de la Conf\u00e9rence:\u00a004 et 05 mai 2018\" \/>\n<meta property=\"og:url\" content=\"https:\/\/sites.ipleiria.pt\/ipce2018\/fr\/dates-importantes\/\" \/>\n<meta property=\"og:site_name\" content=\"confer\u00eancia internacional \u00b7 esecs \/ instituto polit\u00e9cnico de leiria\/portugal\" \/>\n<meta property=\"article:modified_time\" content=\"2018-02-25T15:07:08+00:00\" \/>\n<meta name=\"twitter:card\" content=\"summary_large_image\" \/>\n<script type=\"application\/ld+json\" class=\"yoast-schema-graph\">{\"@context\":\"https:\/\/schema.org\",\"@graph\":[{\"@type\":\"WebPage\",\"@id\":\"https:\/\/sites.ipleiria.pt\/ipce2018\/fr\/dates-importantes\/\",\"url\":\"https:\/\/sites.ipleiria.pt\/ipce2018\/fr\/dates-importantes\/\",\"name\":\"Dates importantes - confer\u00eancia internacional \u00b7 esecs \/ instituto polit\u00e9cnico de leiria\/portugal\",\"isPartOf\":{\"@id\":\"https:\/\/sites.ipleiria.pt\/ipce2018\/#website\"},\"datePublished\":\"2017-11-21T11:46:26+00:00\",\"dateModified\":\"2018-02-25T15:07:08+00:00\",\"breadcrumb\":{\"@id\":\"https:\/\/sites.ipleiria.pt\/ipce2018\/fr\/dates-importantes\/#breadcrumb\"},\"inLanguage\":\"pt-PT\",\"potentialAction\":[{\"@type\":\"ReadAction\",\"target\":[\"https:\/\/sites.ipleiria.pt\/ipce2018\/fr\/dates-importantes\/\"]}]},{\"@type\":\"BreadcrumbList\",\"@id\":\"https:\/\/sites.ipleiria.pt\/ipce2018\/fr\/dates-importantes\/#breadcrumb\",\"itemListElement\":[{\"@type\":\"ListItem\",\"position\":1,\"name\":\"In\u00edcio\",\"item\":\"https:\/\/sites.ipleiria.pt\/ipce2018\/\"},{\"@type\":\"ListItem\",\"position\":2,\"name\":\"Dates importantes\"}]},{\"@type\":\"WebSite\",\"@id\":\"https:\/\/sites.ipleiria.pt\/ipce2018\/#website\",\"url\":\"https:\/\/sites.ipleiria.pt\/ipce2018\/\",\"name\":\"confer\u00eancia internacional \u00b7 esecs \/ instituto polit\u00e9cnico de leiria\/portugal\",\"description\":\"VII Investiga\u00e7\u00e3o, Pr\u00e1ticas e Contextos em Educa\u00e7\u00e3o\",\"potentialAction\":[{\"@type\":\"SearchAction\",\"target\":{\"@type\":\"EntryPoint\",\"urlTemplate\":\"https:\/\/sites.ipleiria.pt\/ipce2018\/?s={search_term_string}\"},\"query-input\":{\"@type\":\"PropertyValueSpecification\",\"valueRequired\":true,\"valueName\":\"search_term_string\"}}],\"inLanguage\":\"pt-PT\"}]}<\/script>\n<!-- \/ Yoast SEO plugin. -->","yoast_head_json":{"title":"Dates importantes - confer\u00eancia internacional \u00b7 esecs \/ instituto polit\u00e9cnico de leiria\/portugal","robots":{"index":"index","follow":"follow","max-snippet":"max-snippet:-1","max-image-preview":"max-image-preview:large","max-video-preview":"max-video-preview:-1"},"canonical":"https:\/\/sites.ipleiria.pt\/ipce2018\/fr\/dates-importantes\/","og_locale":"pt_PT","og_type":"article","og_title":"Dates importantes - confer\u00eancia internacional \u00b7 esecs \/ instituto polit\u00e9cnico de leiria\/portugal","og_description":"Limite pour la remise de l&#8217;article:\u00a028\u00a0f\u00e9vrier 18 mars 2018 Limite pour la remise des r\u00e9cits:28\u00a0f\u00e9vrier 18 mars 2018 Limite pour la remise des posters:28\u00a0f\u00e9vrier 18 mars 2018 Notifications aux auteurs: 31 mars 2018 Inscriptions:\u00a0jusqu\u2019au 30 avril 2018 Dates de la Conf\u00e9rence:\u00a004 et 05 mai 2018","og_url":"https:\/\/sites.ipleiria.pt\/ipce2018\/fr\/dates-importantes\/","og_site_name":"confer\u00eancia internacional \u00b7 esecs \/ instituto polit\u00e9cnico de leiria\/portugal","article_modified_time":"2018-02-25T15:07:08+00:00","twitter_card":"summary_large_image","schema":{"@context":"https:\/\/schema.org","@graph":[{"@type":"WebPage","@id":"https:\/\/sites.ipleiria.pt\/ipce2018\/fr\/dates-importantes\/","url":"https:\/\/sites.ipleiria.pt\/ipce2018\/fr\/dates-importantes\/","name":"Dates importantes - confer\u00eancia internacional \u00b7 esecs \/ instituto polit\u00e9cnico de leiria\/portugal","isPartOf":{"@id":"https:\/\/sites.ipleiria.pt\/ipce2018\/#website"},"datePublished":"2017-11-21T11:46:26+00:00","dateModified":"2018-02-25T15:07:08+00:00","breadcrumb":{"@id":"https:\/\/sites.ipleiria.pt\/ipce2018\/fr\/dates-importantes\/#breadcrumb"},"inLanguage":"pt-PT","potentialAction":[{"@type":"ReadAction","target":["https:\/\/sites.ipleiria.pt\/ipce2018\/fr\/dates-importantes\/"]}]},{"@type":"BreadcrumbList","@id":"https:\/\/sites.ipleiria.pt\/ipce2018\/fr\/dates-importantes\/#breadcrumb","itemListElement":[{"@type":"ListItem","position":1,"name":"In\u00edcio","item":"https:\/\/sites.ipleiria.pt\/ipce2018\/"},{"@type":"ListItem","position":2,"name":"Dates importantes"}]},{"@type":"WebSite","@id":"https:\/\/sites.ipleiria.pt\/ipce2018\/#website","url":"https:\/\/sites.ipleiria.pt\/ipce2018\/","name":"confer\u00eancia internacional \u00b7 esecs \/ instituto polit\u00e9cnico de leiria\/portugal","description":"VII Investiga\u00e7\u00e3o, Pr\u00e1ticas e Contextos em Educa\u00e7\u00e3o","potentialAction":[{"@type":"SearchAction","target":{"@type":"EntryPoint","urlTemplate":"https:\/\/sites.ipleiria.pt\/ipce2018\/?s={search_term_string}"},"query-input":{"@type":"PropertyValueSpecification","valueRequired":true,"valueName":"search_term_string"}}],"inLanguage":"pt-PT"}]}},"_links":{"self":[{"href":"https:\/\/sites.ipleiria.pt\/ipce2018\/wp-json\/wp\/v2\/pages\/144","targetHints":{"allow":["GET"]}}],"collection":[{"href":"https:\/\/sites.ipleiria.pt\/ipce2018\/wp-json\/wp\/v2\/pages"}],"about":[{"href":"https:\/\/sites.ipleiria.pt\/ipce2018\/wp-json\/wp\/v2\/types\/page"}],"author":[{"embeddable":true,"href":"https:\/\/sites.ipleiria.pt\/ipce2018\/wp-json\/wp\/v2\/users\/102"}],"replies":[{"embeddable":true,"href":"https:\/\/sites.ipleiria.pt\/ipce2018\/wp-json\/wp\/v2\/comments?post=144"}],"version-history":[{"count":7,"href":"https:\/\/sites.ipleiria.pt\/ipce2018\/wp-json\/wp\/v2\/pages\/144\/revisions"}],"predecessor-version":[{"id":400,"href":"https:\/\/sites.ipleiria.pt\/ipce2018\/wp-json\/wp\/v2\/pages\/144\/revisions\/400"}],"wp:attachment":[{"href":"https:\/\/sites.ipleiria.pt\/ipce2018\/wp-json\/wp\/v2\/media?parent=144"}],"curies":[{"name":"wp","href":"https:\/\/api.w.org\/{rel}","templated":true}]}}