{"id":168,"date":"2017-11-21T11:52:05","date_gmt":"2017-11-21T11:52:05","guid":{"rendered":"http:\/\/sites.ipleiria.pt\/ipce2018\/?page_id=168"},"modified":"2018-01-08T13:43:40","modified_gmt":"2018-01-08T13:43:40","slug":"conferenciers","status":"publish","type":"page","link":"https:\/\/sites.ipleiria.pt\/ipce2018\/fr\/conferenciers\/","title":{"rendered":"Conf\u00e9renciers"},"content":{"rendered":"<h1 style=\"text-align: left\"><strong>S\u00e9ance d&#8217;ouverture<\/strong><strong> (vendredi,\u00a04 mai &#8211; 9h30)<\/strong><\/h1>\n<hr \/>\n<p><em><strong>Douglas Angus<\/strong><\/em><\/p>\n<p><img loading=\"lazy\" decoding=\"async\" class=\"wp-image-367 alignleft\" src=\"http:\/\/sites.ipleiria.pt\/ipce2018\/files\/2018\/01\/Golden-ticket-300x274.jpg\" alt=\"\" width=\"183\" height=\"167\" srcset=\"https:\/\/sites.ipleiria.pt\/ipce2018\/files\/2018\/01\/Golden-ticket-300x274.jpg 300w, https:\/\/sites.ipleiria.pt\/ipce2018\/files\/2018\/01\/Golden-ticket-535x489.jpg 535w, https:\/\/sites.ipleiria.pt\/ipce2018\/files\/2018\/01\/Golden-ticket.jpg 574w\" sizes=\"auto, (max-width: 183px) 100vw, 183px\" \/><\/p>\n<p>I have had throughout my career a commitment to the improvement of quality of education delivered in schools.\u00a0 This has led me to work consistently at updating and upgrading my own subject qualifications (I have four post-graduate degrees and diplomas), my wider skills (I have a number of ICT and sport qualifications), and at helping others to develop their skills and expertise.<\/p>\n<p>I was a Development Officer in Modern Languages for the Higher Still Development Unit which reorganised all Scotland\u2019s formal school qualifications from 1996 to 2001, and worked on tailoring the curriculum to meet the needs of students from Access 3 level to Advanced Higher. I was then appointed Higher Still Development Unit National Trainer in Modern Languages, explaining and helping manage the changes I had been involved in producing to teachers across Scotland.<\/p>\n<p>I have worked extensively in staff development: I have also completed a Post-Graduate Diploma in Human Management.\u00a0 I was for a number of years a Trade Union Secretary for the teachers\u2019 union, the EIS. Through this role, I was involved in consultation on and implementation of significant changes to structures and working patterns, and helped in involving staff in these processes, in a supportive role. \u00a0I was also for a time elected to be a member of the General Teaching Council, (Scotland). Throughout this time, I continued to be a teacher of languages.<\/p>\n<p>As a Quality Improvement Officer, I worked extensively with head teachers, councillors, the Inspectorate, and a variety of colleagues not directly involved in teaching. My role was to inspect schools and suggest ways that schools and individual teachers could improve outcomes for their learners. I currently work in a number of areas, helping learners of languages to achieve more and supporting teachers in their personal and professional development.<\/p>\n<ul>\n<li><strong>2017-\u00a0 <\/strong>appointed British Council Ambassador to support school and local authorities develop international education and support Erasmus+ and eTwinning<\/li>\n<li><strong>2015-present\u00a0<\/strong>Coordinator of Scottish team involved in Erasmus+ project, MCCPD<\/li>\n<li><strong>2011-present\u00a0<\/strong>Working for SCHOLAR Unit, Heriot Watt University as tutor and author of support materials<\/li>\n<li><strong>2002-present\u00a0<\/strong>Author of a series of textbooks to prepare Scottish school pupils for external examinations in French, German and Spanish<\/li>\n<li><strong>2007-2010\u00a0<\/strong>Quality Improvement Officer: role involves inspecting schools, in my case with particular responsibilities for Assessment<\/li>\n<li><strong>2005-2007\u00a0<\/strong>Council member on GTCS, member of Disciplinary Committee, Policy and Strategy Committee, Vice Convener of Exceptional Admissions Register Committee<\/li>\n<li><strong>2004-2010\u00a0<\/strong>Member of Local Authority Peer Reviewer team<\/li>\n<li>Member of Local Authority CPD steering group<\/li>\n<li><strong>2002-2007\u00a0<\/strong>Local Authority Secretary for EIS in Scottish Borders. Teacher Representative on Council Education Executive<em>.<\/em><\/li>\n<li><strong>2002<\/strong>&#8211;<strong>2007\u00a0<\/strong>Subject Coordinator for Modern Languages, SBC. Specialist Group supervising Higher Still development in ML<\/li>\n<li><strong>Until 2007\u00a0<\/strong>Teacher of Modern Languages in England, Germany, Scotland and France<\/li>\n<\/ul>\n<h1 style=\"text-align: left\"><strong>Conf\u00e9rence pl\u00e9ni\u00e8re<\/strong><strong> (samedi, 5 mai &#8211; 9h30)<\/strong><\/h1>\n<hr \/>\n<p><strong><em>Ant\u00f3nio Eduardo Veyrier Val\u00e9rio Maduro\u00a0 (Instituto Universit\u00e1rio da Maia- Portugal)<\/em><\/strong><\/p>\n<p><img loading=\"lazy\" decoding=\"async\" class=\"size-full wp-image-363 alignleft\" src=\"http:\/\/sites.ipleiria.pt\/ipce2018\/files\/2018\/01\/Anto\u0301nio-Maduro.jpg\" alt=\"\" width=\"179\" height=\"168\" \/><\/p>\n<p>Professor da Escola Secund\u00e1ria Francisco Rodrigues Lobo e do Instituto Universit\u00e1rio da Maia. Doutorado em Hist\u00f3ria Contempor\u00e2nea pela Universidade de Coimbra. Investigador do Centro de Estudos Disciplinares (CEDTUR-CETRAD\/UTAD) e do Centro de Hist\u00f3ria da Sociedade e da Cultura (CHSC\/FLUC). Secret\u00e1rio da revista PASOS.<em> Revista de Turismo y Patrim\u00f3nio Cultural<\/em> (Universidad de La Laguna\/ISMAI). Tem diversos livros e cap\u00edtulos de livros publicados e artigos em atas e revistas de especialidade. A investiga\u00e7\u00e3o centra-se, essencialmente, na tem\u00e1tica da Hist\u00f3ria Rural e do Patrim\u00f3nio Industrial.<\/p>\n<p>Plus d&#8217;informations <a href=\"http:\/\/www.degois.pt\/visualizador\/curriculum.jsp?key=6370862504844805\">ici<\/a><\/p>\n","protected":false},"excerpt":{"rendered":"<p>S\u00e9ance d&#8217;ouverture (vendredi,\u00a04 mai &#8211; 9h30) Douglas Angus I have had throughout my career a commitment to the improvement of quality of education delivered in schools.\u00a0 This has led me to work consistently at updating and upgrading my own subject qualifications (I have four post-graduate degrees and diplomas), my wider skills (I have a number [&hellip;]<\/p>\n","protected":false},"author":102,"featured_media":0,"parent":0,"menu_order":0,"comment_status":"closed","ping_status":"closed","template":"","meta":{"footnotes":""},"class_list":["post-168","page","type-page","status-publish","hentry"],"yoast_head":"<!-- This site is optimized with the Yoast SEO plugin v26.8 - https:\/\/yoast.com\/product\/yoast-seo-wordpress\/ -->\n<title>Conf\u00e9renciers - confer\u00eancia internacional \u00b7 esecs \/ instituto polit\u00e9cnico de leiria\/portugal<\/title>\n<meta name=\"robots\" content=\"index, follow, max-snippet:-1, max-image-preview:large, max-video-preview:-1\" \/>\n<link rel=\"canonical\" href=\"https:\/\/sites.ipleiria.pt\/ipce2018\/fr\/conferenciers\/\" \/>\n<meta property=\"og:locale\" content=\"pt_PT\" \/>\n<meta property=\"og:type\" content=\"article\" \/>\n<meta property=\"og:title\" content=\"Conf\u00e9renciers - confer\u00eancia internacional \u00b7 esecs \/ instituto polit\u00e9cnico de leiria\/portugal\" \/>\n<meta property=\"og:description\" content=\"S\u00e9ance d&#8217;ouverture (vendredi,\u00a04 mai &#8211; 9h30) Douglas Angus I have had throughout my career a commitment to the improvement of quality of education delivered in schools.\u00a0 This has led me to work consistently at updating and upgrading my own subject qualifications (I have four post-graduate degrees and diplomas), my wider skills (I have a number [&hellip;]\" \/>\n<meta property=\"og:url\" content=\"https:\/\/sites.ipleiria.pt\/ipce2018\/fr\/conferenciers\/\" \/>\n<meta property=\"og:site_name\" content=\"confer\u00eancia internacional \u00b7 esecs \/ instituto polit\u00e9cnico de leiria\/portugal\" \/>\n<meta property=\"article:modified_time\" content=\"2018-01-08T13:43:40+00:00\" \/>\n<meta property=\"og:image\" content=\"https:\/\/sites.ipleiria.pt\/ipce2018\/files\/2018\/01\/Golden-ticket.jpg\" \/>\n\t<meta property=\"og:image:width\" content=\"574\" \/>\n\t<meta property=\"og:image:height\" content=\"525\" \/>\n\t<meta property=\"og:image:type\" content=\"image\/jpeg\" \/>\n<meta name=\"twitter:card\" content=\"summary_large_image\" \/>\n<meta name=\"twitter:label1\" content=\"Tempo estimado de leitura\" \/>\n\t<meta name=\"twitter:data1\" content=\"3 minutos\" \/>\n<script type=\"application\/ld+json\" class=\"yoast-schema-graph\">{\"@context\":\"https:\/\/schema.org\",\"@graph\":[{\"@type\":\"WebPage\",\"@id\":\"https:\/\/sites.ipleiria.pt\/ipce2018\/fr\/conferenciers\/\",\"url\":\"https:\/\/sites.ipleiria.pt\/ipce2018\/fr\/conferenciers\/\",\"name\":\"Conf\u00e9renciers - confer\u00eancia internacional \u00b7 esecs \/ instituto polit\u00e9cnico de leiria\/portugal\",\"isPartOf\":{\"@id\":\"https:\/\/sites.ipleiria.pt\/ipce2018\/#website\"},\"primaryImageOfPage\":{\"@id\":\"https:\/\/sites.ipleiria.pt\/ipce2018\/fr\/conferenciers\/#primaryimage\"},\"image\":{\"@id\":\"https:\/\/sites.ipleiria.pt\/ipce2018\/fr\/conferenciers\/#primaryimage\"},\"thumbnailUrl\":\"http:\/\/sites.ipleiria.pt\/ipce2018\/files\/2018\/01\/Golden-ticket-300x274.jpg\",\"datePublished\":\"2017-11-21T11:52:05+00:00\",\"dateModified\":\"2018-01-08T13:43:40+00:00\",\"breadcrumb\":{\"@id\":\"https:\/\/sites.ipleiria.pt\/ipce2018\/fr\/conferenciers\/#breadcrumb\"},\"inLanguage\":\"pt-PT\",\"potentialAction\":[{\"@type\":\"ReadAction\",\"target\":[\"https:\/\/sites.ipleiria.pt\/ipce2018\/fr\/conferenciers\/\"]}]},{\"@type\":\"ImageObject\",\"inLanguage\":\"pt-PT\",\"@id\":\"https:\/\/sites.ipleiria.pt\/ipce2018\/fr\/conferenciers\/#primaryimage\",\"url\":\"https:\/\/sites.ipleiria.pt\/ipce2018\/files\/2018\/01\/Golden-ticket.jpg\",\"contentUrl\":\"https:\/\/sites.ipleiria.pt\/ipce2018\/files\/2018\/01\/Golden-ticket.jpg\",\"width\":574,\"height\":525},{\"@type\":\"BreadcrumbList\",\"@id\":\"https:\/\/sites.ipleiria.pt\/ipce2018\/fr\/conferenciers\/#breadcrumb\",\"itemListElement\":[{\"@type\":\"ListItem\",\"position\":1,\"name\":\"In\u00edcio\",\"item\":\"https:\/\/sites.ipleiria.pt\/ipce2018\/\"},{\"@type\":\"ListItem\",\"position\":2,\"name\":\"Conf\u00e9renciers\"}]},{\"@type\":\"WebSite\",\"@id\":\"https:\/\/sites.ipleiria.pt\/ipce2018\/#website\",\"url\":\"https:\/\/sites.ipleiria.pt\/ipce2018\/\",\"name\":\"confer\u00eancia internacional \u00b7 esecs \/ instituto polit\u00e9cnico de leiria\/portugal\",\"description\":\"VII Investiga\u00e7\u00e3o, Pr\u00e1ticas e Contextos em Educa\u00e7\u00e3o\",\"potentialAction\":[{\"@type\":\"SearchAction\",\"target\":{\"@type\":\"EntryPoint\",\"urlTemplate\":\"https:\/\/sites.ipleiria.pt\/ipce2018\/?s={search_term_string}\"},\"query-input\":{\"@type\":\"PropertyValueSpecification\",\"valueRequired\":true,\"valueName\":\"search_term_string\"}}],\"inLanguage\":\"pt-PT\"}]}<\/script>\n<!-- \/ Yoast SEO plugin. -->","yoast_head_json":{"title":"Conf\u00e9renciers - confer\u00eancia internacional \u00b7 esecs \/ instituto polit\u00e9cnico de leiria\/portugal","robots":{"index":"index","follow":"follow","max-snippet":"max-snippet:-1","max-image-preview":"max-image-preview:large","max-video-preview":"max-video-preview:-1"},"canonical":"https:\/\/sites.ipleiria.pt\/ipce2018\/fr\/conferenciers\/","og_locale":"pt_PT","og_type":"article","og_title":"Conf\u00e9renciers - confer\u00eancia internacional \u00b7 esecs \/ instituto polit\u00e9cnico de leiria\/portugal","og_description":"S\u00e9ance d&#8217;ouverture (vendredi,\u00a04 mai &#8211; 9h30) Douglas Angus I have had throughout my career a commitment to the improvement of quality of education delivered in schools.\u00a0 This has led me to work consistently at updating and upgrading my own subject qualifications (I have four post-graduate degrees and diplomas), my wider skills (I have a number [&hellip;]","og_url":"https:\/\/sites.ipleiria.pt\/ipce2018\/fr\/conferenciers\/","og_site_name":"confer\u00eancia internacional \u00b7 esecs \/ instituto polit\u00e9cnico de leiria\/portugal","article_modified_time":"2018-01-08T13:43:40+00:00","og_image":[{"width":574,"height":525,"url":"https:\/\/sites.ipleiria.pt\/ipce2018\/files\/2018\/01\/Golden-ticket.jpg","type":"image\/jpeg"}],"twitter_card":"summary_large_image","twitter_misc":{"Tempo estimado de leitura":"3 minutos"},"schema":{"@context":"https:\/\/schema.org","@graph":[{"@type":"WebPage","@id":"https:\/\/sites.ipleiria.pt\/ipce2018\/fr\/conferenciers\/","url":"https:\/\/sites.ipleiria.pt\/ipce2018\/fr\/conferenciers\/","name":"Conf\u00e9renciers - confer\u00eancia internacional \u00b7 esecs \/ instituto polit\u00e9cnico de leiria\/portugal","isPartOf":{"@id":"https:\/\/sites.ipleiria.pt\/ipce2018\/#website"},"primaryImageOfPage":{"@id":"https:\/\/sites.ipleiria.pt\/ipce2018\/fr\/conferenciers\/#primaryimage"},"image":{"@id":"https:\/\/sites.ipleiria.pt\/ipce2018\/fr\/conferenciers\/#primaryimage"},"thumbnailUrl":"http:\/\/sites.ipleiria.pt\/ipce2018\/files\/2018\/01\/Golden-ticket-300x274.jpg","datePublished":"2017-11-21T11:52:05+00:00","dateModified":"2018-01-08T13:43:40+00:00","breadcrumb":{"@id":"https:\/\/sites.ipleiria.pt\/ipce2018\/fr\/conferenciers\/#breadcrumb"},"inLanguage":"pt-PT","potentialAction":[{"@type":"ReadAction","target":["https:\/\/sites.ipleiria.pt\/ipce2018\/fr\/conferenciers\/"]}]},{"@type":"ImageObject","inLanguage":"pt-PT","@id":"https:\/\/sites.ipleiria.pt\/ipce2018\/fr\/conferenciers\/#primaryimage","url":"https:\/\/sites.ipleiria.pt\/ipce2018\/files\/2018\/01\/Golden-ticket.jpg","contentUrl":"https:\/\/sites.ipleiria.pt\/ipce2018\/files\/2018\/01\/Golden-ticket.jpg","width":574,"height":525},{"@type":"BreadcrumbList","@id":"https:\/\/sites.ipleiria.pt\/ipce2018\/fr\/conferenciers\/#breadcrumb","itemListElement":[{"@type":"ListItem","position":1,"name":"In\u00edcio","item":"https:\/\/sites.ipleiria.pt\/ipce2018\/"},{"@type":"ListItem","position":2,"name":"Conf\u00e9renciers"}]},{"@type":"WebSite","@id":"https:\/\/sites.ipleiria.pt\/ipce2018\/#website","url":"https:\/\/sites.ipleiria.pt\/ipce2018\/","name":"confer\u00eancia internacional \u00b7 esecs \/ instituto polit\u00e9cnico de leiria\/portugal","description":"VII Investiga\u00e7\u00e3o, Pr\u00e1ticas e Contextos em Educa\u00e7\u00e3o","potentialAction":[{"@type":"SearchAction","target":{"@type":"EntryPoint","urlTemplate":"https:\/\/sites.ipleiria.pt\/ipce2018\/?s={search_term_string}"},"query-input":{"@type":"PropertyValueSpecification","valueRequired":true,"valueName":"search_term_string"}}],"inLanguage":"pt-PT"}]}},"_links":{"self":[{"href":"https:\/\/sites.ipleiria.pt\/ipce2018\/wp-json\/wp\/v2\/pages\/168","targetHints":{"allow":["GET"]}}],"collection":[{"href":"https:\/\/sites.ipleiria.pt\/ipce2018\/wp-json\/wp\/v2\/pages"}],"about":[{"href":"https:\/\/sites.ipleiria.pt\/ipce2018\/wp-json\/wp\/v2\/types\/page"}],"author":[{"embeddable":true,"href":"https:\/\/sites.ipleiria.pt\/ipce2018\/wp-json\/wp\/v2\/users\/102"}],"replies":[{"embeddable":true,"href":"https:\/\/sites.ipleiria.pt\/ipce2018\/wp-json\/wp\/v2\/comments?post=168"}],"version-history":[{"count":6,"href":"https:\/\/sites.ipleiria.pt\/ipce2018\/wp-json\/wp\/v2\/pages\/168\/revisions"}],"predecessor-version":[{"id":383,"href":"https:\/\/sites.ipleiria.pt\/ipce2018\/wp-json\/wp\/v2\/pages\/168\/revisions\/383"}],"wp:attachment":[{"href":"https:\/\/sites.ipleiria.pt\/ipce2018\/wp-json\/wp\/v2\/media?parent=168"}],"curies":[{"name":"wp","href":"https:\/\/api.w.org\/{rel}","templated":true}]}}