{"id":13,"date":"2018-11-26T13:07:26","date_gmt":"2018-11-26T13:07:26","guid":{"rendered":"http:\/\/sites.ipleiria.pt\/ipce2019\/?page_id=13"},"modified":"2019-05-02T09:58:21","modified_gmt":"2019-05-02T09:58:21","slug":"submissao-de-propostas","status":"publish","type":"page","link":"https:\/\/sites.ipleiria.pt\/ipce2019\/submissao-de-propostas\/","title":{"rendered":"Submiss\u00e3o de propostas"},"content":{"rendered":"<p>As sess\u00f5es paralelas de comunica\u00e7\u00e3o destinam-se \u00e0 apresenta\u00e7\u00e3o de experi\u00eancias educativas, projetos, trabalhos de investiga\u00e7\u00e3o, ferramentas e materiais dentro dos temas definidos para a confer\u00eancia IPCE.<br \/>\nA Comiss\u00e3o Organizadora da IPCE2019 convida a comunidade educativa, nomeadamente, educadores, professores, investigadores, estudantes do ensino superior, \u00f3rg\u00e3os de dire\u00e7\u00e3o e gest\u00e3o de institui\u00e7\u00f5es e t\u00e9cnicos da \u00e1rea da educa\u00e7\u00e3o, \u00e0 apresenta\u00e7\u00e3o de trabalhos num dos seguintes formatos:<\/p>\n<p><strong>Artigo<\/strong><br \/>\nAs submiss\u00f5es devem ser textos in\u00e9ditos, n\u00e3o editados ou apresentados em quaisquer outras publica\u00e7\u00f5es. Os textos podem ser submetidos em Portugu\u00eas, Ingl\u00eas ou Espanhol. Os textos s\u00e3o limitados a 30 000 caracteres, incluindo espa\u00e7os e excluindo: t\u00edtulo; afilia\u00e7\u00e3o e contacto; resumo e palavras-chave e abstract e keywords.<br \/>\nOs textos devem seguir, obrigatoriamente, as normas de formata\u00e7\u00e3o do IPCE2019 (.doc ou .docx). O modelo deve ser descarregado (<a href=\"http:\/\/sites.ipleiria.pt\/ipce2019\/files\/2018\/12\/IPCE2019_Modelo_artigo-POR.docx\">descarregue aqui<\/a>) e deve ser usado para trabalhar diretamente sobre o ficheiro. No caso de estas normas n\u00e3o serem respeitadas, os textos n\u00e3o ser\u00e3o publicados.<br \/>\nA submiss\u00e3o do artigo, devidamente identificado com o apelido do(s) autor(es) e t\u00edtulo do artigo, dever\u00e1 ser feita na plataforma <a href=\"https:\/\/easychair.org\/conferences\/?conf=ipce2019\" target=\"_blank\" rel=\"noopener noreferrer\"><em>Easychair<\/em><\/a> at\u00e9 ao dia <strong><del>11 de fevereiro de 2019<\/del> 25 de fevereiro de 2019.<\/strong><\/p>\n<p><strong>Relato<\/strong><br \/>\nEste formato \u00e9 particularmente adequado a experi\u00eancias educativas e projetos que ainda estejam a decorrer. Um relato pode ser:<br \/>\n&#8211; uma experi\u00eancia educativa (sem necessidade de metodologia, resultados e\/ou refer\u00eancias)<br \/>\n&#8211; um projeto em curso (sem necessidade de metodologia, resultados e\/ou refer\u00eancias)<br \/>\n&#8211; e\/ou um projeto de investiga\u00e7\u00e3o\/educativo (com necessidade de colocar metodologia, resultados e refer\u00eancias).<\/p>\n<p>As submiss\u00f5es devem ser textos in\u00e9ditos, n\u00e3o editados ou apresentados em quaisquer outras publica\u00e7\u00f5es. Os textos podem ser submetidos em Portugu\u00eas, Ingl\u00eas ou Espanhol. Os textos s\u00e3o limitados a 4200 caracteres, incluindo espa\u00e7os e excluindo: t\u00edtulo; afilia\u00e7\u00e3o e contacto; resumo e palavras-chave e abstract e keywords.<br \/>\nOs textos devem seguir, obrigatoriamente, as normas de formata\u00e7\u00e3o do IPCE2019 (.doc ou .docx). O modelo deve ser descarregado (<a href=\"http:\/\/sites.ipleiria.pt\/ipce2019\/files\/2018\/12\/IPCE2019_Modelo-Relato-POR.docx\">descarregue aqui<\/a>) e deve ser usado para trabalhar diretamente sobre o ficheiro. No caso de estas normas n\u00e3o serem respeitadas, os textos n\u00e3o ser\u00e3o publicados.<br \/>\nA submiss\u00e3o do relato, devidamente identificado com o apelido do(s) autor(es) e t\u00edtulo do artigo, dever\u00e1 ser feita na plataforma <a href=\"https:\/\/easychair.org\/conferences\/?conf=ipce2019\" target=\"_blank\" rel=\"noopener noreferrer\"><em>Easychair<\/em><\/a> at\u00e9 ao dia<strong><del>11 de fevereiro de 2019<\/del> 25 de fevereiro de 2019.<\/strong><\/p>\n<p><strong>P\u00f3ster<\/strong><br \/>\nVisa a divulga\u00e7\u00e3o de trabalhos de investiga\u00e7\u00e3o, experi\u00eancias educativas, projetos, ferramentas e materiais. A apresenta\u00e7\u00e3o de posters na IPCE constitui uma excelente oportunidade para os autores divulgarem e discutirem os seus trabalhos de um modo interativo e informal.<br \/>\nA submiss\u00e3o de posters \u00e9 feita via modelo predefinido.<br \/>\nOs posters aceites \u00e0 IPCE dever\u00e3o ser afixados no in\u00edcio do primeiro dia da confer\u00eancia, mantendo-se at\u00e9 ao final (tamanho A0, vertical). Os autores dever\u00e3o estar presentes durante a sess\u00e3o de apresenta\u00e7\u00e3o de posters, de modo a poderem apresentar e discutir informalmente o seu trabalho. A sess\u00e3o de apresenta\u00e7\u00e3o de posters durar\u00e1 uma hora. Os materiais a expor s\u00e3o da responsabilidade dos autores e dever\u00e3o ser preparados previamente \u00e0 confer\u00eancia.<br \/>\nModelo para P\u00f3ster (.ppt ou .pptx) (descarregue <a href=\"http:\/\/sites.ipleiria.pt\/ipce2019\/files\/2018\/12\/IPCE2019_Modelo_Poster-POR.pptx\">aqui<\/a>)<br \/>\nA submiss\u00e3o do P\u00f3ster, devidamente identificado com o apelido do(s) autor(es) e t\u00edtulo do p\u00f3ster, dever\u00e1 ser feita na plataforma <a href=\"https:\/\/easychair.org\/conferences\/?conf=ipce2019\" target=\"_blank\" rel=\"noopener noreferrer\"><em>Easychair<\/em><\/a> at\u00e9 ao dia<strong><del>11 de fevereiro de 2019<\/del> 25 de fevereiro de 2019.<\/strong><\/p>\n<p><strong>NOTA IMPORTANTE<\/strong><br \/>\nOs trabalhos submetidos ser\u00e3o sujeitos a uma avalia\u00e7\u00e3o cega por especialistas da Comiss\u00e3o Cient\u00edfica do IPCE2019. Nesta avalia\u00e7\u00e3o ter-se-\u00e1 em considera\u00e7\u00e3o a:<br \/>\ni) Pertin\u00eancia da proposta em rela\u00e7\u00e3o \u00e0 tem\u00e1tica da confer\u00eancia<br \/>\nii) Qualidade cient\u00edfica e contributos do trabalho<br \/>\niii) Respeito das normas de reda\u00e7\u00e3o<br \/>\nAp\u00f3s a avalia\u00e7\u00e3o, a Comiss\u00e3o Organizadora da IPCE enviar\u00e1 aos autores, por correio eletr\u00f3nico, nota sobre a aceita\u00e7\u00e3o das propostas submetidas, <strong>at\u00e9 ao dia 15 de abril de 2019<\/strong>.<\/p>\n<p>A apresenta\u00e7\u00e3o dos relatos ter\u00e1 uma dura\u00e7\u00e3o m\u00e1xima de 10 minutos e dos artigos de 15 minutos.<br \/>\nA publica\u00e7\u00e3o em Livro de Atas est\u00e1 dependente da inscri\u00e7\u00e3o no IPCE2019 de pelo menos um dos autores.<\/p>\n","protected":false},"excerpt":{"rendered":"<p>As sess\u00f5es paralelas de comunica\u00e7\u00e3o destinam-se \u00e0 apresenta\u00e7\u00e3o de experi\u00eancias educativas, projetos, trabalhos de investiga\u00e7\u00e3o, ferramentas e materiais dentro dos temas definidos para a confer\u00eancia IPCE. A Comiss\u00e3o Organizadora da IPCE2019 convida a comunidade educativa, nomeadamente, educadores, professores, investigadores, estudantes&hellip;  <\/p>\n<p class=\"more-link\"><a href=\"https:\/\/sites.ipleiria.pt\/ipce2019\/submissao-de-propostas\/\">Continue reading <span class=\"meta-nav\">&rarr;<\/span><\/a><\/p>\n","protected":false},"author":102,"featured_media":0,"parent":0,"menu_order":0,"comment_status":"closed","ping_status":"closed","template":"","meta":{"footnotes":""},"class_list":["post-13","page","type-page","status-publish","hentry"],"yoast_head":"<!-- This site is optimized with the Yoast SEO plugin v26.8 - https:\/\/yoast.com\/product\/yoast-seo-wordpress\/ -->\n<title>Submiss\u00e3o de propostas - VIII Investiga\u00e7\u00e3o Pr\u00e1ticas e Contextos em Educa\u00e7\u00e3o<\/title>\n<meta name=\"robots\" content=\"index, follow, max-snippet:-1, max-image-preview:large, max-video-preview:-1\" \/>\n<link rel=\"canonical\" href=\"https:\/\/sites.ipleiria.pt\/ipce2019\/submissao-de-propostas\/\" \/>\n<meta property=\"og:locale\" content=\"pt_PT\" \/>\n<meta property=\"og:type\" content=\"article\" \/>\n<meta property=\"og:title\" content=\"Submiss\u00e3o de propostas - VIII Investiga\u00e7\u00e3o Pr\u00e1ticas e Contextos em Educa\u00e7\u00e3o\" \/>\n<meta property=\"og:description\" content=\"As sess\u00f5es paralelas de comunica\u00e7\u00e3o destinam-se \u00e0 apresenta\u00e7\u00e3o de experi\u00eancias educativas, projetos, trabalhos de investiga\u00e7\u00e3o, ferramentas e materiais dentro dos temas definidos para a confer\u00eancia IPCE. A Comiss\u00e3o Organizadora da IPCE2019 convida a comunidade educativa, nomeadamente, educadores, professores, investigadores, estudantes&hellip; Continue reading &rarr;\" \/>\n<meta property=\"og:url\" content=\"https:\/\/sites.ipleiria.pt\/ipce2019\/submissao-de-propostas\/\" \/>\n<meta property=\"og:site_name\" content=\"VIII Investiga\u00e7\u00e3o Pr\u00e1ticas e Contextos em Educa\u00e7\u00e3o\" \/>\n<meta property=\"article:modified_time\" content=\"2019-05-02T09:58:21+00:00\" \/>\n<meta name=\"twitter:card\" content=\"summary_large_image\" \/>\n<meta name=\"twitter:label1\" content=\"Tempo estimado de leitura\" \/>\n\t<meta name=\"twitter:data1\" content=\"4 minutos\" \/>\n<script type=\"application\/ld+json\" class=\"yoast-schema-graph\">{\"@context\":\"https:\/\/schema.org\",\"@graph\":[{\"@type\":\"WebPage\",\"@id\":\"https:\/\/sites.ipleiria.pt\/ipce2019\/submissao-de-propostas\/\",\"url\":\"https:\/\/sites.ipleiria.pt\/ipce2019\/submissao-de-propostas\/\",\"name\":\"Submiss\u00e3o de propostas - VIII Investiga\u00e7\u00e3o Pr\u00e1ticas e Contextos em Educa\u00e7\u00e3o\",\"isPartOf\":{\"@id\":\"https:\/\/sites.ipleiria.pt\/ipce2019\/#website\"},\"datePublished\":\"2018-11-26T13:07:26+00:00\",\"dateModified\":\"2019-05-02T09:58:21+00:00\",\"breadcrumb\":{\"@id\":\"https:\/\/sites.ipleiria.pt\/ipce2019\/submissao-de-propostas\/#breadcrumb\"},\"inLanguage\":\"pt-PT\",\"potentialAction\":[{\"@type\":\"ReadAction\",\"target\":[\"https:\/\/sites.ipleiria.pt\/ipce2019\/submissao-de-propostas\/\"]}]},{\"@type\":\"BreadcrumbList\",\"@id\":\"https:\/\/sites.ipleiria.pt\/ipce2019\/submissao-de-propostas\/#breadcrumb\",\"itemListElement\":[{\"@type\":\"ListItem\",\"position\":1,\"name\":\"In\u00edcio\",\"item\":\"https:\/\/sites.ipleiria.pt\/ipce2019\/\"},{\"@type\":\"ListItem\",\"position\":2,\"name\":\"Submiss\u00e3o de propostas\"}]},{\"@type\":\"WebSite\",\"@id\":\"https:\/\/sites.ipleiria.pt\/ipce2019\/#website\",\"url\":\"https:\/\/sites.ipleiria.pt\/ipce2019\/\",\"name\":\"VIII Investiga\u00e7\u00e3o Pr\u00e1ticas e Contextos em Educa\u00e7\u00e3o\",\"description\":\"Mais um site Sites IPLEIRIA\",\"potentialAction\":[{\"@type\":\"SearchAction\",\"target\":{\"@type\":\"EntryPoint\",\"urlTemplate\":\"https:\/\/sites.ipleiria.pt\/ipce2019\/?s={search_term_string}\"},\"query-input\":{\"@type\":\"PropertyValueSpecification\",\"valueRequired\":true,\"valueName\":\"search_term_string\"}}],\"inLanguage\":\"pt-PT\"}]}<\/script>\n<!-- \/ Yoast SEO plugin. -->","yoast_head_json":{"title":"Submiss\u00e3o de propostas - VIII Investiga\u00e7\u00e3o Pr\u00e1ticas e Contextos em Educa\u00e7\u00e3o","robots":{"index":"index","follow":"follow","max-snippet":"max-snippet:-1","max-image-preview":"max-image-preview:large","max-video-preview":"max-video-preview:-1"},"canonical":"https:\/\/sites.ipleiria.pt\/ipce2019\/submissao-de-propostas\/","og_locale":"pt_PT","og_type":"article","og_title":"Submiss\u00e3o de propostas - VIII Investiga\u00e7\u00e3o Pr\u00e1ticas e Contextos em Educa\u00e7\u00e3o","og_description":"As sess\u00f5es paralelas de comunica\u00e7\u00e3o destinam-se \u00e0 apresenta\u00e7\u00e3o de experi\u00eancias educativas, projetos, trabalhos de investiga\u00e7\u00e3o, ferramentas e materiais dentro dos temas definidos para a confer\u00eancia IPCE. A Comiss\u00e3o Organizadora da IPCE2019 convida a comunidade educativa, nomeadamente, educadores, professores, investigadores, estudantes&hellip; Continue reading &rarr;","og_url":"https:\/\/sites.ipleiria.pt\/ipce2019\/submissao-de-propostas\/","og_site_name":"VIII Investiga\u00e7\u00e3o Pr\u00e1ticas e Contextos em Educa\u00e7\u00e3o","article_modified_time":"2019-05-02T09:58:21+00:00","twitter_card":"summary_large_image","twitter_misc":{"Tempo estimado de leitura":"4 minutos"},"schema":{"@context":"https:\/\/schema.org","@graph":[{"@type":"WebPage","@id":"https:\/\/sites.ipleiria.pt\/ipce2019\/submissao-de-propostas\/","url":"https:\/\/sites.ipleiria.pt\/ipce2019\/submissao-de-propostas\/","name":"Submiss\u00e3o de propostas - VIII Investiga\u00e7\u00e3o Pr\u00e1ticas e Contextos em Educa\u00e7\u00e3o","isPartOf":{"@id":"https:\/\/sites.ipleiria.pt\/ipce2019\/#website"},"datePublished":"2018-11-26T13:07:26+00:00","dateModified":"2019-05-02T09:58:21+00:00","breadcrumb":{"@id":"https:\/\/sites.ipleiria.pt\/ipce2019\/submissao-de-propostas\/#breadcrumb"},"inLanguage":"pt-PT","potentialAction":[{"@type":"ReadAction","target":["https:\/\/sites.ipleiria.pt\/ipce2019\/submissao-de-propostas\/"]}]},{"@type":"BreadcrumbList","@id":"https:\/\/sites.ipleiria.pt\/ipce2019\/submissao-de-propostas\/#breadcrumb","itemListElement":[{"@type":"ListItem","position":1,"name":"In\u00edcio","item":"https:\/\/sites.ipleiria.pt\/ipce2019\/"},{"@type":"ListItem","position":2,"name":"Submiss\u00e3o de propostas"}]},{"@type":"WebSite","@id":"https:\/\/sites.ipleiria.pt\/ipce2019\/#website","url":"https:\/\/sites.ipleiria.pt\/ipce2019\/","name":"VIII Investiga\u00e7\u00e3o Pr\u00e1ticas e Contextos em Educa\u00e7\u00e3o","description":"Mais um site Sites IPLEIRIA","potentialAction":[{"@type":"SearchAction","target":{"@type":"EntryPoint","urlTemplate":"https:\/\/sites.ipleiria.pt\/ipce2019\/?s={search_term_string}"},"query-input":{"@type":"PropertyValueSpecification","valueRequired":true,"valueName":"search_term_string"}}],"inLanguage":"pt-PT"}]}},"_links":{"self":[{"href":"https:\/\/sites.ipleiria.pt\/ipce2019\/wp-json\/wp\/v2\/pages\/13","targetHints":{"allow":["GET"]}}],"collection":[{"href":"https:\/\/sites.ipleiria.pt\/ipce2019\/wp-json\/wp\/v2\/pages"}],"about":[{"href":"https:\/\/sites.ipleiria.pt\/ipce2019\/wp-json\/wp\/v2\/types\/page"}],"author":[{"embeddable":true,"href":"https:\/\/sites.ipleiria.pt\/ipce2019\/wp-json\/wp\/v2\/users\/102"}],"replies":[{"embeddable":true,"href":"https:\/\/sites.ipleiria.pt\/ipce2019\/wp-json\/wp\/v2\/comments?post=13"}],"version-history":[{"count":20,"href":"https:\/\/sites.ipleiria.pt\/ipce2019\/wp-json\/wp\/v2\/pages\/13\/revisions"}],"predecessor-version":[{"id":535,"href":"https:\/\/sites.ipleiria.pt\/ipce2019\/wp-json\/wp\/v2\/pages\/13\/revisions\/535"}],"wp:attachment":[{"href":"https:\/\/sites.ipleiria.pt\/ipce2019\/wp-json\/wp\/v2\/media?parent=13"}],"curies":[{"name":"wp","href":"https:\/\/api.w.org\/{rel}","templated":true}]}}