{"id":19,"date":"2019-12-04T11:24:46","date_gmt":"2019-12-04T11:24:46","guid":{"rendered":"https:\/\/sites.ipleiria.pt\/ipce2020\/?page_id=19"},"modified":"2020-03-04T17:17:51","modified_gmt":"2020-03-04T17:17:51","slug":"oradores","status":"publish","type":"page","link":"https:\/\/sites.ipleiria.pt\/ipce2020\/oradores\/","title":{"rendered":"Oradores"},"content":{"rendered":"\n<h3 class=\"wp-block-heading\"><strong>Sess\u00e3o plen\u00e1ria (sexta-feira,&nbsp;8 de maio \u2013 9h30)<\/strong><\/h3>\n\n\n\n<h4 class=\"wp-block-heading\"><em>Job shadowing e Educa\u00e7\u00e3o inclusiva &#8211; Uma\u00a0experi\u00eancia E+ <\/em><br><em>em Escolas de l\u00ednguas para adultos <\/em><\/h4>\n\n\n\n<p><\/p>\n\n\n\n<p><img loading=\"lazy\" decoding=\"async\" width=\"150\" height=\"182\" class=\"wp-image-279\" style=\"width: 150px;\" src=\"https:\/\/sites.ipleiria.pt\/ipce2020\/files\/2020\/03\/IMG-20200228-WA0029-1.jpg\" alt=\"\" srcset=\"https:\/\/sites.ipleiria.pt\/ipce2020\/files\/2020\/03\/IMG-20200228-WA0029-1.jpg 1194w, https:\/\/sites.ipleiria.pt\/ipce2020\/files\/2020\/03\/IMG-20200228-WA0029-1-247x300.jpg 247w, https:\/\/sites.ipleiria.pt\/ipce2020\/files\/2020\/03\/IMG-20200228-WA0029-1-768x931.jpg 768w, https:\/\/sites.ipleiria.pt\/ipce2020\/files\/2020\/03\/IMG-20200228-WA0029-1-844x1024.jpg 844w\" sizes=\"auto, (max-width: 150px) 100vw, 150px\" \/>     <strong>Victoria Penide L\u00f3pez<\/strong><br><br>Respons\u00e1vel do Servi\u00e7o de Recursos Humanos e da Biblioteca <br>e\u00a0professora de alem\u00e3o da <em>Escuela Oficial de Idiomas<\/em> (EOI) <br>de Vilagarc\u00eda (Espanha)<\/p>\n\n\n\n<p><img loading=\"lazy\" decoding=\"async\" width=\"150\" height=\"200\" class=\"wp-image-286\" style=\"width: 150px;\" src=\"https:\/\/sites.ipleiria.pt\/ipce2020\/files\/2020\/03\/IMG-20200228-WA0030.jpg\" alt=\"\" srcset=\"https:\/\/sites.ipleiria.pt\/ipce2020\/files\/2020\/03\/IMG-20200228-WA0030.jpg 970w, https:\/\/sites.ipleiria.pt\/ipce2020\/files\/2020\/03\/IMG-20200228-WA0030-225x300.jpg 225w, https:\/\/sites.ipleiria.pt\/ipce2020\/files\/2020\/03\/IMG-20200228-WA0030-768x1026.jpg 768w, https:\/\/sites.ipleiria.pt\/ipce2020\/files\/2020\/03\/IMG-20200228-WA0030-766x1024.jpg 766w\" sizes=\"auto, (max-width: 150px) 100vw, 150px\" \/>       <strong>Juan Manuel Paz Valle<\/strong><br><br>Professor de ingl\u00eas e diretor da <em>Escuela Oficial <\/em><br><em>de Idiomas<\/em> (EOI) de Vilagarc\u00eda (Espanha)<\/p>\n","protected":false},"excerpt":{"rendered":"<p>Sess\u00e3o plen\u00e1ria (sexta-feira,&nbsp;8 de maio \u2013 9h30) Job shadowing e Educa\u00e7\u00e3o inclusiva &#8211; Uma\u00a0experi\u00eancia E+ em Escolas de l\u00ednguas para adultos Victoria Penide L\u00f3pez Respons\u00e1vel do Servi\u00e7o de Recursos Humanos e da Biblioteca e\u00a0professora de alem\u00e3o da Escuela Oficial de&hellip;  <\/p>\n<p class=\"more-link\"><a href=\"https:\/\/sites.ipleiria.pt\/ipce2020\/oradores\/\">Continue reading <span class=\"meta-nav\">&rarr;<\/span><\/a><\/p>\n","protected":false},"author":102,"featured_media":0,"parent":0,"menu_order":0,"comment_status":"closed","ping_status":"closed","template":"","meta":{"footnotes":""},"class_list":["post-19","page","type-page","status-publish","hentry"],"yoast_head":"<!-- This site is optimized with the Yoast SEO plugin v26.8 - https:\/\/yoast.com\/product\/yoast-seo-wordpress\/ -->\n<title>Oradores - IPCE 2020<\/title>\n<meta name=\"robots\" content=\"index, follow, max-snippet:-1, max-image-preview:large, max-video-preview:-1\" \/>\n<link rel=\"canonical\" href=\"https:\/\/sites.ipleiria.pt\/ipce2020\/oradores\/\" \/>\n<meta property=\"og:locale\" content=\"pt_PT\" \/>\n<meta property=\"og:type\" content=\"article\" \/>\n<meta property=\"og:title\" content=\"Oradores - IPCE 2020\" \/>\n<meta property=\"og:description\" content=\"Sess\u00e3o plen\u00e1ria (sexta-feira,&nbsp;8 de maio \u2013 9h30) Job shadowing e Educa\u00e7\u00e3o inclusiva &#8211; Uma\u00a0experi\u00eancia E+ em Escolas de l\u00ednguas para adultos Victoria Penide L\u00f3pez Respons\u00e1vel do Servi\u00e7o de Recursos Humanos e da Biblioteca e\u00a0professora de alem\u00e3o da Escuela Oficial de&hellip; Continue reading &rarr;\" \/>\n<meta property=\"og:url\" content=\"https:\/\/sites.ipleiria.pt\/ipce2020\/oradores\/\" \/>\n<meta property=\"og:site_name\" content=\"IPCE 2020\" \/>\n<meta property=\"article:modified_time\" content=\"2020-03-04T17:17:51+00:00\" \/>\n<meta property=\"og:image\" content=\"https:\/\/sites.ipleiria.pt\/ipce2020\/files\/2020\/03\/IMG-20200228-WA0029-1.jpg\" \/>\n<meta name=\"twitter:card\" content=\"summary_large_image\" \/>\n<script type=\"application\/ld+json\" class=\"yoast-schema-graph\">{\"@context\":\"https:\/\/schema.org\",\"@graph\":[{\"@type\":\"WebPage\",\"@id\":\"https:\/\/sites.ipleiria.pt\/ipce2020\/oradores\/\",\"url\":\"https:\/\/sites.ipleiria.pt\/ipce2020\/oradores\/\",\"name\":\"Oradores - IPCE 2020\",\"isPartOf\":{\"@id\":\"https:\/\/sites.ipleiria.pt\/ipce2020\/#website\"},\"primaryImageOfPage\":{\"@id\":\"https:\/\/sites.ipleiria.pt\/ipce2020\/oradores\/#primaryimage\"},\"image\":{\"@id\":\"https:\/\/sites.ipleiria.pt\/ipce2020\/oradores\/#primaryimage\"},\"thumbnailUrl\":\"https:\/\/sites.ipleiria.pt\/ipce2020\/files\/2020\/03\/IMG-20200228-WA0029-1.jpg\",\"datePublished\":\"2019-12-04T11:24:46+00:00\",\"dateModified\":\"2020-03-04T17:17:51+00:00\",\"breadcrumb\":{\"@id\":\"https:\/\/sites.ipleiria.pt\/ipce2020\/oradores\/#breadcrumb\"},\"inLanguage\":\"pt-PT\",\"potentialAction\":[{\"@type\":\"ReadAction\",\"target\":[\"https:\/\/sites.ipleiria.pt\/ipce2020\/oradores\/\"]}]},{\"@type\":\"ImageObject\",\"inLanguage\":\"pt-PT\",\"@id\":\"https:\/\/sites.ipleiria.pt\/ipce2020\/oradores\/#primaryimage\",\"url\":\"https:\/\/sites.ipleiria.pt\/ipce2020\/files\/2020\/03\/IMG-20200228-WA0029-1.jpg\",\"contentUrl\":\"https:\/\/sites.ipleiria.pt\/ipce2020\/files\/2020\/03\/IMG-20200228-WA0029-1.jpg\",\"width\":1194,\"height\":1448},{\"@type\":\"BreadcrumbList\",\"@id\":\"https:\/\/sites.ipleiria.pt\/ipce2020\/oradores\/#breadcrumb\",\"itemListElement\":[{\"@type\":\"ListItem\",\"position\":1,\"name\":\"In\u00edcio\",\"item\":\"https:\/\/sites.ipleiria.pt\/ipce2020\/\"},{\"@type\":\"ListItem\",\"position\":2,\"name\":\"Oradores\"}]},{\"@type\":\"WebSite\",\"@id\":\"https:\/\/sites.ipleiria.pt\/ipce2020\/#website\",\"url\":\"https:\/\/sites.ipleiria.pt\/ipce2020\/\",\"name\":\"IPCE 2020\",\"description\":\"Mais um site Sites IPLEIRIA\",\"potentialAction\":[{\"@type\":\"SearchAction\",\"target\":{\"@type\":\"EntryPoint\",\"urlTemplate\":\"https:\/\/sites.ipleiria.pt\/ipce2020\/?s={search_term_string}\"},\"query-input\":{\"@type\":\"PropertyValueSpecification\",\"valueRequired\":true,\"valueName\":\"search_term_string\"}}],\"inLanguage\":\"pt-PT\"}]}<\/script>\n<!-- \/ Yoast SEO plugin. -->","yoast_head_json":{"title":"Oradores - IPCE 2020","robots":{"index":"index","follow":"follow","max-snippet":"max-snippet:-1","max-image-preview":"max-image-preview:large","max-video-preview":"max-video-preview:-1"},"canonical":"https:\/\/sites.ipleiria.pt\/ipce2020\/oradores\/","og_locale":"pt_PT","og_type":"article","og_title":"Oradores - IPCE 2020","og_description":"Sess\u00e3o plen\u00e1ria (sexta-feira,&nbsp;8 de maio \u2013 9h30) Job shadowing e Educa\u00e7\u00e3o inclusiva &#8211; Uma\u00a0experi\u00eancia E+ em Escolas de l\u00ednguas para adultos Victoria Penide L\u00f3pez Respons\u00e1vel do Servi\u00e7o de Recursos Humanos e da Biblioteca e\u00a0professora de alem\u00e3o da Escuela Oficial de&hellip; Continue reading &rarr;","og_url":"https:\/\/sites.ipleiria.pt\/ipce2020\/oradores\/","og_site_name":"IPCE 2020","article_modified_time":"2020-03-04T17:17:51+00:00","og_image":[{"url":"https:\/\/sites.ipleiria.pt\/ipce2020\/files\/2020\/03\/IMG-20200228-WA0029-1.jpg","type":"","width":"","height":""}],"twitter_card":"summary_large_image","schema":{"@context":"https:\/\/schema.org","@graph":[{"@type":"WebPage","@id":"https:\/\/sites.ipleiria.pt\/ipce2020\/oradores\/","url":"https:\/\/sites.ipleiria.pt\/ipce2020\/oradores\/","name":"Oradores - IPCE 2020","isPartOf":{"@id":"https:\/\/sites.ipleiria.pt\/ipce2020\/#website"},"primaryImageOfPage":{"@id":"https:\/\/sites.ipleiria.pt\/ipce2020\/oradores\/#primaryimage"},"image":{"@id":"https:\/\/sites.ipleiria.pt\/ipce2020\/oradores\/#primaryimage"},"thumbnailUrl":"https:\/\/sites.ipleiria.pt\/ipce2020\/files\/2020\/03\/IMG-20200228-WA0029-1.jpg","datePublished":"2019-12-04T11:24:46+00:00","dateModified":"2020-03-04T17:17:51+00:00","breadcrumb":{"@id":"https:\/\/sites.ipleiria.pt\/ipce2020\/oradores\/#breadcrumb"},"inLanguage":"pt-PT","potentialAction":[{"@type":"ReadAction","target":["https:\/\/sites.ipleiria.pt\/ipce2020\/oradores\/"]}]},{"@type":"ImageObject","inLanguage":"pt-PT","@id":"https:\/\/sites.ipleiria.pt\/ipce2020\/oradores\/#primaryimage","url":"https:\/\/sites.ipleiria.pt\/ipce2020\/files\/2020\/03\/IMG-20200228-WA0029-1.jpg","contentUrl":"https:\/\/sites.ipleiria.pt\/ipce2020\/files\/2020\/03\/IMG-20200228-WA0029-1.jpg","width":1194,"height":1448},{"@type":"BreadcrumbList","@id":"https:\/\/sites.ipleiria.pt\/ipce2020\/oradores\/#breadcrumb","itemListElement":[{"@type":"ListItem","position":1,"name":"In\u00edcio","item":"https:\/\/sites.ipleiria.pt\/ipce2020\/"},{"@type":"ListItem","position":2,"name":"Oradores"}]},{"@type":"WebSite","@id":"https:\/\/sites.ipleiria.pt\/ipce2020\/#website","url":"https:\/\/sites.ipleiria.pt\/ipce2020\/","name":"IPCE 2020","description":"Mais um site Sites IPLEIRIA","potentialAction":[{"@type":"SearchAction","target":{"@type":"EntryPoint","urlTemplate":"https:\/\/sites.ipleiria.pt\/ipce2020\/?s={search_term_string}"},"query-input":{"@type":"PropertyValueSpecification","valueRequired":true,"valueName":"search_term_string"}}],"inLanguage":"pt-PT"}]}},"_links":{"self":[{"href":"https:\/\/sites.ipleiria.pt\/ipce2020\/wp-json\/wp\/v2\/pages\/19","targetHints":{"allow":["GET"]}}],"collection":[{"href":"https:\/\/sites.ipleiria.pt\/ipce2020\/wp-json\/wp\/v2\/pages"}],"about":[{"href":"https:\/\/sites.ipleiria.pt\/ipce2020\/wp-json\/wp\/v2\/types\/page"}],"author":[{"embeddable":true,"href":"https:\/\/sites.ipleiria.pt\/ipce2020\/wp-json\/wp\/v2\/users\/102"}],"replies":[{"embeddable":true,"href":"https:\/\/sites.ipleiria.pt\/ipce2020\/wp-json\/wp\/v2\/comments?post=19"}],"version-history":[{"count":38,"href":"https:\/\/sites.ipleiria.pt\/ipce2020\/wp-json\/wp\/v2\/pages\/19\/revisions"}],"predecessor-version":[{"id":325,"href":"https:\/\/sites.ipleiria.pt\/ipce2020\/wp-json\/wp\/v2\/pages\/19\/revisions\/325"}],"wp:attachment":[{"href":"https:\/\/sites.ipleiria.pt\/ipce2020\/wp-json\/wp\/v2\/media?parent=19"}],"curies":[{"name":"wp","href":"https:\/\/api.w.org\/{rel}","templated":true}]}}

<h3 class="wp-block-heading"><strong>Sessão plenária (sexta-feira,&nbsp;8 de maio – 9h30)</strong></h3>



<h4 class="wp-block-heading"><em>Job shadowing e Educação inclusiva &#8211; Uma experiência E+ </em><br><em>em Escolas de línguas para adultos </em></h4>



<p></p>



<p><img loading="lazy" decoding="async" width="150" height="182" class="wp-image-279" style="width: 150px;" src="https://sites.ipleiria.pt/ipce2020/files/2020/03/IMG-20200228-WA0029-1.jpg" alt="" srcset="https://sites.ipleiria.pt/ipce2020/files/2020/03/IMG-20200228-WA0029-1.jpg 1194w, https://sites.ipleiria.pt/ipce2020/files/2020/03/IMG-20200228-WA0029-1-247x300.jpg 247w, https://sites.ipleiria.pt/ipce2020/files/2020/03/IMG-20200228-WA0029-1-768x931.jpg 768w, https://sites.ipleiria.pt/ipce2020/files/2020/03/IMG-20200228-WA0029-1-844x1024.jpg 844w" sizes="auto, (max-width: 150px) 100vw, 150px" />     <strong>Victoria Penide López</strong><br><br>Responsável do Serviço de Recursos Humanos e da Biblioteca <br>e professora de alemão da <em>Escuela Oficial de Idiomas</em> (EOI) <br>de Vilagarcía (Espanha)</p>



<p><img loading="lazy" decoding="async" width="150" height="200" class="wp-image-286" style="width: 150px;" src="https://sites.ipleiria.pt/ipce2020/files/2020/03/IMG-20200228-WA0030.jpg" alt="" srcset="https://sites.ipleiria.pt/ipce2020/files/2020/03/IMG-20200228-WA0030.jpg 970w, https://sites.ipleiria.pt/ipce2020/files/2020/03/IMG-20200228-WA0030-225x300.jpg 225w, https://sites.ipleiria.pt/ipce2020/files/2020/03/IMG-20200228-WA0030-768x1026.jpg 768w, https://sites.ipleiria.pt/ipce2020/files/2020/03/IMG-20200228-WA0030-766x1024.jpg 766w" sizes="auto, (max-width: 150px) 100vw, 150px" />       <strong>Juan Manuel Paz Valle</strong><br><br>Professor de inglês e diretor da <em>Escuela Oficial </em><br><em>de Idiomas</em> (EOI) de Vilagarcía (Espanha)</p>

<p>Sessão plenária (sexta-feira,&nbsp;8 de maio – 9h30) Job shadowing e Educação inclusiva &#8211; Uma experiência E+ em Escolas de línguas para adultos Victoria Penide López Responsável do Serviço de Recursos Humanos e da Biblioteca e professora de alemão da Escuela Oficial de&hellip;  </p>
<p class="more-link"><a href="https://sites.ipleiria.pt/ipce2020/oradores/">Continue reading <span class="meta-nav">&rarr;</span></a></p>

<!-- This site is optimized with the Yoast SEO plugin v26.8 - https://yoast.com/product/yoast-seo-wordpress/ -->
<title>Oradores - IPCE 2020</title>
<meta name="robots" content="index, follow, max-snippet:-1, max-image-preview:large, max-video-preview:-1" />
<link rel="canonical" href="https://sites.ipleiria.pt/ipce2020/oradores/" />
<meta property="og:locale" content="pt_PT" />
<meta property="og:type" content="article" />
<meta property="og:title" content="Oradores - IPCE 2020" />
<meta property="og:description" content="Sessão plenária (sexta-feira,&nbsp;8 de maio – 9h30) Job shadowing e Educação inclusiva &#8211; Uma experiência E+ em Escolas de línguas para adultos Victoria Penide López Responsável do Serviço de Recursos Humanos e da Biblioteca e professora de alemão da Escuela Oficial de&hellip; Continue reading &rarr;" />
<meta property="og:url" content="https://sites.ipleiria.pt/ipce2020/oradores/" />
<meta property="og:site_name" content="IPCE 2020" />
<meta property="article:modified_time" content="2020-03-04T17:17:51+00:00" />
<meta property="og:image" content="https://sites.ipleiria.pt/ipce2020/files/2020/03/IMG-20200228-WA0029-1.jpg" />
<meta name="twitter:card" content="summary_large_image" />
<script type="application/ld+json" class="yoast-schema-graph">{"@context":"https://schema.org","@graph":[{"@type":"WebPage","@id":"https://sites.ipleiria.pt/ipce2020/oradores/","url":"https://sites.ipleiria.pt/ipce2020/oradores/","name":"Oradores - IPCE 2020","isPartOf":{"@id":"https://sites.ipleiria.pt/ipce2020/#website"},"primaryImageOfPage":{"@id":"https://sites.ipleiria.pt/ipce2020/oradores/#primaryimage"},"image":{"@id":"https://sites.ipleiria.pt/ipce2020/oradores/#primaryimage"},"thumbnailUrl":"https://sites.ipleiria.pt/ipce2020/files/2020/03/IMG-20200228-WA0029-1.jpg","datePublished":"2019-12-04T11:24:46+00:00","dateModified":"2020-03-04T17:17:51+00:00","breadcrumb":{"@id":"https://sites.ipleiria.pt/ipce2020/oradores/#breadcrumb"},"inLanguage":"pt-PT","potentialAction":[{"@type":"ReadAction","target":["https://sites.ipleiria.pt/ipce2020/oradores/"]}]},{"@type":"ImageObject","inLanguage":"pt-PT","@id":"https://sites.ipleiria.pt/ipce2020/oradores/#primaryimage","url":"https://sites.ipleiria.pt/ipce2020/files/2020/03/IMG-20200228-WA0029-1.jpg","contentUrl":"https://sites.ipleiria.pt/ipce2020/files/2020/03/IMG-20200228-WA0029-1.jpg","width":1194,"height":1448},{"@type":"BreadcrumbList","@id":"https://sites.ipleiria.pt/ipce2020/oradores/#breadcrumb","itemListElement":[{"@type":"ListItem","position":1,"name":"Início","item":"https://sites.ipleiria.pt/ipce2020/"},{"@type":"ListItem","position":2,"name":"Oradores"}]},{"@type":"WebSite","@id":"https://sites.ipleiria.pt/ipce2020/#website","url":"https://sites.ipleiria.pt/ipce2020/","name":"IPCE 2020","description":"Mais um site Sites IPLEIRIA","potentialAction":[{"@type":"SearchAction","target":{"@type":"EntryPoint","urlTemplate":"https://sites.ipleiria.pt/ipce2020/?s={search_term_string}"},"query-input":{"@type":"PropertyValueSpecification","valueRequired":true,"valueName":"search_term_string"}}],"inLanguage":"pt-PT"}]}</script>
<!-- / Yoast SEO plugin. -->

Sessão plenária (sexta-feira,&nbsp;8 de maio – 9h30) Job shadowing e Educação inclusiva &#8211; Uma experiência E+ em Escolas de línguas para adultos Victoria Penide López Responsável do Serviço de Recursos Humanos e da Biblioteca e professora de alemão da Escuela Oficial de&hellip; Continue reading &rarr;

Início
