{"id":106,"date":"2021-02-10T17:19:55","date_gmt":"2021-02-10T17:19:55","guid":{"rendered":"http:\/\/sites.ipleiria.pt\/ipce2021\/?page_id=106"},"modified":"2022-12-07T10:37:11","modified_gmt":"2022-12-07T10:37:11","slug":"ipce-2021-presentacion-es","status":"publish","type":"page","link":"https:\/\/sites.ipleiria.pt\/ipce2023\/es\/ipce-2021-presentacion-es\/","title":{"rendered":"Presentaci\u00f3n"},"content":{"rendered":"\n<p>El <strong>XII Congreso Internacional de Investigaci\u00f3n, Pr\u00e1cticas y Contextos en Educaci\u00f3n (IPCE)<\/strong> es un evento internacional que pretende contribuir al avance de la teor\u00eda y la pr\u00e1ctica en Educaci\u00f3n. La conferencia IPCE es parte del conjunto de actividades de ESECS &#8211; Polit\u00e9cnica de Leiria y tiene como objetivo promover la colaboraci\u00f3n entre investigadores, docentes, estudiantes y tomadores de decisiones en la identificaci\u00f3n y discusi\u00f3n de desaf\u00edos y soluciones para los m\u00e1s diversos contextos educativos.<br>El congreso IPCE tiene como objetivo brindar una oportunidad para que profesionales de diferentes \u00e1reas vinculadas a la Educaci\u00f3n y con intereses multidisciplinarios interact\u00faen y compartan experiencias y conocimientos, contribuyendo y estimulando la investigaci\u00f3n y el desarrollo de pr\u00e1cticas en Educaci\u00f3n.<\/p>\n\n\n\n<p><strong>Lenguas oficiales<\/strong><br>Portugu\u00e9s, ingl\u00e9s y espa\u00f1ol.<\/p>\n\n\n\n<p><strong>Participantes<\/strong><br>Educadores, profesores, investigadores, estudiantes universitarios, gestores de instituciones y t\u00e9cnicos en el campo de la educaci\u00f3n.<\/p>\n\n\n\n<hr class=\"wp-block-separator has-text-color has-background\" style=\"background-color:#008080;color:#008080\"\/>\n\n\n\n<div class=\"wp-block-columns is-layout-flex wp-container-core-columns-is-layout-1 wp-block-columns-is-layout-flex\">\n<div class=\"wp-block-column is-layout-flow wp-block-column-is-layout-flow\"><\/div>\n\n\n\n<div class=\"wp-block-column is-layout-flow wp-block-column-is-layout-flow\"><\/div>\n<\/div>\n\n\n\n<div class=\"wp-block-columns is-layout-flex wp-container-core-columns-is-layout-2 wp-block-columns-is-layout-flex\">\n<div class=\"wp-block-column is-layout-flow wp-block-column-is-layout-flow\"><\/div>\n\n\n\n<div class=\"wp-block-column is-layout-flow wp-block-column-is-layout-flow\"><\/div>\n<\/div>\n\n\n\n<p><strong>Temas de la Conferencia:<\/strong><\/p>\n\n\n\n<p class=\"has-white-color has-text-color has-background\" style=\"background-color:#008080\">1 &#8211; Experiencias de Ense\u00f1anza y Aprendizaje<\/p>\n\n\n\n<div class=\"wp-block-columns is-layout-flex wp-container-core-columns-is-layout-3 wp-block-columns-is-layout-flex\">\n<div class=\"wp-block-column is-layout-flow wp-block-column-is-layout-flow\">\n<p><strong>a) <em>en Educaci\u00f3n Infantil<\/em><\/strong><br>Pedagog\u00eda de la Educaci\u00f3n Infantil Desarrollo\/ae) <em>en Contextos Educativos No Formales<\/em><br>\u2013 Pedagog\u00edaprendizaje | \u00c1rea de la Formaci\u00f3n personal y Social | \u00c1rea del Conocimiento del Mundo | \u00c1rea de la Expresi\u00f3n y Comunicaci\u00f3n  Dominio de la Educaci\u00f3n F\u00edsica | Dominio de la Educaci\u00f3n Art\u00edstica | Dominio del Lenguaje oral y la Iniciaci\u00f3n a la Escritura | Dominio de la Matem\u00e1tica<\/p>\n<\/div>\n\n\n\n<div class=\"wp-block-column is-layout-flow wp-block-column-is-layout-flow\">\n<p><strong>b) <em>en Educaci\u00f3n B\u00e1sica<\/em><\/strong><br>Pedagog\u00eda de la Educaci\u00f3n B\u00e1sica | Lengua materna | Lengua no materna <br>Matem\u00e1tica | Ciencias Sociales | Ciencias Naturales | Expresiones | TIC | Educaci\u00f3n F\u00edsica\/Deporte<\/p>\n<\/div>\n<\/div>\n\n\n\n<div class=\"wp-block-columns is-layout-flex wp-container-core-columns-is-layout-4 wp-block-columns-is-layout-flex\">\n<div class=\"wp-block-column is-layout-flow wp-block-column-is-layout-flow\">\n<p><strong>c) <em>en Ense\u00f1anza Secundaria<\/em><\/strong><br>Pedagog\u00eda de la Ense\u00f1anza Secundaria | Lengua materna | Lengua no materna <br>Matem\u00e1tica | Ciencias Sociales | Ciencias Naturales | Expresiones | TIC | Educaci\u00f3n F\u00edsica\/Deporte<\/p>\n<\/div>\n\n\n\n<div class=\"wp-block-column is-layout-flow wp-block-column-is-layout-flow\">\n<p><strong>d) <em>en Ense\u00f1anza Superior<\/em><\/strong><br>Pedagog\u00eda de la Ense\u00f1anza Superior | Lengua materna | Lengua no materna <br>Matem\u00e1tica | Ciencias Sociales | Ciencias Naturales | Expresiones | TIC | Educaci\u00f3n F\u00edsica\/Deporte<\/p>\n<\/div>\n<\/div>\n\n\n\n<div class=\"wp-block-columns is-layout-flex wp-container-core-columns-is-layout-5 wp-block-columns-is-layout-flex\">\n<div class=\"wp-block-column is-layout-flow wp-block-column-is-layout-flow\">\n<p>e) <em>en Contextos Educativos No Formales<\/em><br>Pedagog\u00eda | Lengua materna | Lengua no materna <br>Matem\u00e1tica | Ciencias Sociales | Ciencias Naturales | Expresiones | TIC | Educaci\u00f3n F\u00edsica\/Deporte<\/p>\n<\/div>\n\n\n\n<div class=\"wp-block-column is-layout-flow wp-block-column-is-layout-flow\"><\/div>\n<\/div>\n\n\n\n<p class=\"has-white-color has-text-color has-background\" style=\"background-color:#008080\">2 &#8211; Desarrollo Comunitario<\/p>\n\n\n\n<p><br><\/p>\n\n\n\n<p class=\"has-white-color has-text-color has-background\" style=\"background-color:#008080\">3 &#8211; Otras experiencias en Contextos Educativos<\/p>\n","protected":false},"excerpt":{"rendered":"<p>El XII Congreso Internacional de Investigaci\u00f3n, Pr\u00e1cticas y Contextos en Educaci\u00f3n (IPCE) es un evento internacional que pretende contribuir al avance de la teor\u00eda y la pr\u00e1ctica en Educaci\u00f3n. La conferencia IPCE es parte del conjunto de actividades de ESECS&hellip;  <\/p>\n<p class=\"more-link\"><a href=\"https:\/\/sites.ipleiria.pt\/ipce2023\/es\/ipce-2021-presentacion-es\/\">Continue reading <span class=\"meta-nav\">&rarr;<\/span><\/a><\/p>\n","protected":false},"author":102,"featured_media":0,"parent":0,"menu_order":0,"comment_status":"closed","ping_status":"closed","template":"","meta":{"footnotes":""},"class_list":["post-106","page","type-page","status-publish","hentry"],"yoast_head":"<!-- This site is optimized with the Yoast SEO plugin v26.8 - https:\/\/yoast.com\/product\/yoast-seo-wordpress\/ -->\n<title>Presentaci\u00f3n - IPCE2023<\/title>\n<meta name=\"robots\" content=\"index, follow, max-snippet:-1, max-image-preview:large, max-video-preview:-1\" \/>\n<link rel=\"canonical\" href=\"https:\/\/sites.ipleiria.pt\/ipce2023\/es\/ipce-2021-presentacion-es\/\" \/>\n<meta property=\"og:locale\" content=\"pt_PT\" \/>\n<meta property=\"og:type\" content=\"article\" \/>\n<meta property=\"og:title\" content=\"Presentaci\u00f3n - IPCE2023\" \/>\n<meta property=\"og:description\" content=\"El XII Congreso Internacional de Investigaci\u00f3n, Pr\u00e1cticas y Contextos en Educaci\u00f3n (IPCE) es un evento internacional que pretende contribuir al avance de la teor\u00eda y la pr\u00e1ctica en Educaci\u00f3n. La conferencia IPCE es parte del conjunto de actividades de ESECS&hellip; Continue reading &rarr;\" \/>\n<meta property=\"og:url\" content=\"https:\/\/sites.ipleiria.pt\/ipce2023\/es\/ipce-2021-presentacion-es\/\" \/>\n<meta property=\"og:site_name\" content=\"IPCE2023\" \/>\n<meta property=\"article:modified_time\" content=\"2022-12-07T10:37:11+00:00\" \/>\n<meta name=\"twitter:card\" content=\"summary_large_image\" \/>\n<meta name=\"twitter:label1\" content=\"Tempo estimado de leitura\" \/>\n\t<meta name=\"twitter:data1\" content=\"2 minutos\" \/>\n<script type=\"application\/ld+json\" class=\"yoast-schema-graph\">{\"@context\":\"https:\/\/schema.org\",\"@graph\":[{\"@type\":\"WebPage\",\"@id\":\"https:\/\/sites.ipleiria.pt\/ipce2023\/es\/ipce-2021-presentacion-es\/\",\"url\":\"https:\/\/sites.ipleiria.pt\/ipce2023\/es\/ipce-2021-presentacion-es\/\",\"name\":\"Presentaci\u00f3n - IPCE2023\",\"isPartOf\":{\"@id\":\"https:\/\/sites.ipleiria.pt\/ipce2023\/#website\"},\"datePublished\":\"2021-02-10T17:19:55+00:00\",\"dateModified\":\"2022-12-07T10:37:11+00:00\",\"breadcrumb\":{\"@id\":\"https:\/\/sites.ipleiria.pt\/ipce2023\/es\/ipce-2021-presentacion-es\/#breadcrumb\"},\"inLanguage\":\"pt-PT\",\"potentialAction\":[{\"@type\":\"ReadAction\",\"target\":[\"https:\/\/sites.ipleiria.pt\/ipce2023\/es\/ipce-2021-presentacion-es\/\"]}]},{\"@type\":\"BreadcrumbList\",\"@id\":\"https:\/\/sites.ipleiria.pt\/ipce2023\/es\/ipce-2021-presentacion-es\/#breadcrumb\",\"itemListElement\":[{\"@type\":\"ListItem\",\"position\":1,\"name\":\"In\u00edcio\",\"item\":\"https:\/\/sites.ipleiria.pt\/ipce2023\/\"},{\"@type\":\"ListItem\",\"position\":2,\"name\":\"Presentaci\u00f3n\"}]},{\"@type\":\"WebSite\",\"@id\":\"https:\/\/sites.ipleiria.pt\/ipce2023\/#website\",\"url\":\"https:\/\/sites.ipleiria.pt\/ipce2023\/\",\"name\":\"IPCE2023\",\"description\":\"\",\"potentialAction\":[{\"@type\":\"SearchAction\",\"target\":{\"@type\":\"EntryPoint\",\"urlTemplate\":\"https:\/\/sites.ipleiria.pt\/ipce2023\/?s={search_term_string}\"},\"query-input\":{\"@type\":\"PropertyValueSpecification\",\"valueRequired\":true,\"valueName\":\"search_term_string\"}}],\"inLanguage\":\"pt-PT\"}]}<\/script>\n<!-- \/ Yoast SEO plugin. -->","yoast_head_json":{"title":"Presentaci\u00f3n - IPCE2023","robots":{"index":"index","follow":"follow","max-snippet":"max-snippet:-1","max-image-preview":"max-image-preview:large","max-video-preview":"max-video-preview:-1"},"canonical":"https:\/\/sites.ipleiria.pt\/ipce2023\/es\/ipce-2021-presentacion-es\/","og_locale":"pt_PT","og_type":"article","og_title":"Presentaci\u00f3n - IPCE2023","og_description":"El XII Congreso Internacional de Investigaci\u00f3n, Pr\u00e1cticas y Contextos en Educaci\u00f3n (IPCE) es un evento internacional que pretende contribuir al avance de la teor\u00eda y la pr\u00e1ctica en Educaci\u00f3n. La conferencia IPCE es parte del conjunto de actividades de ESECS&hellip; Continue reading &rarr;","og_url":"https:\/\/sites.ipleiria.pt\/ipce2023\/es\/ipce-2021-presentacion-es\/","og_site_name":"IPCE2023","article_modified_time":"2022-12-07T10:37:11+00:00","twitter_card":"summary_large_image","twitter_misc":{"Tempo estimado de leitura":"2 minutos"},"schema":{"@context":"https:\/\/schema.org","@graph":[{"@type":"WebPage","@id":"https:\/\/sites.ipleiria.pt\/ipce2023\/es\/ipce-2021-presentacion-es\/","url":"https:\/\/sites.ipleiria.pt\/ipce2023\/es\/ipce-2021-presentacion-es\/","name":"Presentaci\u00f3n - IPCE2023","isPartOf":{"@id":"https:\/\/sites.ipleiria.pt\/ipce2023\/#website"},"datePublished":"2021-02-10T17:19:55+00:00","dateModified":"2022-12-07T10:37:11+00:00","breadcrumb":{"@id":"https:\/\/sites.ipleiria.pt\/ipce2023\/es\/ipce-2021-presentacion-es\/#breadcrumb"},"inLanguage":"pt-PT","potentialAction":[{"@type":"ReadAction","target":["https:\/\/sites.ipleiria.pt\/ipce2023\/es\/ipce-2021-presentacion-es\/"]}]},{"@type":"BreadcrumbList","@id":"https:\/\/sites.ipleiria.pt\/ipce2023\/es\/ipce-2021-presentacion-es\/#breadcrumb","itemListElement":[{"@type":"ListItem","position":1,"name":"In\u00edcio","item":"https:\/\/sites.ipleiria.pt\/ipce2023\/"},{"@type":"ListItem","position":2,"name":"Presentaci\u00f3n"}]},{"@type":"WebSite","@id":"https:\/\/sites.ipleiria.pt\/ipce2023\/#website","url":"https:\/\/sites.ipleiria.pt\/ipce2023\/","name":"IPCE2023","description":"","potentialAction":[{"@type":"SearchAction","target":{"@type":"EntryPoint","urlTemplate":"https:\/\/sites.ipleiria.pt\/ipce2023\/?s={search_term_string}"},"query-input":{"@type":"PropertyValueSpecification","valueRequired":true,"valueName":"search_term_string"}}],"inLanguage":"pt-PT"}]}},"_links":{"self":[{"href":"https:\/\/sites.ipleiria.pt\/ipce2023\/wp-json\/wp\/v2\/pages\/106","targetHints":{"allow":["GET"]}}],"collection":[{"href":"https:\/\/sites.ipleiria.pt\/ipce2023\/wp-json\/wp\/v2\/pages"}],"about":[{"href":"https:\/\/sites.ipleiria.pt\/ipce2023\/wp-json\/wp\/v2\/types\/page"}],"author":[{"embeddable":true,"href":"https:\/\/sites.ipleiria.pt\/ipce2023\/wp-json\/wp\/v2\/users\/102"}],"replies":[{"embeddable":true,"href":"https:\/\/sites.ipleiria.pt\/ipce2023\/wp-json\/wp\/v2\/comments?post=106"}],"version-history":[{"count":9,"href":"https:\/\/sites.ipleiria.pt\/ipce2023\/wp-json\/wp\/v2\/pages\/106\/revisions"}],"predecessor-version":[{"id":984,"href":"https:\/\/sites.ipleiria.pt\/ipce2023\/wp-json\/wp\/v2\/pages\/106\/revisions\/984"}],"wp:attachment":[{"href":"https:\/\/sites.ipleiria.pt\/ipce2023\/wp-json\/wp\/v2\/media?parent=106"}],"curies":[{"name":"wp","href":"https:\/\/api.w.org\/{rel}","templated":true}]}}