{"id":11,"date":"2019-12-04T11:22:23","date_gmt":"2019-12-04T11:22:23","guid":{"rendered":"https:\/\/sites.ipleiria.pt\/ipce2020\/?page_id=11"},"modified":"2024-04-17T11:23:33","modified_gmt":"2024-04-17T11:23:33","slug":"datas-importantes-2","status":"publish","type":"page","link":"https:\/\/sites.ipleiria.pt\/ipce2024\/datas-importantes-2\/","title":{"rendered":"Datas importantes"},"content":{"rendered":"\n<p><strong>In\u00edcio do\u00a0<em>call<\/em>:<\/strong> 18 de dezembro de 2023<br><strong>Limite para a submiss\u00e3o de artigos:<\/strong>\u00a010 de mar\u00e7o de 2024<br><strong>Limite para a submiss\u00e3o de relatos:<\/strong>\u00a010 de mar\u00e7o de 2024<br><strong>Limite para a submiss\u00e3o de posters:<\/strong>\u00a010 de mar\u00e7o de 2024<br><strong>Notifica\u00e7\u00e3o aos autores:<\/strong>\u00a021 de abril de 2024<br><strong>Inscri\u00e7\u00f5es:<\/strong>\u00a0at\u00e9 30 de abril de 2024<\/p>\n\n\n\n<p><\/p>\n\n\n\n<p> <strong> <\/strong><\/p>\n\n\n\n<p><\/p>\n\n\n\n<p><\/p>\n","protected":false},"excerpt":{"rendered":"<p>In\u00edcio do\u00a0call: 18 de dezembro de 2023Limite para a submiss\u00e3o de artigos:\u00a010 de mar\u00e7o de 2024Limite para a submiss\u00e3o de relatos:\u00a010 de mar\u00e7o de 2024Limite para a submiss\u00e3o de posters:\u00a010 de mar\u00e7o de 2024Notifica\u00e7\u00e3o aos autores:\u00a021 de abril de 2024Inscri\u00e7\u00f5es:\u00a0at\u00e9&hellip;  <\/p>\n<p class=\"more-link\"><a href=\"https:\/\/sites.ipleiria.pt\/ipce2024\/datas-importantes-2\/\">Continue reading <span class=\"meta-nav\">&rarr;<\/span><\/a><\/p>\n","protected":false},"author":102,"featured_media":0,"parent":0,"menu_order":0,"comment_status":"closed","ping_status":"closed","template":"","meta":{"footnotes":""},"class_list":["post-11","page","type-page","status-publish","hentry"],"_links":{"self":[{"href":"https:\/\/sites.ipleiria.pt\/ipce2024\/wp-json\/wp\/v2\/pages\/11","targetHints":{"allow":["GET"]}}],"collection":[{"href":"https:\/\/sites.ipleiria.pt\/ipce2024\/wp-json\/wp\/v2\/pages"}],"about":[{"href":"https:\/\/sites.ipleiria.pt\/ipce2024\/wp-json\/wp\/v2\/types\/page"}],"author":[{"embeddable":true,"href":"https:\/\/sites.ipleiria.pt\/ipce2024\/wp-json\/wp\/v2\/users\/102"}],"replies":[{"embeddable":true,"href":"https:\/\/sites.ipleiria.pt\/ipce2024\/wp-json\/wp\/v2\/comments?post=11"}],"version-history":[{"count":5,"href":"https:\/\/sites.ipleiria.pt\/ipce2024\/wp-json\/wp\/v2\/pages\/11\/revisions"}],"predecessor-version":[{"id":1356,"href":"https:\/\/sites.ipleiria.pt\/ipce2024\/wp-json\/wp\/v2\/pages\/11\/revisions\/1356"}],"wp:attachment":[{"href":"https:\/\/sites.ipleiria.pt\/ipce2024\/wp-json\/wp\/v2\/media?parent=11"}],"curies":[{"name":"wp","href":"https:\/\/api.w.org\/{rel}","templated":true}]}}