{"id":106,"date":"2021-02-10T17:19:55","date_gmt":"2021-02-10T17:19:55","guid":{"rendered":"http:\/\/sites.ipleiria.pt\/ipce2021\/?page_id=106"},"modified":"2024-11-29T14:46:56","modified_gmt":"2024-11-29T14:46:56","slug":"ipce-2021-presentacion-es","status":"publish","type":"page","link":"https:\/\/sites.ipleiria.pt\/ipce2025\/es\/ipce-2021-presentacion-es\/","title":{"rendered":"Presentaci\u00f3n"},"content":{"rendered":"\n<p>El <strong>XIV Congreso Internacional de Investigaci\u00f3n, Pr\u00e1cticas y Contextos en Educaci\u00f3n (IPCE)<\/strong> es un evento internacional que pretende contribuir al avance de la teor\u00eda y la pr\u00e1ctica en Educaci\u00f3n. La conferencia IPCE es parte del conjunto de actividades de ESECS &#8211; Polit\u00e9cnica de Leiria y tiene como objetivo promover la colaboraci\u00f3n entre investigadores, docentes, estudiantes y tomadores de decisiones en la identificaci\u00f3n y discusi\u00f3n de desaf\u00edos y soluciones para los m\u00e1s diversos contextos educativos.<br>El congreso IPCE tiene como objetivo brindar una oportunidad para que profesionales de diferentes \u00e1reas vinculadas a la Educaci\u00f3n y con intereses multidisciplinarios interact\u00faen y compartan experiencias y conocimientos, contribuyendo y estimulando la investigaci\u00f3n y el desarrollo de pr\u00e1cticas en Educaci\u00f3n.<\/p>\n\n\n\n<p><strong>Lenguas oficiales<\/strong><br>Portugu\u00e9s, ingl\u00e9s y espa\u00f1ol.<\/p>\n\n\n\n<p><strong>Participantes<\/strong><br>Educadores, profesores, investigadores, estudiantes universitarios, gestores de instituciones y t\u00e9cnicos en el campo de la educaci\u00f3n.<\/p>\n\n\n\n<hr class=\"wp-block-separator has-text-color has-css-opacity has-background\" style=\"background-color:#008080;color:#008080\"\/>\n\n\n\n<div class=\"wp-block-columns is-layout-flex wp-container-core-columns-is-layout-1 wp-block-columns-is-layout-flex\">\n<div class=\"wp-block-column is-layout-flow wp-block-column-is-layout-flow\"><\/div>\n\n\n\n<div class=\"wp-block-column is-layout-flow wp-block-column-is-layout-flow\"><\/div>\n<\/div>\n\n\n\n<div class=\"wp-block-columns is-layout-flex wp-container-core-columns-is-layout-2 wp-block-columns-is-layout-flex\">\n<div class=\"wp-block-column is-layout-flow wp-block-column-is-layout-flow\"><\/div>\n\n\n\n<div class=\"wp-block-column is-layout-flow wp-block-column-is-layout-flow\"><\/div>\n<\/div>\n\n\n\n<p><strong>Temas de la Conferencia:<\/strong><\/p>\n\n\n\n<p class=\"has-white-color has-text-color has-background\" style=\"background-color:#460c96\">1 &#8211; Experiencias de Ense\u00f1anza y Aprendizaje<\/p>\n\n\n\n<div class=\"wp-block-columns is-layout-flex wp-container-core-columns-is-layout-3 wp-block-columns-is-layout-flex\">\n<div class=\"wp-block-column is-layout-flow wp-block-column-is-layout-flow\">\n<p><strong>a) <em>en Educaci\u00f3n Infantil<\/em><\/strong><br>Pedagog\u00eda de la Educaci\u00f3n Infantil Desarrollo\/ae) <em>en Contextos Educativos No Formales<\/em><br>\u2013 Pedagog\u00edaprendizaje | \u00c1rea de la Formaci\u00f3n personal y Social | \u00c1rea del Conocimiento del Mundo | \u00c1rea de la Expresi\u00f3n y Comunicaci\u00f3n  Dominio de la Educaci\u00f3n F\u00edsica | Dominio de la Educaci\u00f3n Art\u00edstica | Dominio del Lenguaje oral y la Iniciaci\u00f3n a la Escritura | Dominio de la Matem\u00e1tica<\/p>\n<\/div>\n\n\n\n<div class=\"wp-block-column is-layout-flow wp-block-column-is-layout-flow\">\n<p><strong>b) <em>en Educaci\u00f3n B\u00e1sica<\/em><\/strong><br>Pedagog\u00eda de la Educaci\u00f3n B\u00e1sica | Lengua materna | Lengua no materna <br>Matem\u00e1tica | Ciencias Sociales | Ciencias Naturales | Expresiones | TIC | Educaci\u00f3n F\u00edsica\/Deporte<\/p>\n<\/div>\n<\/div>\n\n\n\n<div class=\"wp-block-columns is-layout-flex wp-container-core-columns-is-layout-4 wp-block-columns-is-layout-flex\">\n<div class=\"wp-block-column is-layout-flow wp-block-column-is-layout-flow\">\n<p><strong>c) <em>en Ense\u00f1anza Secundaria<\/em><\/strong><br>Pedagog\u00eda de la Ense\u00f1anza Secundaria | Lengua materna | Lengua no materna <br>Matem\u00e1tica | Ciencias Sociales | Ciencias Naturales | Expresiones | TIC | Educaci\u00f3n F\u00edsica\/Deporte<\/p>\n<\/div>\n\n\n\n<div class=\"wp-block-column is-layout-flow wp-block-column-is-layout-flow\">\n<p><strong>d) <em>en Ense\u00f1anza Superior<\/em><\/strong><br>Pedagog\u00eda de la Ense\u00f1anza Superior | Lengua materna | Lengua no materna <br>Matem\u00e1tica | Ciencias Sociales | Ciencias Naturales | Expresiones | TIC | Educaci\u00f3n F\u00edsica\/Deporte<\/p>\n<\/div>\n<\/div>\n\n\n\n<div class=\"wp-block-columns is-layout-flex wp-container-core-columns-is-layout-5 wp-block-columns-is-layout-flex\">\n<div class=\"wp-block-column is-layout-flow wp-block-column-is-layout-flow\">\n<p>e) <em>en Contextos Educativos No Formales<\/em><br>Pedagog\u00eda | Lengua materna | Lengua no materna <br>Matem\u00e1tica | Ciencias Sociales | Ciencias Naturales | Expresiones | TIC | Educaci\u00f3n F\u00edsica\/Deporte<\/p>\n<\/div>\n\n\n\n<div class=\"wp-block-column is-layout-flow wp-block-column-is-layout-flow\"><\/div>\n<\/div>\n\n\n\n<p class=\"has-white-color has-text-color has-background\" style=\"background-color:#460c96\">2 &#8211; Desarrollo Comunitario<\/p>\n\n\n\n<p><br><\/p>\n\n\n\n<p class=\"has-white-color has-text-color has-background\" style=\"background-color:#460c96\">3 &#8211; Otras experiencias en Contextos Educativos<\/p>\n","protected":false},"excerpt":{"rendered":"<p>El XIV Congreso Internacional de Investigaci\u00f3n, Pr\u00e1cticas y Contextos en Educaci\u00f3n (IPCE) es un evento internacional que pretende contribuir al avance de la teor\u00eda y la pr\u00e1ctica en Educaci\u00f3n. La conferencia IPCE es parte del conjunto de actividades de ESECS&hellip;  <\/p>\n<p class=\"more-link\"><a href=\"https:\/\/sites.ipleiria.pt\/ipce2025\/es\/ipce-2021-presentacion-es\/\">Continue reading <span class=\"meta-nav\">&rarr;<\/span><\/a><\/p>\n","protected":false},"author":102,"featured_media":0,"parent":0,"menu_order":0,"comment_status":"closed","ping_status":"closed","template":"","meta":{"footnotes":""},"class_list":["post-106","page","type-page","status-publish","hentry"],"_links":{"self":[{"href":"https:\/\/sites.ipleiria.pt\/ipce2025\/wp-json\/wp\/v2\/pages\/106","targetHints":{"allow":["GET"]}}],"collection":[{"href":"https:\/\/sites.ipleiria.pt\/ipce2025\/wp-json\/wp\/v2\/pages"}],"about":[{"href":"https:\/\/sites.ipleiria.pt\/ipce2025\/wp-json\/wp\/v2\/types\/page"}],"author":[{"embeddable":true,"href":"https:\/\/sites.ipleiria.pt\/ipce2025\/wp-json\/wp\/v2\/users\/102"}],"replies":[{"embeddable":true,"href":"https:\/\/sites.ipleiria.pt\/ipce2025\/wp-json\/wp\/v2\/comments?post=106"}],"version-history":[{"count":1,"href":"https:\/\/sites.ipleiria.pt\/ipce2025\/wp-json\/wp\/v2\/pages\/106\/revisions"}],"predecessor-version":[{"id":1523,"href":"https:\/\/sites.ipleiria.pt\/ipce2025\/wp-json\/wp\/v2\/pages\/106\/revisions\/1523"}],"wp:attachment":[{"href":"https:\/\/sites.ipleiria.pt\/ipce2025\/wp-json\/wp\/v2\/media?parent=106"}],"curies":[{"name":"wp","href":"https:\/\/api.w.org\/{rel}","templated":true}]}}