{"id":44,"date":"2021-02-10T12:49:07","date_gmt":"2021-02-10T12:49:07","guid":{"rendered":"http:\/\/sites.ipleiria.pt\/ipce2021\/?page_id=44"},"modified":"2025-04-30T17:31:39","modified_gmt":"2025-04-30T17:31:39","slug":"programas","status":"publish","type":"page","link":"https:\/\/sites.ipleiria.pt\/ipce2025\/es\/programas\/","title":{"rendered":"Programas"},"content":{"rendered":"\n<p><strong><a href=\"http:\/\/sites.ipleiria.pt\/ipce2025\/files\/2025\/04\/IPCE-2025-PROGRAMA-SESSOES-PARALELAS.pdf\">PROGRAMA PARALELAS<\/a><\/strong><\/p>\n\n\n\n<p><strong>PROGRAMA GENERAL<\/strong><\/p>\n\n\n\n<p class=\"has-white-color has-vivid-purple-background-color has-text-color has-background has-link-color wp-elements-c0a85203ea3ccd78c09feb2495f64509\"><strong>Viernes 9 de mayo<\/strong><\/p>\n\n\n\n<p>8h30 &#8211;<strong>&nbsp;Recepci\u00f3n para os participantes<\/strong><\/p>\n\n\n\n<p><em>9h00 &#8211;&nbsp;<\/em><strong>Sesi\u00f3n inaugural&nbsp;<\/strong> Audit\u00f3rio da ESSLei<\/p>\n\n\n\n<p><em>9h30 &#8211;&nbsp;<\/em><strong>Sesi\u00f3n plenaria<\/strong> Audit\u00f3rio da ESSLei<br><em><em>Disputas sobre el derecho a la educaci\u00f3n: vertientes de juridificaci\u00f3n y producci\u00f3n de pol\u00edticas educativas<\/em><\/em><br><a href=\"https:\/\/sites.ipleiria.pt\/ipce2025\/es\/ponentes\/\">SALOM\u00c3O BARROS XIMENES<strong>&nbsp;<\/strong><\/a><br>(Faculdade de Educa\u00e7\u00e3o da Universidade de S\u00e3o Paulo, Brasil)<\/p>\n\n\n\n<p>11h00 &#8211;&nbsp;<strong>Pausa<\/strong> <em>ESSLei \u2013&nbsp;<\/em>S.1.07<\/p>\n\n\n\n<p>11h30 &#8211;\u00a0<strong><a href=\"http:\/\/sites.ipleiria.pt\/ipce2025\/files\/2025\/04\/IPCE-2025-PROGRAMA-SESSOES-PARALELAS.pdf\">Sesiones paralelas<\/a><\/strong> <em>ESSLei \u2013\u00a0<\/em>A.S.0.24 | E.0.05 | E.0.18\u00a0<\/p>\n\n\n\n<p>12h30 &#8211;&nbsp;<strong>Almuerzo<\/strong><\/p>\n\n\n\n<p>14h00 &#8211;&nbsp;<strong>Sesi\u00f3n plenaria&nbsp;<\/strong>Audit\u00f3rio da ESSLei<br><em><em><em><em>Escuelas, estudiantes y docentes: lecturas diacr\u00f3nicas<\/em><\/em><\/em><\/em><br><a href=\"https:\/\/sites.ipleiria.pt\/ipce2025\/es\/ponentes\/\">RAQUEL PEREIRA HENRIQUES <\/a><br>(Instituto de Hist\u00f3ria Contempor\u00e2nea \/ IN2PAST \u2013 Faculdade de Ci\u00eancias Sociais e Humanas da Universidade Nova de Lisboa)<\/p>\n\n\n\n<p>15h00 &#8211;\u00a0<strong><a href=\"http:\/\/sites.ipleiria.pt\/ipce2025\/files\/2025\/04\/IPCE-2025-PROGRAMA-SESSOES-PARALELAS.pdf\">Sesiones paralelas<\/a><\/strong> ESSLei<em>\u00a0A. &#8211; S.0.24 | E.0.05 | E.0.18<\/em><\/p>\n\n\n\n<p>16h00 &#8211;&nbsp;<strong>Pausa<\/strong> <em>ESSLei &#8211;&nbsp;<\/em>S. 1.07<\/p>\n\n\n\n<p>16h30 &#8211;\u00a0<strong><a href=\"http:\/\/sites.ipleiria.pt\/ipce2025\/files\/2025\/04\/IPCE-2025-PROGRAMA-SESSOES-PARALELAS.pdf\">Sesiones paralelas<\/a><\/strong> ESSLei &#8211;\u00a0<em>A. S.0.24 | E.0.05 | E.0.18<\/em><\/p>\n\n\n\n<figure class=\"wp-block-table\"><table class=\"has-fixed-layout\"><tbody><tr><td>17h30 &#8211;&nbsp;<strong>Talleres<\/strong><\/td><td>17h30 &#8211;<strong>Simposio<\/strong> ESSLei \u2013 Espacio por definir<\/td><\/tr><tr><td><strong>Taller 1<\/strong> <em>ESSLei &#8211;&nbsp;<\/em>E.0.18<br><em>El uso del derecho en la ense\u00f1anza de temas sociales y culturales&nbsp;<\/em><br><a href=\"https:\/\/sites.ipleiria.pt\/ipce2025\/es\/ponentes\/\">TIAGO RIBEIRO<\/a><br>(Centro de Estudos Sociais da Universidade de Coimbra e Escola Superior de Educa\u00e7\u00e3o e Ci\u00eancias Sociais do Instituto Polit\u00e9cnico de Leiria)<br><br><strong>Taller 2<\/strong> <em>ESSLei \u2013 E.0.05<\/em><br><em>De la boca al o\u00eddo: Herramientas para mediadores del libro y la lectura<\/em><br><a href=\"https:\/\/sites.ipleiria.pt\/ipce2025\/es\/ponentes\/\">LILIANA GON\u00c7ALVES<\/a><br>(Servi\u00e7os de Documenta\u00e7\u00e3o e Bibliotecas do Instituto Polit\u00e9cnico de Leiria)<br><br><strong>Taller 3<\/strong> ESSLei \u2013 Sala de fisioterapia<br><em>MatDance \u2013 Conexiones Creativas entre las Matem\u00e1ticas y la Danza<\/em><br><a href=\"https:\/\/sites.ipleiria.pt\/ipce2025\/es\/ponentes\/\">MERCEDES PRIETO<\/a><br>(Programa MUS-E)<\/td><td><em>Formaci\u00f3n y ciudadan\u00eda en edades tempranas: estudios entre Brasil, Portugal y Francia<\/em><br><br><strong>Panel 1 &#8211; Educaci\u00f3n para la ciudadan\u00eda en edades tempranas<\/strong><br>Maria Jo\u00e3o Cardona | ESE\/IP de Santar\u00e9m<br>Andrea Braga Moruzzi | Universidade Federal de S. Carlos&nbsp;<br>Carolina Alvarenga | Universidade Federal de Lavras<br>Daniela Finco | Universidade Federal de S. Paulo<br><br>&#8212;&#8211;<strong>Panel 2 \u2013 Aportes a la definici\u00f3n de un modelo de formaci\u00f3n para&nbsp;las primeras edades<\/strong><br>Am\u00e9lia March\u00e3o | ESECS\/IP de Portalegre&nbsp;&nbsp;<br>Sofia Figueira | ESE\/IP de Set\u00fabal<br>Miguel Oliveira | ESECS\/IP de Leiria&nbsp;&nbsp;<\/td><\/tr><\/tbody><\/table><\/figure>\n\n\n\n<p>19h30 &#8211;&nbsp;<strong>Fin del trabalho<\/strong><\/p>\n\n\n\n<p class=\"has-white-color has-vivid-purple-background-color has-text-color has-background has-link-color wp-elements-57609cfba454e14edb17fff34dd391b9\"><strong>S\u00e1bado 10 de mayo<\/strong><\/p>\n\n\n\n<p>9h30 &#8211; <strong>Panel\u00a0<\/strong>| Audit\u00f3rio da ESSLei<br><em>Proyectos de investigaci\u00f3n e intervenci\u00f3n ESECS-IPL\u00a0<\/em><br><br><strong>STEAM Outdoor \u2013 Educaci\u00f3n sin barreras<\/strong><br><a href=\"https:\/\/sites.ipleiria.pt\/ipce2025\/es\/ponentes\/\">MARISA CORREIA<\/a> | CIEQV\u00a0<br><br><strong>Tripela: de un acto creativo a la creaci\u00f3n de un test de competencia motriz<\/strong><br><a href=\"https:\/\/sites.ipleiria.pt\/ipce2025\/es\/ponentes\/\">RUI MATOS<\/a> &amp; <a href=\"https:\/\/sites.ipleiria.pt\/ipce2025\/es\/ponentes\/\">NUNO AMARO <\/a>| CIDESD<br><br><strong>Projetos Ci&amp;DEI: Experi\u00eancias e Desafios da Educa\u00e7\u00e3o\u00a0<\/strong><br>Moderadora: Ana Margarida Neves | Ci&amp;DEI<br><br><strong>Educaci\u00f3n, pr\u00e1cticas parentales y prevenci\u00f3n de situaciones de riesgo: las percepciones de los ni\u00f1os y j\u00f3venes en el \u00e1mbito del Proyecto Ad\u00e9lia<\/strong><br><a href=\"https:\/\/sites.ipleiria.pt\/ipce2025\/es\/ponentes\/\">T\u00c2NIA MOREIRA DA SILVA\u00a0<\/a> | CICS.NOVA<br><\/p>\n\n\n\n<p>11h00 &#8211;&nbsp;<strong>Pausa<\/strong> <em>ESSLei \u2013 S.1.07<\/em><\/p>\n\n\n\n<p>11h30 \u2013&nbsp;<strong>Sesi\u00f3n plenaria<\/strong> Audit\u00f3rio da ESSLei<br><em>Educaci\u00f3n STEAM.&nbsp;&nbsp;Competencias del siglo XXI. Los desaf\u00edos de integrar recursos en el entorno.<\/em><br><a href=\"https:\/\/sites.ipleiria.pt\/ipce2025\/es\/ponentes\/\">EVA MAR\u00cdA L\u00d3PEZ PEREA<\/a> &amp; <a href=\"https:\/\/sites.ipleiria.pt\/ipce2025\/es\/ponentes\/\">MAR\u00cdA DIEZ-OJEDA <\/a><br>(Universidade de Burgos, Espanha)&nbsp;&nbsp;<\/p>\n\n\n\n<p>13h00 &#8211;&nbsp;<strong>Almuerzo<\/strong><\/p>\n\n\n\n<p>14h00 &#8211;<strong><em> <a href=\"http:\/\/sites.ipleiria.pt\/ipce2025\/files\/2025\/04\/IPCE-2025-PROGRAMA-SESSOES-PARALELAS.pdf\">Sesiones paralelas<\/a><\/em><\/strong> <em><em>ESSLei \u2013 A. S.0.24 | E.0.05 | E.0.18<\/em><\/em><\/p>\n\n\n\n<p>15h30 &#8211;&nbsp;<strong>Sesi\u00f3n plen\u00e1ria<\/strong> <em>ESSLei \u2013 A. S.0.24 | E.0.05 | E.0.18<\/em><br><em>Innovaci\u00f3n, Pedagog\u00eda y Transformaci\u00f3n de la Ense\u00f1anza y el Aprendizaje: discusi\u00f3n de algunas cuestiones cr\u00edticas<\/em><br><a href=\"https:\/\/sites.ipleiria.pt\/ipce2025\/es\/ponentes\/\">DOMINGOS FERNANDES <\/a><br>(Conselho Nacional de Educa\u00e7\u00e3o)<\/p>\n\n\n\n<p>16h30 &#8211;&nbsp;<strong>Reuni\u00f3n<\/strong> <em>Audit\u00f3rio da ESSLei<\/em><br><em>Escuela, Memoria y Sentido: \u00bfesperando el tren en la parada de autob\u00fas?<\/em><br><a href=\"https:\/\/sites.ipleiria.pt\/ipce2025\/es\/ponentes\/\">PEDRO SILVA<\/a> (moderador)<br><a href=\"https:\/\/sites.ipleiria.pt\/ipce2025\/es\/ponentes\/\">ISABEL AL\u00c7ADA<\/a><br><a href=\"https:\/\/sites.ipleiria.pt\/ipce2025\/es\/ponentes\/\">MARIA EM\u00cdLIA BREDERODE SANTOS<\/a><br><a href=\"https:\/\/sites.ipleiria.pt\/ipce2025\/es\/ponentes\/\">S\u00c9RGIO GODINHO<\/a><\/p>\n\n\n\n<p>18h00 &#8211;&nbsp;<strong>Sesi\u00f3n de clausura<\/strong> Audit\u00f3rio&nbsp;da ESSLei<\/p>\n","protected":false},"excerpt":{"rendered":"<p>PROGRAMA PARALELAS PROGRAMA GENERAL Viernes 9 de mayo 8h30 &#8211;&nbsp;Recepci\u00f3n para os participantes 9h00 &#8211;&nbsp;Sesi\u00f3n inaugural&nbsp; Audit\u00f3rio da ESSLei 9h30 &#8211;&nbsp;Sesi\u00f3n plenaria Audit\u00f3rio da ESSLeiDisputas sobre el derecho a la educaci\u00f3n: vertientes de juridificaci\u00f3n y producci\u00f3n de pol\u00edticas educativasSALOM\u00c3O BARROS&hellip;  <\/p>\n<p class=\"more-link\"><a href=\"https:\/\/sites.ipleiria.pt\/ipce2025\/es\/programas\/\">Continue reading <span class=\"meta-nav\">&rarr;<\/span><\/a><\/p>\n","protected":false},"author":102,"featured_media":0,"parent":0,"menu_order":0,"comment_status":"closed","ping_status":"closed","template":"","meta":{"footnotes":""},"class_list":["post-44","page","type-page","status-publish","hentry"],"_links":{"self":[{"href":"https:\/\/sites.ipleiria.pt\/ipce2025\/wp-json\/wp\/v2\/pages\/44","targetHints":{"allow":["GET"]}}],"collection":[{"href":"https:\/\/sites.ipleiria.pt\/ipce2025\/wp-json\/wp\/v2\/pages"}],"about":[{"href":"https:\/\/sites.ipleiria.pt\/ipce2025\/wp-json\/wp\/v2\/types\/page"}],"author":[{"embeddable":true,"href":"https:\/\/sites.ipleiria.pt\/ipce2025\/wp-json\/wp\/v2\/users\/102"}],"replies":[{"embeddable":true,"href":"https:\/\/sites.ipleiria.pt\/ipce2025\/wp-json\/wp\/v2\/comments?post=44"}],"version-history":[{"count":18,"href":"https:\/\/sites.ipleiria.pt\/ipce2025\/wp-json\/wp\/v2\/pages\/44\/revisions"}],"predecessor-version":[{"id":1975,"href":"https:\/\/sites.ipleiria.pt\/ipce2025\/wp-json\/wp\/v2\/pages\/44\/revisions\/1975"}],"wp:attachment":[{"href":"https:\/\/sites.ipleiria.pt\/ipce2025\/wp-json\/wp\/v2\/media?parent=44"}],"curies":[{"name":"wp","href":"https:\/\/api.w.org\/{rel}","templated":true}]}}