{"id":79,"date":"2019-12-04T17:36:30","date_gmt":"2019-12-04T17:36:30","guid":{"rendered":"https:\/\/sites.ipleiria.pt\/ipce2020\/?page_id=79"},"modified":"2025-01-16T10:21:29","modified_gmt":"2025-01-16T10:21:29","slug":"organization","status":"publish","type":"page","link":"https:\/\/sites.ipleiria.pt\/ipce2025\/en\/organization\/","title":{"rendered":"Organization"},"content":{"rendered":"\n<p class=\"has-white-color has-text-color has-background\" style=\"background-color:#460c96\"><strong>Organising Committee:<\/strong><\/p>\n\n\n\n<ul class=\"wp-block-list\">\n<li>H\u00e9lia Gon\u00e7alves Pinto<\/li>\n\n\n\n<li>Isabel Sim\u00f5es Dias<\/li>\n\n\n\n<li>Maria Od\u00edlia Abreu<\/li>\n\n\n\n<li>Marisa Barroso<\/li>\n\n\n\n<li>Tiago Ribeiro<\/li>\n<\/ul>\n\n\n\n<p class=\"has-white-color has-text-color has-background\" style=\"background-color:#460c96\"><strong>Scientific Committee:<\/strong><\/p>\n\n\n\n<p>Alda Mour\u00e3o \u2013 Instituto Polit\u00e9cnico de Leiria (Portugal)<br>Alessandra Almeida \u2013 Faculdade de Educa\u00e7\u00e3o da Pontif\u00edcia Universidade Cat\u00f3lica de Campinas (Brasil)<br>Ant\u00f3nio Eduardo Veyrier Val\u00e9rio Maduro \u2013 Instituto Universit\u00e1rio da Maia (Portugal)<br>C\u00e1tia Vanessa Maio Gon\u00e7alves \u2013 Universidad de Le\u00f3n (Espanha)<br>Carmen Vanesa \u00c1lvarez Rosa \u2013 Universidad de Salamanca (Espanha)<br>Concei\u00e7\u00e3o Silveirinha \u2013 Agrupamento de Escolas de Correia Mateus \u2013 Leiria (Portugal)<br>Dina Catarina Duarte Alves \u2013 Instituto Polit\u00e9cnico de Leiria (Portugal)<br>Elvira Ferreira \u2013 Minist\u00e9rio da Educa\u00e7\u00e3o (Portugal)<br>Eva Lopez Perea &#8211; Universidad de Burgos (Espanha)<br>F\u00e1tima Llamas Salguero \u2013 Universidad de Extremadura (Espanha)<br>Fausto Caels \u2013 Instituto Polit\u00e9cnico de Leiria (Portugal)<br>Filipe Alexandre da Silva Santos \u2013 Instituto Polit\u00e9cnico de Leiria (Portugal)<br>Gra\u00e7a Maria Santos Batista S\u00eaco \u2013 Instituto Polit\u00e9cnico de Leiria (Portugal)<br>Gabriela Prego V\u00e1zquez \u2013 Universidad de Santiago de Compostela (Espanha)<br>H\u00e9lia Gon\u00e7alves Pinto \u2013 Instituto Polit\u00e9cnico de Leiria (Portugal)<br>Helena Maria Ferreira Moreno Lu\u00eds \u2013 Instituto Polit\u00e9cnico de Santar\u00e9m (Portugal)\u00a0<br>Hugo Alexandre Lopes Menino \u2013 Instituto Polit\u00e9cnico de Leiria (Portugal)<br>Hugo Dias &#8211; Universidade de Campinas (Brasil)<br>Isabel Cuadrado Gordillo \u2013 Universidad de Extremadura (Espanha)<br>Isabel Sofia Godinho Silva Rebelo \u2013 Instituto Polit\u00e9cnico de Leiria (Portugal)<br>Jenny Patricia Acevedo Rincon \u2013 Universidad Pedag\u00f3gica Nacional (Col\u00f4mbia)\u00a0<br>Joana Alexandra Soares de Freitas Lu\u00eds \u2013 Instituto Polit\u00e9cnico de Leiria (Portugal)<br>Joana Marques \u2013 Universidade de Coimbra (Portugal)<br>Jos\u00e9 Brites Ferreira \u2013 Instituto Polit\u00e9cnico de Leiria (Portugal)<br>Jos\u00e9 Rodrigues \u2013 Instituto Polit\u00e9cnico de Santar\u00e9m (Portugal)<br>Lina Fonseca \u2013 Instituto Polit\u00e9cnico de Viana do Castelo (Portugal)<br>L\u00facia Grave Magueta \u2013 Instituto Polit\u00e9cnico de Leiria (Portugal)<br>Lu\u00eds Filipe Tom\u00e1s Barbeiro \u2013 Instituto Polit\u00e9cnico de Leiria (Portugal)<br>Maria de la Cinta Mu\u00f1oz Catalan \u2013 Universidad de Sevilla (Espanha)\u00a0<br>Mar\u00eda Jes\u00fas Caurcel Cara \u2013 Universidad de Granada (Espanha)<br>Maria Isabel Alves Rodrigues Pereira \u2013 Instituto Polit\u00e9cnico de Leiria (Portugal)<br>Maria Isabel Pinto Sim\u00f5es Dias \u2013 Instituto Polit\u00e9cnico de Leiria (Portugal)<br>Mark Daubney \u2013 Instituto Polit\u00e9cnico de Leiria (Portugal)<br>Maria Jos\u00e9 Nascimento Silva Gamboa \u2013 Instituto Polit\u00e9cnico de Leiria (Portugal)<br>Marina Vict\u00f3ria Valdez Faria Rodrigues \u2013 Instituto Polit\u00e9cnico de Leiria (Portugal)<br>Marta Alexandre \u2013 Instituto Polit\u00e9cnico de Leiria (Portugal)<br>Marta Fonseca \u2013 Instituto Polit\u00e9cnico de Leiria (Portugal)<br>No\u00e9mia Jorge \u2013 Instituto Polit\u00e9cnico de Leiria (Portugal)<br>Pedro de Carvalho da Silva \u2013 Instituto Polit\u00e9cnico de Leiria (Portugal)<br>Pedro Tadeu \u2013 Instituto Polit\u00e9cnico da Guarda (Portugal)<br>Rita Alexandra Bettencourt Leal \u2013 Instituto Polit\u00e9cnico de Leiria (Portugal)<br>Rita Cadima \u2013 Instituto Polit\u00e9cnico de Leiria (Portugal)<br>Romain Gillain \u2013 Instituto Polit\u00e9cnico de Leiria (Portugal)<br>Rosa Afonso \u2013 Departamento de Psicologia e Educa\u00e7\u00e3o\u00a0da Universidade da Beira Interior (Portugal)<br>Rui Matos \u2013 Instituto Polit\u00e9cnico de Leiria (Portugal)<br>Sandrina Diniz Fernandes Milhano \u2013 Instituto Polit\u00e9cnico de Leiria (Portugal)<br>Susana Faria \u2013 Instituto Polit\u00e9cnico de Leiria (Portugal)<br>Susana Margarida da Costa Nunes \u2013 Instituto Polit\u00e9cnico de Leiria (Portugal)<br>Valeriana Guijo Blanco \u2013 Universidad de Burgos (Espanha)<br>V\u00e9ronique Delplancq \u2013 Instituto Polit\u00e9cnico de Viseu (Portugal)\u00a0<\/p>\n\n\n\n<p class=\"has-white-color has-text-color has-background\" style=\"background-color:#460c96\"><strong>Organizer<\/strong><\/p>\n\n\n\n<ul class=\"wp-block-list\">\n<li>Escola Superior de Educa\u00e7\u00e3o e Ci\u00eancias Sociais \u2013 Instituto Polit\u00e9cnico de Leiria (PORTUGAL)<\/li>\n<\/ul>\n\n\n\n<p><\/p>\n","protected":false},"excerpt":{"rendered":"<p>Organising Committee: Scientific Committee: Alda Mour\u00e3o \u2013 Instituto Polit\u00e9cnico de Leiria (Portugal)Alessandra Almeida \u2013 Faculdade de Educa\u00e7\u00e3o da Pontif\u00edcia Universidade Cat\u00f3lica de Campinas (Brasil)Ant\u00f3nio Eduardo Veyrier Val\u00e9rio Maduro \u2013 Instituto Universit\u00e1rio da Maia (Portugal)C\u00e1tia Vanessa Maio Gon\u00e7alves \u2013 Universidad de&hellip;  <\/p>\n<p class=\"more-link\"><a href=\"https:\/\/sites.ipleiria.pt\/ipce2025\/en\/organization\/\">Continue reading <span class=\"meta-nav\">&rarr;<\/span><\/a><\/p>\n","protected":false},"author":102,"featured_media":0,"parent":0,"menu_order":0,"comment_status":"closed","ping_status":"closed","template":"","meta":{"footnotes":""},"class_list":["post-79","page","type-page","status-publish","hentry"],"_links":{"self":[{"href":"https:\/\/sites.ipleiria.pt\/ipce2025\/wp-json\/wp\/v2\/pages\/79","targetHints":{"allow":["GET"]}}],"collection":[{"href":"https:\/\/sites.ipleiria.pt\/ipce2025\/wp-json\/wp\/v2\/pages"}],"about":[{"href":"https:\/\/sites.ipleiria.pt\/ipce2025\/wp-json\/wp\/v2\/types\/page"}],"author":[{"embeddable":true,"href":"https:\/\/sites.ipleiria.pt\/ipce2025\/wp-json\/wp\/v2\/users\/102"}],"replies":[{"embeddable":true,"href":"https:\/\/sites.ipleiria.pt\/ipce2025\/wp-json\/wp\/v2\/comments?post=79"}],"version-history":[{"count":3,"href":"https:\/\/sites.ipleiria.pt\/ipce2025\/wp-json\/wp\/v2\/pages\/79\/revisions"}],"predecessor-version":[{"id":1657,"href":"https:\/\/sites.ipleiria.pt\/ipce2025\/wp-json\/wp\/v2\/pages\/79\/revisions\/1657"}],"wp:attachment":[{"href":"https:\/\/sites.ipleiria.pt\/ipce2025\/wp-json\/wp\/v2\/media?parent=79"}],"curies":[{"name":"wp","href":"https:\/\/api.w.org\/{rel}","templated":true}]}}