{"id":88,"date":"2019-12-04T17:41:00","date_gmt":"2019-12-04T17:41:00","guid":{"rendered":"https:\/\/sites.ipleiria.pt\/ipce2020\/?page_id=88"},"modified":"2025-04-30T17:31:40","modified_gmt":"2025-04-30T17:31:40","slug":"programme","status":"publish","type":"page","link":"https:\/\/sites.ipleiria.pt\/ipce2025\/en\/programme\/","title":{"rendered":"Programme"},"content":{"rendered":"\n<p><br><strong><a href=\"http:\/\/sites.ipleiria.pt\/ipce2025\/files\/2025\/04\/IPCE-2025-PROGRAMA-SESSOES-PARALELAS.pdf\">PARALLEL SESSIONS PROGRAMME<\/a><\/strong><br><strong>GENERAL PROGRAMME <\/strong><\/p>\n\n\n\n<p class=\"has-white-color has-vivid-purple-background-color has-text-color has-background has-link-color wp-elements-35f90bd70614484b22328c2586712f35\"><strong><em>Friday, 9th of May <\/em><\/strong><\/p>\n\n\n\n<p>8h30 &#8211;<strong>&nbsp;<em>Welcoming the participants <\/em><\/strong><\/p>\n\n\n\n<p><em>9h00 &#8211;&nbsp;<strong>Opening session<\/strong> <\/em>|&nbsp;ESSLei&nbsp;&nbsp;Auditorium&nbsp;<\/p>\n\n\n\n<p><em>9h30 &#8211; <strong>Plenary session <\/strong><\/em>|&nbsp;ESSLei&nbsp;&nbsp;Auditorium&nbsp;<br><em>Disputes over the Right to Education: Trends in Juridification and the Production of Educational Policies&nbsp;<\/em><br><a href=\"https:\/\/sites.ipleiria.pt\/ipce2025\/en\/keynote-speakers\/\">SALOM\u00c3O BARROS XIMENES<strong>&nbsp;<\/strong><\/a><br>(Faculdade de Educa\u00e7\u00e3o da Universidade de S\u00e3o Paulo, Brasil)<\/p>\n\n\n\n<p>11h00 &#8211;&nbsp;<em><strong>Coffee break <\/strong><\/em>|&nbsp;<em>ESSLei \u2013&nbsp;<\/em>S.1.07<\/p>\n\n\n\n<p>11h30 &#8211;\u00a0<em><strong><a href=\"http:\/\/sites.ipleiria.pt\/ipce2025\/files\/2025\/04\/IPCE-2025-PROGRAMA-SESSOES-PARALELAS.pdf\">Parallel sessions<\/a><\/strong><\/em> |\u00a0<em>ESSLei \u2013\u00a0<\/em>A.S.0.24 | E.0.05 | E.0.18<\/p>\n\n\n\n<p>12h30 &#8211;&nbsp;<em><strong>Lunch<\/strong><\/em><\/p>\n\n\n\n<p>14h00 &#8211;&nbsp;<em><strong>Plenary session<\/strong><\/em> |&nbsp;ESSLei&nbsp;&nbsp;Auditorium&nbsp;<br><em><em>Schools, students and teachers: diachronic readings<\/em><\/em><br><a href=\"https:\/\/sites.ipleiria.pt\/ipce2025\/en\/keynote-speakers\/\">RAQUEL PEREIRA HENRIQUES <\/a><br>(Instituto de Hist\u00f3ria Contempor\u00e2nea \/ IN2PAST \u2013 Faculdade de Ci\u00eancias Sociais e Humanas da Universidade Nova de Lisboa)<\/p>\n\n\n\n<p>15h00 &#8211;\u00a0<em><strong><a href=\"http:\/\/sites.ipleiria.pt\/ipce2025\/files\/2025\/04\/IPCE-2025-PROGRAMA-SESSOES-PARALELAS.pdf\">Parallel sessions<\/a><\/strong><\/em> |\u00a0<em>ESSLei \u2013\u00a0<\/em>A.S.0.24 | E.0.05 | E.0.18<\/p>\n\n\n\n<p>16h00 &#8211;&nbsp;<em><strong>Coffee break <\/strong><\/em>|&nbsp;<em>ESSLei \u2013&nbsp;<\/em>S.1.07<\/p>\n\n\n\n<p>16h30 &#8211;\u00a0<em><strong><a href=\"http:\/\/sites.ipleiria.pt\/ipce2025\/files\/2025\/04\/IPCE-2025-PROGRAMA-SESSOES-PARALELAS.pdf\">Parallel sessions<\/a><\/strong><\/em> |\u00a0<em>ESSLei \u2013\u00a0<\/em>A.S.0.24 | E.0.05 | E.0.18<\/p>\n\n\n\n<figure class=\"wp-block-table\"><table class=\"has-fixed-layout\"><tbody><tr><td>17h30 &#8211;&nbsp;<em><strong>Workshops<\/strong><\/em><\/td><td>17h30 &#8211;&nbsp;<em><strong>Symposium<\/strong> <\/em>| Room (soon)<\/td><\/tr><tr><td><em><strong>Workshop 1<\/strong><\/em> |&nbsp;<em>ESSLei &#8211;&nbsp;<\/em>E.0.18<br><em>Using law to teach social and cultural topics&nbsp;<\/em><br><a href=\"https:\/\/sites.ipleiria.pt\/ipce2025\/en\/keynote-speakers\/\">TIAGO RIBEIRO<\/a><br>(Centro de Estudos Sociais da Universidade de Coimbra e Escola Superior de Educa\u00e7\u00e3o e Ci\u00eancias Sociais do Instituto Polit\u00e9cnico de Leiria)<br><br><strong>Workshop 2<\/strong> |&nbsp;<em>ESSLei \u2013 E.0.05<\/em><br><em>From mouth to ear: tools for book and reading mediators<\/em><br><a href=\"https:\/\/sites.ipleiria.pt\/ipce2025\/oradores-2\/#liliana-goncalves\">LILIANA GON\u00c7ALVES<\/a><br>(Servi\u00e7os de Documenta\u00e7\u00e3o e Bibliotecas do Instituto Polit\u00e9cnico de Leiria)<br><br><strong>Workshop 3<\/strong> |&nbsp;ESSLei \u2013 Sala de fisioterapia<br><em>MatDance \u2013 Creative Connections Between Mathematics and Dance<\/em><br><a href=\"https:\/\/sites.ipleiria.pt\/ipce2025\/en\/keynote-speakers\/\">MERCEDES PRIETO<\/a><br>(Programa MUS-E)<\/td><td><em>Education and citizenship in the early age: studies between Brazil, Portugal and France<\/em><br><br><strong>Panel 1 \u2013 Citizenship education at an early age<\/strong><br>Maria Jo\u00e3o Cardona | ESE\/IP de Santar\u00e9m<br><a href=\"https:\/\/sites.ipleiria.pt\/ipce2025\/en\/keynote-speakers\/\">Andrea Braga Moruzzi<\/a> | Universidade Federal de S. Carlos&nbsp;<br><a href=\"https:\/\/sites.ipleiria.pt\/ipce2025\/en\/keynote-speakers\/\">Carolina Alvarenga<\/a> | Universidade Federal de Lavras<br><a href=\"https:\/\/sites.ipleiria.pt\/ipce2025\/en\/keynote-speakers\/\">Daniela Finco<\/a> | Universidade Federal de S. Paulo&#8212;<br><br><strong>Panel 2 &#8211; Contributions to the definition of a training model for the early ages<\/strong><br><a href=\"https:\/\/sites.ipleiria.pt\/ipce2025\/en\/keynote-speakers\/\">Am\u00e9lia March\u00e3o<\/a> | ESECS\/IP de Portalegre&nbsp;&nbsp;<br><a href=\"https:\/\/sites.ipleiria.pt\/ipce2025\/en\/keynote-speakers\/\">Sofia Figueira <\/a>| ESE\/IP de Set\u00fabal<br><a href=\"https:\/\/sites.ipleiria.pt\/ipce2025\/en\/keynote-speakers\/\">Miguel Oliveira<\/a> | ESECS\/IP de Leiria&nbsp;&nbsp;<\/td><\/tr><\/tbody><\/table><\/figure>\n\n\n\n<p>19h30 &#8211;&nbsp;<em><strong>End of day 1 <\/strong><\/em><\/p>\n\n\n\n<p class=\"has-white-color has-vivid-purple-background-color has-text-color has-background has-link-color wp-elements-7e73cb98cc422abdeabc02a59c26a03d\"><strong>Saturday, 10th of May<\/strong><\/p>\n\n\n\n<p>9h30 &#8211;<strong>&nbsp;<em>Panel <\/em><\/strong>|&nbsp;ESSLei&nbsp;&nbsp;Auditorium&nbsp;<br><em>ESECS-IPL Research and intervention projects&nbsp;<\/em><br><br><strong>STEAM Outdoor \u2013 Education without Borders&nbsp;<\/strong><br><a href=\"https:\/\/sites.ipleiria.pt\/ipce2025\/en\/keynote-speakers\/\">MARISA CORREIA<\/a> | CIEQV&nbsp;<br><br><strong>Tripela: from a creative act to the creation of a motor competence test<\/strong><br><a href=\"https:\/\/sites.ipleiria.pt\/ipce2025\/en\/keynote-speakers\/\">RUI MATOS<\/a> &amp; <a href=\"https:\/\/sites.ipleiria.pt\/ipce2025\/en\/keynote-speakers\/\">NUNO AMARO<\/a> | CIDESD<\/p>\n\n\n\n<p><strong>Ci&amp;DEI projects: Experiences and chalenges on education&nbsp;<\/strong><br>Moderator: Ana Margarida Neves | Ci&amp;DEI<\/p>\n\n\n\n<p><strong>Education, parenting practices and prevention of risk situations: the perceptions of children and young people within the Ad\u00e9lia project<\/strong><br><a href=\"https:\/\/sites.ipleiria.pt\/ipce2025\/en\/keynote-speakers\/\">T\u00c2NIA MOREIRA DA SILVA&nbsp;<\/a> | CICS.NOVA<\/p>\n\n\n\n<p>11h00 &#8211;&nbsp;<em><strong>Coffee break<\/strong><\/em> |&nbsp;<em>ESSLei \u2013&nbsp;<\/em>S.1.07<\/p>\n\n\n\n<p>11h30 \u2013&nbsp;<strong>Plenary session <\/strong>|&nbsp;ESSLei&nbsp;&nbsp;Auditorium&nbsp;<br><em>STEAM education. 21st century skills. The challenges of integrating resources into the environment<\/em><br><a href=\"https:\/\/sites.ipleiria.pt\/ipce2025\/en\/keynote-speakers\/\">EVA MAR\u00cdA L\u00d3PEZ PEREA<\/a> &amp; <a href=\"https:\/\/sites.ipleiria.pt\/ipce2025\/en\/keynote-speakers\/\">MAR\u00cdA DIEZ-OJEDA <\/a><br>(Universidade de Burgos, Spain)&nbsp;&nbsp;<\/p>\n\n\n\n<p>13h00 &#8211;&nbsp;<em><strong>Lunch <\/strong><\/em><\/p>\n\n\n\n<p>14h00 &#8211;\u00a0<em><strong><a href=\"http:\/\/sites.ipleiria.pt\/ipce2025\/files\/2025\/04\/IPCE-2025-PROGRAMA-SESSOES-PARALELAS.pdf\">Parallel sessions<\/a> <\/strong><\/em>|\u00a0<em>ESSLei \u2013 A. S.0.24 | E.0.05 | E.0.18<\/em><\/p>\n\n\n\n<p>15h30 &#8211;&nbsp;<em><strong>Plenary session <\/strong><\/em>|&nbsp;ESSLei&nbsp;&nbsp;Auditorium&nbsp;<br><em>Innovation, Pedagogy and Transformation of Teaching and Learning: discussion of some critical issues<\/em><br><a href=\"https:\/\/sites.ipleiria.pt\/ipce2025\/en\/keynote-speakers\/\">DOMINGOS FERNANDES <\/a><br>(Conselho Nacional de Educa\u00e7\u00e3o)<\/p>\n\n\n\n<p>16h30 &#8211;&nbsp;<em><strong>Get-together<\/strong><\/em> |&nbsp;ESSLei&nbsp;&nbsp;Auditorium&nbsp;<br><em>School, Memory and Meaning:&nbsp;waiting for the train at the bus stop?<\/em><br><a href=\"https:\/\/sites.ipleiria.pt\/ipce2025\/oradores-2\/#mercedes-prieto\">PEDRO SILVA<\/a> (moderador)<br><a href=\"https:\/\/sites.ipleiria.pt\/ipce2025\/oradores-2\/#isabel-alcada\">ISABEL AL\u00c7ADA<\/a><br><a href=\"https:\/\/sites.ipleiria.pt\/ipce2025\/oradores-2\/#maria-emilia-brederode-santos\">MARIA EM\u00cdLIA BREDERODE SANTOS<\/a><br><a href=\"https:\/\/sites.ipleiria.pt\/ipce2025\/oradores-2\/#sergio-godinho\">S\u00c9RGIO GODINHO<\/a><\/p>\n\n\n\n<p>18h00 &#8211;&nbsp;<em><strong>Closing session <\/strong><\/em> |&nbsp;ESSLei&nbsp;&nbsp;Auditorium&nbsp;<\/p>\n","protected":false},"excerpt":{"rendered":"<p>PARALLEL SESSIONS PROGRAMMEGENERAL PROGRAMME Friday, 9th of May 8h30 &#8211;&nbsp;Welcoming the participants 9h00 &#8211;&nbsp;Opening session |&nbsp;ESSLei&nbsp;&nbsp;Auditorium&nbsp; 9h30 &#8211; Plenary session |&nbsp;ESSLei&nbsp;&nbsp;Auditorium&nbsp;Disputes over the Right to Education: Trends in Juridification and the Production of Educational Policies&nbsp;SALOM\u00c3O BARROS XIMENES&nbsp;(Faculdade de Educa\u00e7\u00e3o da&hellip;  <\/p>\n<p class=\"more-link\"><a href=\"https:\/\/sites.ipleiria.pt\/ipce2025\/en\/programme\/\">Continue reading <span class=\"meta-nav\">&rarr;<\/span><\/a><\/p>\n","protected":false},"author":102,"featured_media":0,"parent":0,"menu_order":0,"comment_status":"closed","ping_status":"closed","template":"","meta":{"footnotes":""},"class_list":["post-88","page","type-page","status-publish","hentry"],"_links":{"self":[{"href":"https:\/\/sites.ipleiria.pt\/ipce2025\/wp-json\/wp\/v2\/pages\/88","targetHints":{"allow":["GET"]}}],"collection":[{"href":"https:\/\/sites.ipleiria.pt\/ipce2025\/wp-json\/wp\/v2\/pages"}],"about":[{"href":"https:\/\/sites.ipleiria.pt\/ipce2025\/wp-json\/wp\/v2\/types\/page"}],"author":[{"embeddable":true,"href":"https:\/\/sites.ipleiria.pt\/ipce2025\/wp-json\/wp\/v2\/users\/102"}],"replies":[{"embeddable":true,"href":"https:\/\/sites.ipleiria.pt\/ipce2025\/wp-json\/wp\/v2\/comments?post=88"}],"version-history":[{"count":20,"href":"https:\/\/sites.ipleiria.pt\/ipce2025\/wp-json\/wp\/v2\/pages\/88\/revisions"}],"predecessor-version":[{"id":1976,"href":"https:\/\/sites.ipleiria.pt\/ipce2025\/wp-json\/wp\/v2\/pages\/88\/revisions\/1976"}],"wp:attachment":[{"href":"https:\/\/sites.ipleiria.pt\/ipce2025\/wp-json\/wp\/v2\/media?parent=88"}],"curies":[{"name":"wp","href":"https:\/\/api.w.org\/{rel}","templated":true}]}}