{"id":121,"date":"2016-09-29T14:40:19","date_gmt":"2016-09-29T14:40:19","guid":{"rendered":"http:\/\/sites.ipleiria.pt\/isd\/?page_id=121"},"modified":"2016-11-16T20:44:24","modified_gmt":"2016-11-16T20:44:24","slug":"exposicao-de-fotografia","status":"publish","type":"page","link":"https:\/\/sites.ipleiria.pt\/isd\/exposicao-de-fotografia\/","title":{"rendered":"Exposi\u00e7\u00e3o de Fotografia"},"content":{"rendered":"<p><img loading=\"lazy\" decoding=\"async\" class=\"alignnone size-large wp-image-126\" src=\"http:\/\/sites.ipleiria.pt\/isd\/files\/2016\/09\/arquivo_Cartaz_ExpoFotografia_Maio2016_fb-724x1024.jpg\" alt=\"arquivo_cartaz_expofotografia_maio2016_fb\" width=\"724\" height=\"1024\" srcset=\"https:\/\/sites.ipleiria.pt\/isd\/files\/2016\/09\/arquivo_Cartaz_ExpoFotografia_Maio2016_fb-724x1024.jpg 724w, https:\/\/sites.ipleiria.pt\/isd\/files\/2016\/09\/arquivo_Cartaz_ExpoFotografia_Maio2016_fb-212x300.jpg 212w, https:\/\/sites.ipleiria.pt\/isd\/files\/2016\/09\/arquivo_Cartaz_ExpoFotografia_Maio2016_fb-768x1087.jpg 768w, https:\/\/sites.ipleiria.pt\/isd\/files\/2016\/09\/arquivo_Cartaz_ExpoFotografia_Maio2016_fb.jpg 1169w\" sizes=\"auto, (max-width: 724px) 85vw, 724px\" \/><\/p>\n<p>&nbsp;<\/p>\n<p>Projeto proposto pela Curadora Genoveva Oliveira, integrado na\u00a0Oficina Multimedia, sob orienta\u00e7\u00e3o da docente Maria Kowalski.<\/p>\n<p>&nbsp;<\/p>\n<p><strong>Exposi\u00e7\u00e3o de fotografia:<\/strong><\/p>\n<p><strong>\u201cO corpo como constru\u00e7\u00e3o social\u201d <\/strong>(texto de Genoveva Oliveira)<\/p>\n<p>Os participantes s\u00e3o desafiados a refletirem sobre as diferentes linguagens do corpo no s\u00e9culo XXI como uma constru\u00e7\u00e3o social e pol\u00edtica. Espinosa, o fil\u00f3sofo holand\u00eas fez uma das grandes perguntas da filosofia:o que pode um corpo? De que modo ele \u00e9 capaz de ser, de estar e de agir? O corpo \u00e9 uma constru\u00e7\u00e3o simb\u00f3lica e esta reprodu\u00e7\u00e3o do corpo representa uma vis\u00e3o do mundo. Cada sociedade tem o \u201cseu\u201d corpo, tal como tem a sua l\u00edngua que obedece a regras, a rituais de interac\u00e7\u00e3o, a teatraliza\u00e7\u00f5es quotidianas. O corpo \u00e9 sempre preenchido por indisposi\u00e7\u00f5es ou inc\u00f3modos, por tristezas ou alegrias. Mia Couto escreveu sobre o mundo de quem tem medo e num mundo de quem tem \u00f3dio, esse \u00e9 um mundo monocrom\u00e1tico. S\u00f3 h\u00e1 uma cor e o oposto dela. O \u00f3dio solta animais ferozes, mas a alegria vincula-nos com a vida.<\/p>\n<p>&nbsp;<\/p>\n<p><strong>Objetivos:<\/strong><\/p>\n<p>&#8211; Refletir sobre a diferen\u00e7a de g\u00e9nero na sociedade atual<\/p>\n<p>&#8211; Analisar a import\u00e2ncia da multim\u00e9dia na constru\u00e7\u00e3o social do corpo<\/p>\n<p>&#8211; Observar a diferencia\u00e7\u00e3o das linguagens do corpo em diferentes comunidades<\/p>\n<p>&#8211; Refletir sobre o impato da sociedade de imagem nas constru\u00e7\u00f5es simb\u00f3licas<\/p>\n<p>&nbsp;<\/p>\n<p><strong>Local\u00a0de exposi\u00e7\u00e3o: Livraria Arquivo, Leiria<\/strong><\/p>\n<p><strong>Inaugura\u00e7\u00e3o: 7 de Maio de 2016<\/strong><\/p>\n<p>&nbsp;<\/p>\n<p><img loading=\"lazy\" decoding=\"async\" class=\"alignnone size-full wp-image-167\" src=\"http:\/\/sites.ipleiria.pt\/isd\/files\/2016\/09\/13166132_10201798428119506_2416913080937791827_n.jpg\" alt=\"13166132_10201798428119506_2416913080937791827_n\" width=\"960\" height=\"720\" srcset=\"https:\/\/sites.ipleiria.pt\/isd\/files\/2016\/09\/13166132_10201798428119506_2416913080937791827_n.jpg 960w, https:\/\/sites.ipleiria.pt\/isd\/files\/2016\/09\/13166132_10201798428119506_2416913080937791827_n-300x225.jpg 300w, https:\/\/sites.ipleiria.pt\/isd\/files\/2016\/09\/13166132_10201798428119506_2416913080937791827_n-768x576.jpg 768w\" sizes=\"auto, (max-width: 709px) 85vw, (max-width: 909px) 67vw, (max-width: 1362px) 62vw, 840px\" \/><\/p>\n<p><img loading=\"lazy\" decoding=\"async\" class=\"alignnone size-full wp-image-168\" src=\"http:\/\/sites.ipleiria.pt\/isd\/files\/2016\/09\/13173925_10201799646189957_5469218848618727339_n.jpg\" alt=\"13173925_10201799646189957_5469218848618727339_n\" width=\"960\" height=\"720\" srcset=\"https:\/\/sites.ipleiria.pt\/isd\/files\/2016\/09\/13173925_10201799646189957_5469218848618727339_n.jpg 960w, https:\/\/sites.ipleiria.pt\/isd\/files\/2016\/09\/13173925_10201799646189957_5469218848618727339_n-300x225.jpg 300w, https:\/\/sites.ipleiria.pt\/isd\/files\/2016\/09\/13173925_10201799646189957_5469218848618727339_n-768x576.jpg 768w\" sizes=\"auto, (max-width: 709px) 85vw, (max-width: 909px) 67vw, (max-width: 1362px) 62vw, 840px\" \/><\/p>\n<p><img loading=\"lazy\" decoding=\"async\" class=\"alignnone size-full wp-image-169\" src=\"http:\/\/sites.ipleiria.pt\/isd\/files\/2016\/09\/13174170_10201799647549991_7731814083835891175_n.jpg\" alt=\"13174170_10201799647549991_7731814083835891175_n\" width=\"960\" height=\"720\" srcset=\"https:\/\/sites.ipleiria.pt\/isd\/files\/2016\/09\/13174170_10201799647549991_7731814083835891175_n.jpg 960w, https:\/\/sites.ipleiria.pt\/isd\/files\/2016\/09\/13174170_10201799647549991_7731814083835891175_n-300x225.jpg 300w, https:\/\/sites.ipleiria.pt\/isd\/files\/2016\/09\/13174170_10201799647549991_7731814083835891175_n-768x576.jpg 768w\" sizes=\"auto, (max-width: 709px) 85vw, (max-width: 909px) 67vw, (max-width: 1362px) 62vw, 840px\" \/><\/p>\n<p><img loading=\"lazy\" decoding=\"async\" class=\"alignnone size-full wp-image-293\" src=\"http:\/\/sites.ipleiria.pt\/isd\/files\/2016\/09\/DSC07479.jpg\" alt=\"dsc07479\" width=\"948\" height=\"711\" srcset=\"https:\/\/sites.ipleiria.pt\/isd\/files\/2016\/09\/DSC07479.jpg 948w, https:\/\/sites.ipleiria.pt\/isd\/files\/2016\/09\/DSC07479-300x225.jpg 300w, https:\/\/sites.ipleiria.pt\/isd\/files\/2016\/09\/DSC07479-768x576.jpg 768w\" sizes=\"auto, (max-width: 709px) 85vw, (max-width: 909px) 67vw, (max-width: 1362px) 62vw, 840px\" \/><\/p>\n","protected":false},"excerpt":{"rendered":"<p>&nbsp; Projeto proposto pela Curadora Genoveva Oliveira, integrado na\u00a0Oficina Multimedia, sob orienta\u00e7\u00e3o da docente Maria Kowalski. &nbsp; Exposi\u00e7\u00e3o de fotografia: \u201cO corpo como constru\u00e7\u00e3o social\u201d (texto de Genoveva Oliveira) Os participantes s\u00e3o desafiados a refletirem sobre as diferentes linguagens do corpo no s\u00e9culo XXI como uma constru\u00e7\u00e3o social e pol\u00edtica. Espinosa, o fil\u00f3sofo holand\u00eas fez &hellip; <a href=\"https:\/\/sites.ipleiria.pt\/isd\/exposicao-de-fotografia\/\" class=\"more-link\">Continuar a ler<span class=\"screen-reader-text\"> &#8220;Exposi\u00e7\u00e3o de Fotografia&#8221;<\/span><\/a><\/p>\n","protected":false},"author":2694,"featured_media":0,"parent":0,"menu_order":0,"comment_status":"closed","ping_status":"closed","template":"","meta":{"footnotes":""},"class_list":["post-121","page","type-page","status-publish","hentry"],"_links":{"self":[{"href":"https:\/\/sites.ipleiria.pt\/isd\/wp-json\/wp\/v2\/pages\/121","targetHints":{"allow":["GET"]}}],"collection":[{"href":"https:\/\/sites.ipleiria.pt\/isd\/wp-json\/wp\/v2\/pages"}],"about":[{"href":"https:\/\/sites.ipleiria.pt\/isd\/wp-json\/wp\/v2\/types\/page"}],"author":[{"embeddable":true,"href":"https:\/\/sites.ipleiria.pt\/isd\/wp-json\/wp\/v2\/users\/2694"}],"replies":[{"embeddable":true,"href":"https:\/\/sites.ipleiria.pt\/isd\/wp-json\/wp\/v2\/comments?post=121"}],"version-history":[{"count":6,"href":"https:\/\/sites.ipleiria.pt\/isd\/wp-json\/wp\/v2\/pages\/121\/revisions"}],"predecessor-version":[{"id":294,"href":"https:\/\/sites.ipleiria.pt\/isd\/wp-json\/wp\/v2\/pages\/121\/revisions\/294"}],"wp:attachment":[{"href":"https:\/\/sites.ipleiria.pt\/isd\/wp-json\/wp\/v2\/media?parent=121"}],"curies":[{"name":"wp","href":"https:\/\/api.w.org\/{rel}","templated":true}]}}