{"id":480,"date":"2017-06-09T12:02:43","date_gmt":"2017-06-09T12:02:43","guid":{"rendered":"http:\/\/sites.ipleiria.pt\/isd\/?page_id=480"},"modified":"2017-06-09T12:30:14","modified_gmt":"2017-06-09T12:30:14","slug":"festival-a-porta","status":"publish","type":"page","link":"https:\/\/sites.ipleiria.pt\/isd\/festival-a-porta\/","title":{"rendered":"Festival A Porta"},"content":{"rendered":"<p>&nbsp;<\/p>\n<p><iframe loading=\"lazy\" width=\"840\" height=\"473\" src=\"https:\/\/www.youtube.com\/embed\/r-XRvISL7pU?feature=oembed\" frameborder=\"0\" allowfullscreen><\/iframe><\/p>\n<p>ESTUDANTES DA ESECS-IPLEIRIA EXP\u00d5EM FOTOGRAFIA NO FESTIVAL &#8220;A PORTA&#8221;<br \/>\n3 de junho | <a href=\"http:\/\/cargocollective.com\/casaplastica\/Cidades-Invisiveis-a-exposicao\">&#8220;Casa Pl\u00e1stica&#8221;<\/a> (Leiria)<\/p>\n<p>No dia 3 de junho, foi\u00a0inaugurada no <a class=\"profileLink\" href=\"https:\/\/www.facebook.com\/festivalaporta\/?fref=mentions\">Festival A Porta<\/a>\u00a0a exposi\u00e7\u00e3o de fotografia realizada pelos estudantes do Curso T\u00e9cnico Superior Profissional em Interven\u00e7\u00e3o Sociocultural e Desportiva.<\/p>\n<div class=\"text_exposed_show\">\n<p>A exposi\u00e7\u00e3o intitulada &#8220;Panor\u00e2mica Dividida&#8221; foi realizada no contexto da Oficina Multim\u00e9dia.<\/p>\n<p><em>Panor\u00e2mica Dividida <\/em><br \/>\n<em>Fotografia, 2017<\/em><\/p>\n<p><em>Uma panor\u00e2mica \u00e9 uma paisagem, e esta \u00e9 composta de fragmento de diversos lugares que se unem na linha do horizonte. Parece que falamos de lugares diferentes mas o c\u00e9u \u00e9 o mesmo, e a terra tamb\u00e9m.<\/em><img loading=\"lazy\" decoding=\"async\" class=\"alignnone size-large wp-image-518\" src=\"http:\/\/sites.ipleiria.pt\/isd\/files\/2017\/06\/moiety_imagem-1024x248.jpg\" alt=\"\" width=\"840\" height=\"203\" srcset=\"https:\/\/sites.ipleiria.pt\/isd\/files\/2017\/06\/moiety_imagem-1024x248.jpg 1024w, https:\/\/sites.ipleiria.pt\/isd\/files\/2017\/06\/moiety_imagem-300x73.jpg 300w, https:\/\/sites.ipleiria.pt\/isd\/files\/2017\/06\/moiety_imagem-768x186.jpg 768w, https:\/\/sites.ipleiria.pt\/isd\/files\/2017\/06\/moiety_imagem-1200x290.jpg 1200w\" sizes=\"auto, (max-width: 709px) 85vw, (max-width: 909px) 67vw, (max-width: 1362px) 62vw, 840px\" \/><\/p>\n<p>&nbsp;<\/p>\n<\/div>\n<p><img loading=\"lazy\" decoding=\"async\" class=\"alignnone size-full wp-image-482\" src=\"http:\/\/sites.ipleiria.pt\/isd\/files\/2017\/06\/18952986_1584952748195410_5081388524994146373_n.jpg\" alt=\"\" width=\"960\" height=\"587\" srcset=\"https:\/\/sites.ipleiria.pt\/isd\/files\/2017\/06\/18952986_1584952748195410_5081388524994146373_n.jpg 960w, https:\/\/sites.ipleiria.pt\/isd\/files\/2017\/06\/18952986_1584952748195410_5081388524994146373_n-300x183.jpg 300w, https:\/\/sites.ipleiria.pt\/isd\/files\/2017\/06\/18952986_1584952748195410_5081388524994146373_n-768x470.jpg 768w\" sizes=\"auto, (max-width: 709px) 85vw, (max-width: 909px) 67vw, (max-width: 1362px) 62vw, 840px\" \/>\u00a9A Porta<\/p>\n<p><img loading=\"lazy\" decoding=\"async\" class=\"alignnone size-large wp-image-492\" src=\"http:\/\/sites.ipleiria.pt\/isd\/files\/2017\/06\/IMG_20170530_142251-1024x768.jpg\" alt=\"\" width=\"840\" height=\"630\" srcset=\"https:\/\/sites.ipleiria.pt\/isd\/files\/2017\/06\/IMG_20170530_142251-1024x768.jpg 1024w, https:\/\/sites.ipleiria.pt\/isd\/files\/2017\/06\/IMG_20170530_142251-300x225.jpg 300w, https:\/\/sites.ipleiria.pt\/isd\/files\/2017\/06\/IMG_20170530_142251-768x576.jpg 768w, https:\/\/sites.ipleiria.pt\/isd\/files\/2017\/06\/IMG_20170530_142251.jpg 1134w\" sizes=\"auto, (max-width: 709px) 85vw, (max-width: 909px) 67vw, (max-width: 1362px) 62vw, 840px\" \/><\/p>\n<p><img loading=\"lazy\" decoding=\"async\" class=\"alignnone size-large wp-image-493\" src=\"http:\/\/sites.ipleiria.pt\/isd\/files\/2017\/06\/IMG_20170530_142308-1024x768.jpg\" alt=\"\" width=\"840\" height=\"630\" srcset=\"https:\/\/sites.ipleiria.pt\/isd\/files\/2017\/06\/IMG_20170530_142308-1024x768.jpg 1024w, https:\/\/sites.ipleiria.pt\/isd\/files\/2017\/06\/IMG_20170530_142308-300x225.jpg 300w, https:\/\/sites.ipleiria.pt\/isd\/files\/2017\/06\/IMG_20170530_142308-768x576.jpg 768w, https:\/\/sites.ipleiria.pt\/isd\/files\/2017\/06\/IMG_20170530_142308.jpg 1134w\" sizes=\"auto, (max-width: 709px) 85vw, (max-width: 909px) 67vw, (max-width: 1362px) 62vw, 840px\" \/><\/p>\n<p><img loading=\"lazy\" decoding=\"async\" class=\"alignnone size-large wp-image-483\" src=\"http:\/\/sites.ipleiria.pt\/isd\/files\/2017\/06\/18815316_1213297265463115_6092087106310972587_o-1024x768.jpg\" alt=\"\" width=\"840\" height=\"630\" srcset=\"https:\/\/sites.ipleiria.pt\/isd\/files\/2017\/06\/18815316_1213297265463115_6092087106310972587_o-1024x768.jpg 1024w, https:\/\/sites.ipleiria.pt\/isd\/files\/2017\/06\/18815316_1213297265463115_6092087106310972587_o-300x225.jpg 300w, https:\/\/sites.ipleiria.pt\/isd\/files\/2017\/06\/18815316_1213297265463115_6092087106310972587_o-768x576.jpg 768w, https:\/\/sites.ipleiria.pt\/isd\/files\/2017\/06\/18815316_1213297265463115_6092087106310972587_o-1200x900.jpg 1200w, https:\/\/sites.ipleiria.pt\/isd\/files\/2017\/06\/18815316_1213297265463115_6092087106310972587_o.jpg 2048w\" sizes=\"auto, (max-width: 709px) 85vw, (max-width: 909px) 67vw, (max-width: 1362px) 62vw, 840px\" \/>\u00a9A Porta<\/p>\n<p><img loading=\"lazy\" decoding=\"async\" class=\"alignnone size-full wp-image-484\" src=\"http:\/\/sites.ipleiria.pt\/isd\/files\/2017\/06\/18839423_1213293985463443_8515620905593440258_o.jpg\" alt=\"\" width=\"2048\" height=\"1536\" srcset=\"https:\/\/sites.ipleiria.pt\/isd\/files\/2017\/06\/18839423_1213293985463443_8515620905593440258_o.jpg 2048w, https:\/\/sites.ipleiria.pt\/isd\/files\/2017\/06\/18839423_1213293985463443_8515620905593440258_o-300x225.jpg 300w, https:\/\/sites.ipleiria.pt\/isd\/files\/2017\/06\/18839423_1213293985463443_8515620905593440258_o-768x576.jpg 768w, https:\/\/sites.ipleiria.pt\/isd\/files\/2017\/06\/18839423_1213293985463443_8515620905593440258_o-1024x768.jpg 1024w, https:\/\/sites.ipleiria.pt\/isd\/files\/2017\/06\/18839423_1213293985463443_8515620905593440258_o-1200x900.jpg 1200w\" sizes=\"auto, (max-width: 709px) 85vw, (max-width: 909px) 67vw, (max-width: 1362px) 62vw, 840px\" \/>\u00a9A Porta<\/p>\n<p><img loading=\"lazy\" decoding=\"async\" class=\"alignnone size-large wp-image-485\" src=\"http:\/\/sites.ipleiria.pt\/isd\/files\/2017\/06\/18920931_1213299105462931_2087018588834211382_o-1024x768.jpg\" alt=\"\" width=\"840\" height=\"630\" srcset=\"https:\/\/sites.ipleiria.pt\/isd\/files\/2017\/06\/18920931_1213299105462931_2087018588834211382_o-1024x768.jpg 1024w, https:\/\/sites.ipleiria.pt\/isd\/files\/2017\/06\/18920931_1213299105462931_2087018588834211382_o-300x225.jpg 300w, https:\/\/sites.ipleiria.pt\/isd\/files\/2017\/06\/18920931_1213299105462931_2087018588834211382_o-768x576.jpg 768w, https:\/\/sites.ipleiria.pt\/isd\/files\/2017\/06\/18920931_1213299105462931_2087018588834211382_o-1200x900.jpg 1200w, https:\/\/sites.ipleiria.pt\/isd\/files\/2017\/06\/18920931_1213299105462931_2087018588834211382_o.jpg 2048w\" sizes=\"auto, (max-width: 709px) 85vw, (max-width: 909px) 67vw, (max-width: 1362px) 62vw, 840px\" \/>\u00a9A Porta<\/p>\n<p>&nbsp;<\/p>\n","protected":false},"excerpt":{"rendered":"<p>&nbsp; ESTUDANTES DA ESECS-IPLEIRIA EXP\u00d5EM FOTOGRAFIA NO FESTIVAL &#8220;A PORTA&#8221; 3 de junho | &#8220;Casa Pl\u00e1stica&#8221; (Leiria) No dia 3 de junho, foi\u00a0inaugurada no Festival A Porta\u00a0a exposi\u00e7\u00e3o de fotografia realizada pelos estudantes do Curso T\u00e9cnico Superior Profissional em Interven\u00e7\u00e3o Sociocultural e Desportiva. A exposi\u00e7\u00e3o intitulada &#8220;Panor\u00e2mica Dividida&#8221; foi realizada no contexto da Oficina Multim\u00e9dia. &hellip; <a href=\"https:\/\/sites.ipleiria.pt\/isd\/festival-a-porta\/\" class=\"more-link\">Continuar a ler<span class=\"screen-reader-text\"> &#8220;Festival A Porta&#8221;<\/span><\/a><\/p>\n","protected":false},"author":2694,"featured_media":0,"parent":0,"menu_order":0,"comment_status":"closed","ping_status":"closed","template":"","meta":{"footnotes":""},"class_list":["post-480","page","type-page","status-publish","hentry"],"_links":{"self":[{"href":"https:\/\/sites.ipleiria.pt\/isd\/wp-json\/wp\/v2\/pages\/480","targetHints":{"allow":["GET"]}}],"collection":[{"href":"https:\/\/sites.ipleiria.pt\/isd\/wp-json\/wp\/v2\/pages"}],"about":[{"href":"https:\/\/sites.ipleiria.pt\/isd\/wp-json\/wp\/v2\/types\/page"}],"author":[{"embeddable":true,"href":"https:\/\/sites.ipleiria.pt\/isd\/wp-json\/wp\/v2\/users\/2694"}],"replies":[{"embeddable":true,"href":"https:\/\/sites.ipleiria.pt\/isd\/wp-json\/wp\/v2\/comments?post=480"}],"version-history":[{"count":7,"href":"https:\/\/sites.ipleiria.pt\/isd\/wp-json\/wp\/v2\/pages\/480\/revisions"}],"predecessor-version":[{"id":520,"href":"https:\/\/sites.ipleiria.pt\/isd\/wp-json\/wp\/v2\/pages\/480\/revisions\/520"}],"wp:attachment":[{"href":"https:\/\/sites.ipleiria.pt\/isd\/wp-json\/wp\/v2\/media?parent=480"}],"curies":[{"name":"wp","href":"https:\/\/api.w.org\/{rel}","templated":true}]}}