{"id":701,"date":"2018-12-15T20:53:49","date_gmt":"2018-12-15T20:53:49","guid":{"rendered":"http:\/\/sites.ipleiria.pt\/isd\/?page_id=701"},"modified":"2018-12-20T09:35:44","modified_gmt":"2018-12-20T09:35:44","slug":"projeto-arte-e-intervencao","status":"publish","type":"page","link":"https:\/\/sites.ipleiria.pt\/isd\/projeto-arte-e-intervencao\/","title":{"rendered":"Projeto &#8220;Arte e Interven\u00e7\u00e3o&#8221;"},"content":{"rendered":"<p>No \u00e2mbito da <em>UC Gest\u00e3o de Projetos de Interven\u00e7\u00e3o com a Comunidade<\/em>, ministrada pelas docentes Jenny Sousa e Maria Kowalski, foram desenvolvidos <strong>cinco projetos<\/strong> de interven\u00e7\u00e3o com a comunidade, em parceria com a <strong>Galeria Municipal Banco de Portugal<\/strong> &#8211; Leiria, criados e implementados pelo 2\u00ba ano do Curso T\u00e9cnico Superior Profissional em Interven\u00e7\u00e3o Sociocultural e Desportiva<\/p>\n<p><a href=\"https:\/\/www.visiteleiria.pt\/pontos-de-interesse\/patrimonio-cultural\/banco-de-portugal-galeria-municipal\/\"><img loading=\"lazy\" decoding=\"async\" class=\"aligncenter size-large wp-image-702\" src=\"http:\/\/sites.ipleiria.pt\/isd\/files\/2018\/12\/banco-de-portugal-galeria-municipal-1920x1280-1024x683.jpg\" alt=\"\" width=\"840\" height=\"560\" srcset=\"https:\/\/sites.ipleiria.pt\/isd\/files\/2018\/12\/banco-de-portugal-galeria-municipal-1920x1280-1024x683.jpg 1024w, https:\/\/sites.ipleiria.pt\/isd\/files\/2018\/12\/banco-de-portugal-galeria-municipal-1920x1280-300x200.jpg 300w, https:\/\/sites.ipleiria.pt\/isd\/files\/2018\/12\/banco-de-portugal-galeria-municipal-1920x1280-768x512.jpg 768w, https:\/\/sites.ipleiria.pt\/isd\/files\/2018\/12\/banco-de-portugal-galeria-municipal-1920x1280-1200x800.jpg 1200w, https:\/\/sites.ipleiria.pt\/isd\/files\/2018\/12\/banco-de-portugal-galeria-municipal-1920x1280.jpg 1920w\" sizes=\"auto, (max-width: 709px) 85vw, (max-width: 909px) 67vw, (max-width: 1362px) 62vw, 840px\" \/><\/a><img loading=\"lazy\" decoding=\"async\" class=\"aligncenter size-large wp-image-719\" style=\"line-height: 1.75\" src=\"http:\/\/sites.ipleiria.pt\/isd\/files\/2018\/12\/IMG_20181213_150234-1024x768.jpg\" alt=\"\" width=\"840\" height=\"630\" srcset=\"https:\/\/sites.ipleiria.pt\/isd\/files\/2018\/12\/IMG_20181213_150234-1024x768.jpg 1024w, https:\/\/sites.ipleiria.pt\/isd\/files\/2018\/12\/IMG_20181213_150234-300x225.jpg 300w, https:\/\/sites.ipleiria.pt\/isd\/files\/2018\/12\/IMG_20181213_150234-768x576.jpg 768w, https:\/\/sites.ipleiria.pt\/isd\/files\/2018\/12\/IMG_20181213_150234-1200x900.jpg 1200w\" sizes=\"auto, (max-width: 709px) 85vw, (max-width: 909px) 67vw, (max-width: 1362px) 62vw, 840px\" \/><\/p>\n<p>&nbsp;<\/p>\n<p>Os projetos foram desenvolvidos ao longo do 1\u00ba semestre de 2018\/19, tendo sido implementados de <em>15 de novembro a 13 de dezembro \/ 1 sess\u00e3o de 1h30 por semana<\/em>:<\/p>\n<pre>1\u00ba momento: visita guiada \u00e0 Galeria Municipal Banco de Portugal, com Ana David, Diretora da Galeria Municipal Banco de Portugal<\/pre>\n<p><img loading=\"lazy\" decoding=\"async\" class=\"aligncenter size-large wp-image-717\" src=\"http:\/\/sites.ipleiria.pt\/isd\/files\/2018\/12\/IMG_20181009_162756-1024x735.jpg\" alt=\"\" width=\"840\" height=\"603\" srcset=\"https:\/\/sites.ipleiria.pt\/isd\/files\/2018\/12\/IMG_20181009_162756-1024x735.jpg 1024w, https:\/\/sites.ipleiria.pt\/isd\/files\/2018\/12\/IMG_20181009_162756-300x215.jpg 300w, https:\/\/sites.ipleiria.pt\/isd\/files\/2018\/12\/IMG_20181009_162756-768x551.jpg 768w, https:\/\/sites.ipleiria.pt\/isd\/files\/2018\/12\/IMG_20181009_162756-1200x861.jpg 1200w\" sizes=\"auto, (max-width: 709px) 85vw, (max-width: 909px) 67vw, (max-width: 1362px) 62vw, 840px\" \/> <img loading=\"lazy\" decoding=\"async\" class=\"aligncenter size-large wp-image-725\" src=\"http:\/\/sites.ipleiria.pt\/isd\/files\/2018\/12\/IMG_20181009_163744-1-1024x768.jpg\" alt=\"\" width=\"840\" height=\"630\" srcset=\"https:\/\/sites.ipleiria.pt\/isd\/files\/2018\/12\/IMG_20181009_163744-1-1024x768.jpg 1024w, https:\/\/sites.ipleiria.pt\/isd\/files\/2018\/12\/IMG_20181009_163744-1-300x225.jpg 300w, https:\/\/sites.ipleiria.pt\/isd\/files\/2018\/12\/IMG_20181009_163744-1-768x576.jpg 768w, https:\/\/sites.ipleiria.pt\/isd\/files\/2018\/12\/IMG_20181009_163744-1-1200x900.jpg 1200w\" sizes=\"auto, (max-width: 709px) 85vw, (max-width: 909px) 67vw, (max-width: 1362px) 62vw, 840px\" \/><\/p>\n<pre>2\u00ba momento: elabora\u00e7\u00e3o dos projetos de interven\u00e7\u00e3o. A 13 de novembro, apesar de uma falha geral de energia na ESECS, a apresenta\u00e7\u00e3o dos trabalhos continuou, gra\u00e7as \u00e0s novas tecnologias e a solu\u00e7\u00f5es criativas. Com a presen\u00e7a de Ana David<\/pre>\n<p><img loading=\"lazy\" decoding=\"async\" class=\"aligncenter size-large wp-image-732\" src=\"http:\/\/sites.ipleiria.pt\/isd\/files\/2018\/12\/IMG_20181211_162743-1024x768.jpg\" alt=\"\" width=\"840\" height=\"630\" srcset=\"https:\/\/sites.ipleiria.pt\/isd\/files\/2018\/12\/IMG_20181211_162743-1024x768.jpg 1024w, https:\/\/sites.ipleiria.pt\/isd\/files\/2018\/12\/IMG_20181211_162743-300x225.jpg 300w, https:\/\/sites.ipleiria.pt\/isd\/files\/2018\/12\/IMG_20181211_162743-768x576.jpg 768w, https:\/\/sites.ipleiria.pt\/isd\/files\/2018\/12\/IMG_20181211_162743-1200x900.jpg 1200w\" sizes=\"auto, (max-width: 709px) 85vw, (max-width: 909px) 67vw, (max-width: 1362px) 62vw, 840px\" \/><\/p>\n<p><img loading=\"lazy\" decoding=\"async\" class=\"aligncenter size-large wp-image-716\" src=\"http:\/\/sites.ipleiria.pt\/isd\/files\/2018\/12\/IMG_20181113_172729-1024x768.jpg\" alt=\"\" width=\"840\" height=\"630\" srcset=\"https:\/\/sites.ipleiria.pt\/isd\/files\/2018\/12\/IMG_20181113_172729-1024x768.jpg 1024w, https:\/\/sites.ipleiria.pt\/isd\/files\/2018\/12\/IMG_20181113_172729-300x225.jpg 300w, https:\/\/sites.ipleiria.pt\/isd\/files\/2018\/12\/IMG_20181113_172729-768x576.jpg 768w, https:\/\/sites.ipleiria.pt\/isd\/files\/2018\/12\/IMG_20181113_172729-1200x900.jpg 1200w\" sizes=\"auto, (max-width: 709px) 85vw, (max-width: 909px) 67vw, (max-width: 1362px) 62vw, 840px\" \/><\/p>\n<pre>3\u00ba momento: implementa\u00e7\u00e3o dos projetos<\/pre>\n<p><strong>Projetos:<\/strong><\/p>\n<p><strong>&#8220;\u00c0 nossa Descoberta&#8221;<\/strong> &#8211; p\u00fablico-alvo: 1\u00ba ano do TeSP Interven\u00e7\u00e3o Sociocultural e Desportivo; local de implementa\u00e7\u00e3o: Galeria Municipal Banco de Portugal; objetivos principais: o conhecimento de si pr\u00f3prio, a confian\u00e7a no outro e a melhoria nas rela\u00e7\u00f5es interpessoais dos alunos<\/p>\n<p><img loading=\"lazy\" decoding=\"async\" class=\"aligncenter size-large wp-image-711\" src=\"http:\/\/sites.ipleiria.pt\/isd\/files\/2018\/12\/IMG_20181115_155754-1024x768.jpg\" alt=\"\" width=\"840\" height=\"630\" srcset=\"https:\/\/sites.ipleiria.pt\/isd\/files\/2018\/12\/IMG_20181115_155754-1024x768.jpg 1024w, https:\/\/sites.ipleiria.pt\/isd\/files\/2018\/12\/IMG_20181115_155754-300x225.jpg 300w, https:\/\/sites.ipleiria.pt\/isd\/files\/2018\/12\/IMG_20181115_155754-768x576.jpg 768w, https:\/\/sites.ipleiria.pt\/isd\/files\/2018\/12\/IMG_20181115_155754-1200x900.jpg 1200w\" sizes=\"auto, (max-width: 709px) 85vw, (max-width: 909px) 67vw, (max-width: 1362px) 62vw, 840px\" \/><\/p>\n<p>&nbsp;<\/p>\n<p><strong>&#8220;Abandono Animal&#8221;<\/strong> &#8211; p\u00fablico-alvo: comunidade de Leiria; local de implementa\u00e7\u00e3o: cidade de Leiria e Galeria Municipal Banco de Portugal; objetivos principais: atrav\u00e9s da imagem fotogr\u00e1fica, sensibilizar as pessoas ao abandono animal e incentivar \u00e0 ado\u00e7\u00e3o (em parceria com a <a href=\"https:\/\/www.facebook.com\/Associacao.Zoofila.de.Leiria\/\">Associa\u00e7\u00e3o Zo\u00f3fila de Leiria &#8211; Fi\u00e9is Amigos<\/a>);\u00a0culminou na exposi\u00e7\u00e3o de fotografia &#8220;Abandono Animal&#8221;, patente na Galeria de <em>13 a 22 de dezembro de 2018<\/em><\/p>\n<p><img loading=\"lazy\" decoding=\"async\" class=\"aligncenter size-large wp-image-712\" src=\"http:\/\/sites.ipleiria.pt\/isd\/files\/2018\/12\/IMG_20181213_150859-1024x768.jpg\" alt=\"\" width=\"840\" height=\"630\" srcset=\"https:\/\/sites.ipleiria.pt\/isd\/files\/2018\/12\/IMG_20181213_150859-1024x768.jpg 1024w, https:\/\/sites.ipleiria.pt\/isd\/files\/2018\/12\/IMG_20181213_150859-300x225.jpg 300w, https:\/\/sites.ipleiria.pt\/isd\/files\/2018\/12\/IMG_20181213_150859-768x576.jpg 768w, https:\/\/sites.ipleiria.pt\/isd\/files\/2018\/12\/IMG_20181213_150859-1200x900.jpg 1200w\" sizes=\"auto, (max-width: 709px) 85vw, (max-width: 909px) 67vw, (max-width: 1362px) 62vw, 840px\" \/><\/p>\n<p>&nbsp;<\/p>\n<p><strong>&#8220;Arquiva a tua Mente&#8221;<\/strong> &#8211; p\u00fablico-alvo:\u00a01\u00ba ano do TeSP Interven\u00e7\u00e3o Sociocultural e Desportivo; Local de implementa\u00e7\u00e3o:\u00a0cidade de Leiria e Galeria Municipal Banco de Portugal;\u00a0objetivos principais: dar a conhecer e cativar os alunos para o patrim\u00f3nio hist\u00f3rico e cultural de Leiria<\/p>\n<p><img loading=\"lazy\" decoding=\"async\" class=\"aligncenter size-large wp-image-713\" src=\"http:\/\/sites.ipleiria.pt\/isd\/files\/2018\/12\/IMG_20181115_155814-1024x768.jpg\" alt=\"\" width=\"840\" height=\"630\" srcset=\"https:\/\/sites.ipleiria.pt\/isd\/files\/2018\/12\/IMG_20181115_155814-1024x768.jpg 1024w, https:\/\/sites.ipleiria.pt\/isd\/files\/2018\/12\/IMG_20181115_155814-300x225.jpg 300w, https:\/\/sites.ipleiria.pt\/isd\/files\/2018\/12\/IMG_20181115_155814-768x576.jpg 768w, https:\/\/sites.ipleiria.pt\/isd\/files\/2018\/12\/IMG_20181115_155814-1200x900.jpg 1200w\" sizes=\"auto, (max-width: 709px) 85vw, (max-width: 909px) 67vw, (max-width: 1362px) 62vw, 840px\" \/><\/p>\n<p>&nbsp;<\/p>\n<p><strong>&#8220;Leiria em Perspetiva&#8221;<\/strong> &#8211; p\u00fablico-alvo: comunidade de Leiria;\u00a0local de implementa\u00e7\u00e3o: cidade de Leiria e Galeria Municipal Banco de Portugal; objetivos principais: atrav\u00e9s da imagem fotogr\u00e1fica, aumentar o conhecimento sobre a hist\u00f3ria de Leiria e expor a beleza da cidade pelo olhar de quem a vive;\u00a0culminou na exposi\u00e7\u00e3o de fotografia &#8220;Leiria em Perspetiva&#8221;, patente na Galeria de <em>13 a 31 de dezembro de 2018<\/em><\/p>\n<p><img loading=\"lazy\" decoding=\"async\" class=\"aligncenter size-large wp-image-714\" src=\"http:\/\/sites.ipleiria.pt\/isd\/files\/2018\/12\/IMG_20181213_145253-1024x768.jpg\" alt=\"\" width=\"840\" height=\"630\" srcset=\"https:\/\/sites.ipleiria.pt\/isd\/files\/2018\/12\/IMG_20181213_145253-1024x768.jpg 1024w, https:\/\/sites.ipleiria.pt\/isd\/files\/2018\/12\/IMG_20181213_145253-300x225.jpg 300w, https:\/\/sites.ipleiria.pt\/isd\/files\/2018\/12\/IMG_20181213_145253-768x576.jpg 768w, https:\/\/sites.ipleiria.pt\/isd\/files\/2018\/12\/IMG_20181213_145253-1200x900.jpg 1200w\" sizes=\"auto, (max-width: 709px) 85vw, (max-width: 909px) 67vw, (max-width: 1362px) 62vw, 840px\" \/><\/p>\n<p>&nbsp;<\/p>\n<p><strong>&#8220;Museu fora de Portas!&#8221;<\/strong> &#8211; p\u00fablico-alvo: 1\u00ba ano do TeSP de Pr\u00e1ticas Administrativas e Comunica\u00e7\u00e3o Empresarial; local de implementa\u00e7\u00e3o:\u00a0cidade de Leiria e Galeria Municipal Banco de Portugal; objetivos principais: atrav\u00e9s da realiza\u00e7\u00e3o de 5 roteiros tem\u00e1ticos, relacionando desporto e cultura, dar a conhecer aos alunos a cidade de Leiria e a sua diversidade cultural, promovendo o trabalho de grupo<\/p>\n<p><img loading=\"lazy\" decoding=\"async\" class=\"aligncenter size-large wp-image-734\" src=\"http:\/\/sites.ipleiria.pt\/isd\/files\/2018\/12\/IMG_20181218_170501-1024x768.jpg\" alt=\"\" width=\"840\" height=\"630\" srcset=\"https:\/\/sites.ipleiria.pt\/isd\/files\/2018\/12\/IMG_20181218_170501-1024x768.jpg 1024w, https:\/\/sites.ipleiria.pt\/isd\/files\/2018\/12\/IMG_20181218_170501-300x225.jpg 300w, https:\/\/sites.ipleiria.pt\/isd\/files\/2018\/12\/IMG_20181218_170501-768x576.jpg 768w, https:\/\/sites.ipleiria.pt\/isd\/files\/2018\/12\/IMG_20181218_170501-1200x900.jpg 1200w\" sizes=\"auto, (max-width: 709px) 85vw, (max-width: 909px) 67vw, (max-width: 1362px) 62vw, 840px\" \/><\/p>\n","protected":false},"excerpt":{"rendered":"<p>No \u00e2mbito da UC Gest\u00e3o de Projetos de Interven\u00e7\u00e3o com a Comunidade, ministrada pelas docentes Jenny Sousa e Maria Kowalski, foram desenvolvidos cinco projetos de interven\u00e7\u00e3o com a comunidade, em parceria com a Galeria Municipal Banco de Portugal &#8211; Leiria, criados e implementados pelo 2\u00ba ano do Curso T\u00e9cnico Superior Profissional em Interven\u00e7\u00e3o Sociocultural e &hellip; <a href=\"https:\/\/sites.ipleiria.pt\/isd\/projeto-arte-e-intervencao\/\" class=\"more-link\">Continuar a ler<span class=\"screen-reader-text\"> &#8220;Projeto &#8220;Arte e Interven\u00e7\u00e3o&#8221;&#8221;<\/span><\/a><\/p>\n","protected":false},"author":2694,"featured_media":0,"parent":0,"menu_order":0,"comment_status":"closed","ping_status":"closed","template":"","meta":{"footnotes":""},"class_list":["post-701","page","type-page","status-publish","hentry"],"_links":{"self":[{"href":"https:\/\/sites.ipleiria.pt\/isd\/wp-json\/wp\/v2\/pages\/701","targetHints":{"allow":["GET"]}}],"collection":[{"href":"https:\/\/sites.ipleiria.pt\/isd\/wp-json\/wp\/v2\/pages"}],"about":[{"href":"https:\/\/sites.ipleiria.pt\/isd\/wp-json\/wp\/v2\/types\/page"}],"author":[{"embeddable":true,"href":"https:\/\/sites.ipleiria.pt\/isd\/wp-json\/wp\/v2\/users\/2694"}],"replies":[{"embeddable":true,"href":"https:\/\/sites.ipleiria.pt\/isd\/wp-json\/wp\/v2\/comments?post=701"}],"version-history":[{"count":18,"href":"https:\/\/sites.ipleiria.pt\/isd\/wp-json\/wp\/v2\/pages\/701\/revisions"}],"predecessor-version":[{"id":735,"href":"https:\/\/sites.ipleiria.pt\/isd\/wp-json\/wp\/v2\/pages\/701\/revisions\/735"}],"wp:attachment":[{"href":"https:\/\/sites.ipleiria.pt\/isd\/wp-json\/wp\/v2\/media?parent=701"}],"curies":[{"name":"wp","href":"https:\/\/api.w.org\/{rel}","templated":true}]}}