{"id":11,"date":"2021-02-06T00:50:52","date_gmt":"2021-02-06T00:50:52","guid":{"rendered":"http:\/\/sites.ipleiria.pt\/jornadas-edu-ci\/?page_id=11"},"modified":"2025-03-18T10:32:24","modified_gmt":"2025-03-18T10:32:24","slug":"comissao-organizadora","status":"publish","type":"page","link":"https:\/\/sites.ipleiria.pt\/jornadaseduci\/comissao-organizadora\/","title":{"rendered":"Comiss\u00e3o Organizadora"},"content":{"rendered":"\n<p>Ana Lu\u00edsa Pires (ESTM)<\/p>\n\n\n\n<p>Cezarina Maur\u00edcio (ESECS)<\/p>\n\n\n\n<p>Lu\u00edsa Pimentel (ESECS)<\/p>\n\n\n\n<p>Marlene Rosa (ESSLei)<\/p>\n\n\n\n<p>Maria Jo\u00e3o Jorge (ESTG)<\/p>\n\n\n\n<p>Rui Leal (ESAD.CR)<\/p>\n","protected":false},"excerpt":{"rendered":"<p>Ana Lu\u00edsa Pires (ESTM) Cezarina Maur\u00edcio (ESECS) Lu\u00edsa Pimentel (ESECS) Marlene Rosa (ESSLei) Maria Jo\u00e3o Jorge (ESTG) Rui Leal (ESAD.CR)<\/p>\n","protected":false},"author":102,"featured_media":0,"parent":0,"menu_order":0,"comment_status":"closed","ping_status":"closed","template":"","meta":{"footnotes":""},"class_list":["post-11","page","type-page","status-publish","hentry"],"_links":{"self":[{"href":"https:\/\/sites.ipleiria.pt\/jornadaseduci\/wp-json\/wp\/v2\/pages\/11","targetHints":{"allow":["GET"]}}],"collection":[{"href":"https:\/\/sites.ipleiria.pt\/jornadaseduci\/wp-json\/wp\/v2\/pages"}],"about":[{"href":"https:\/\/sites.ipleiria.pt\/jornadaseduci\/wp-json\/wp\/v2\/types\/page"}],"author":[{"embeddable":true,"href":"https:\/\/sites.ipleiria.pt\/jornadaseduci\/wp-json\/wp\/v2\/users\/102"}],"replies":[{"embeddable":true,"href":"https:\/\/sites.ipleiria.pt\/jornadaseduci\/wp-json\/wp\/v2\/comments?post=11"}],"version-history":[{"count":4,"href":"https:\/\/sites.ipleiria.pt\/jornadaseduci\/wp-json\/wp\/v2\/pages\/11\/revisions"}],"predecessor-version":[{"id":322,"href":"https:\/\/sites.ipleiria.pt\/jornadaseduci\/wp-json\/wp\/v2\/pages\/11\/revisions\/322"}],"wp:attachment":[{"href":"https:\/\/sites.ipleiria.pt\/jornadaseduci\/wp-json\/wp\/v2\/media?parent=11"}],"curies":[{"name":"wp","href":"https:\/\/api.w.org\/{rel}","templated":true}]}}