{"id":2,"date":"2021-02-04T17:26:54","date_gmt":"2021-02-04T17:26:54","guid":{"rendered":"http:\/\/jornadas.sites.ipleiria.pt\/?page_id=2"},"modified":"2025-03-18T10:13:30","modified_gmt":"2025-03-18T10:13:30","slug":"pagina-exemplo","status":"publish","type":"page","link":"https:\/\/sites.ipleiria.pt\/jornadaseduci\/","title":{"rendered":"Apresenta\u00e7\u00e3o"},"content":{"rendered":"\n<p>A evolu\u00e7\u00e3o das sociedades modernas est\u00e1 sustentada na (sobre)valoriza\u00e7\u00e3o da produtividade e da competitividade, na esfera p\u00fablica, mantendo as tarefas reprodutivas na invisibilidade da esfera privada. Simultaneamente, o culto da beleza e da vitalidade, habitualmente associadas \u00e0 juventude, alia-se \u00e0 desvaloriza\u00e7\u00e3o dos que perdem (ou nunca tiveram) funcionalidade, dos que dependem de outros para realizarem as atividades b\u00e1sicas de vida di\u00e1ria ou para manterem o seu bem-estar f\u00edsico e emocional.<\/p>\n\n\n\n<p>A fragilidade e a vulnerabilidade fazem parte da condi\u00e7\u00e3o humana e podem surgir em qualquer idade ou circunst\u00e2ncia. Valorizar os cuidados e reconhecer que devem ser prestados com compet\u00eancia e humanidade, implica valorizar e defender a dignidade dos cuidadores e dos que deles precisam.<\/p>\n\n\n\n<p>A presta\u00e7\u00e3o de cuidados coloca enormes desafios a todos os envolvidos, seja em contextos informais ou formais. Refor\u00e7ar os valores da solidariedade e da entreajuda, nos processos e contextos educativos, \u00e9 essencial para que haja reconhecimento e respeito pela singularidade das necessidades humanas e para o desenvolvimento de uma consci\u00eancia cidad\u00e3, que n\u00e3o menospreze os que precisam de algum tipo de apoio. Simultaneamente, \u00e9 premente que se aposte no treino de compet\u00eancias t\u00e9cnicas e humanas em diversas \u00e1reas formativas, em particular as sociais e da sa\u00fade.<\/p>\n","protected":false},"excerpt":{"rendered":"<p>A evolu\u00e7\u00e3o das sociedades modernas est\u00e1 sustentada na (sobre)valoriza\u00e7\u00e3o da produtividade e da competitividade, na esfera p\u00fablica, mantendo as tarefas reprodutivas na invisibilidade da esfera privada. Simultaneamente, o culto da beleza e da vitalidade, habitualmente associadas \u00e0 juventude, alia-se \u00e0&hellip;  <\/p>\n<p class=\"more-link\"><a href=\"https:\/\/sites.ipleiria.pt\/jornadaseduci\/\">Continue reading <span class=\"meta-nav\">&rarr;<\/span><\/a><\/p>\n","protected":false},"author":102,"featured_media":0,"parent":0,"menu_order":0,"comment_status":"closed","ping_status":"closed","template":"","meta":{"footnotes":""},"class_list":["post-2","page","type-page","status-publish","hentry"],"_links":{"self":[{"href":"https:\/\/sites.ipleiria.pt\/jornadaseduci\/wp-json\/wp\/v2\/pages\/2","targetHints":{"allow":["GET"]}}],"collection":[{"href":"https:\/\/sites.ipleiria.pt\/jornadaseduci\/wp-json\/wp\/v2\/pages"}],"about":[{"href":"https:\/\/sites.ipleiria.pt\/jornadaseduci\/wp-json\/wp\/v2\/types\/page"}],"author":[{"embeddable":true,"href":"https:\/\/sites.ipleiria.pt\/jornadaseduci\/wp-json\/wp\/v2\/users\/102"}],"replies":[{"embeddable":true,"href":"https:\/\/sites.ipleiria.pt\/jornadaseduci\/wp-json\/wp\/v2\/comments?post=2"}],"version-history":[{"count":3,"href":"https:\/\/sites.ipleiria.pt\/jornadaseduci\/wp-json\/wp\/v2\/pages\/2\/revisions"}],"predecessor-version":[{"id":316,"href":"https:\/\/sites.ipleiria.pt\/jornadaseduci\/wp-json\/wp\/v2\/pages\/2\/revisions\/316"}],"wp:attachment":[{"href":"https:\/\/sites.ipleiria.pt\/jornadaseduci\/wp-json\/wp\/v2\/media?parent=2"}],"curies":[{"name":"wp","href":"https:\/\/api.w.org\/{rel}","templated":true}]}}

Apresentação

<p>A evolução das sociedades modernas está sustentada na (sobre)valorização da produtividade e da competitividade, na esfera pública, mantendo as tarefas reprodutivas na invisibilidade da esfera privada. Simultaneamente, o culto da beleza e da vitalidade, habitualmente associadas à juventude, alia-se à desvalorização dos que perdem (ou nunca tiveram) funcionalidade, dos que dependem de outros para realizarem as atividades básicas de vida diária ou para manterem o seu bem-estar físico e emocional.</p>



<p>A fragilidade e a vulnerabilidade fazem parte da condição humana e podem surgir em qualquer idade ou circunstância. Valorizar os cuidados e reconhecer que devem ser prestados com competência e humanidade, implica valorizar e defender a dignidade dos cuidadores e dos que deles precisam.</p>



<p>A prestação de cuidados coloca enormes desafios a todos os envolvidos, seja em contextos informais ou formais. Reforçar os valores da solidariedade e da entreajuda, nos processos e contextos educativos, é essencial para que haja reconhecimento e respeito pela singularidade das necessidades humanas e para o desenvolvimento de uma consciência cidadã, que não menospreze os que precisam de algum tipo de apoio. Simultaneamente, é premente que se aposte no treino de competências técnicas e humanas em diversas áreas formativas, em particular as sociais e da saúde.</p>

<p>A evolução das sociedades modernas está sustentada na (sobre)valorização da produtividade e da competitividade, na esfera pública, mantendo as tarefas reprodutivas na invisibilidade da esfera privada. Simultaneamente, o culto da beleza e da vitalidade, habitualmente associadas à juventude, alia-se à&hellip;  </p>
<p class="more-link"><a href="https://sites.ipleiria.pt/jornadaseduci/">Continue reading <span class="meta-nav">&rarr;</span></a></p>
