{"id":393,"date":"2025-10-22T21:37:01","date_gmt":"2025-10-22T21:37:01","guid":{"rendered":"https:\/\/sites.ipleiria.pt\/jornadaseduci\/?page_id=393"},"modified":"2025-11-07T17:55:02","modified_gmt":"2025-11-07T17:55:02","slug":"1a-edicao","status":"publish","type":"page","link":"https:\/\/sites.ipleiria.pt\/jornadaseduci\/1a-edicao\/","title":{"rendered":"1\u00aa Edi\u00e7\u00e3o"},"content":{"rendered":"\n<figure class=\"wp-block-image size-large\"><a href=\"https:\/\/sites.ipleiria.pt\/jornadaseduci\/files\/2025\/11\/screencapture-sites-ipleiria-pt-jornadaseduci-2025-03-12-10_41_43_page-0001-1-scaled.jpg\"><img loading=\"lazy\" decoding=\"async\" width=\"1024\" height=\"791\" src=\"https:\/\/sites.ipleiria.pt\/jornadaseduci\/files\/2025\/11\/screencapture-sites-ipleiria-pt-jornadaseduci-2025-03-12-10_41_43_page-0001-1-1024x791.jpg\" alt=\"\" class=\"wp-image-410\" srcset=\"https:\/\/sites.ipleiria.pt\/jornadaseduci\/files\/2025\/11\/screencapture-sites-ipleiria-pt-jornadaseduci-2025-03-12-10_41_43_page-0001-1-1024x791.jpg 1024w, https:\/\/sites.ipleiria.pt\/jornadaseduci\/files\/2025\/11\/screencapture-sites-ipleiria-pt-jornadaseduci-2025-03-12-10_41_43_page-0001-1-300x232.jpg 300w, https:\/\/sites.ipleiria.pt\/jornadaseduci\/files\/2025\/11\/screencapture-sites-ipleiria-pt-jornadaseduci-2025-03-12-10_41_43_page-0001-1-768x593.jpg 768w, https:\/\/sites.ipleiria.pt\/jornadaseduci\/files\/2025\/11\/screencapture-sites-ipleiria-pt-jornadaseduci-2025-03-12-10_41_43_page-0001-1-1536x1187.jpg 1536w, https:\/\/sites.ipleiria.pt\/jornadaseduci\/files\/2025\/11\/screencapture-sites-ipleiria-pt-jornadaseduci-2025-03-12-10_41_43_page-0001-1-2048x1583.jpg 2048w\" sizes=\"auto, (max-width: 1024px) 100vw, 1024px\" \/><\/a><\/figure>\n\n\n\n<figure class=\"wp-block-gallery has-nested-images columns-default is-cropped wp-block-gallery-1 is-layout-flex wp-block-gallery-is-layout-flex\">\n<figure class=\"wp-block-image size-large\"><a href=\"https:\/\/sites.ipleiria.pt\/jornadaseduci\/files\/2025\/11\/screencapture-sites-ipleiria-pt-jornadaseduci-comissao-organizadora-2025-03-12-10_42_40_page-0001-1-scaled.jpg\"><img loading=\"lazy\" decoding=\"async\" width=\"1024\" height=\"791\" data-id=\"412\" src=\"https:\/\/sites.ipleiria.pt\/jornadaseduci\/files\/2025\/11\/screencapture-sites-ipleiria-pt-jornadaseduci-comissao-organizadora-2025-03-12-10_42_40_page-0001-1-1024x791.jpg\" alt=\"\" class=\"wp-image-412\" srcset=\"https:\/\/sites.ipleiria.pt\/jornadaseduci\/files\/2025\/11\/screencapture-sites-ipleiria-pt-jornadaseduci-comissao-organizadora-2025-03-12-10_42_40_page-0001-1-1024x791.jpg 1024w, https:\/\/sites.ipleiria.pt\/jornadaseduci\/files\/2025\/11\/screencapture-sites-ipleiria-pt-jornadaseduci-comissao-organizadora-2025-03-12-10_42_40_page-0001-1-300x232.jpg 300w, https:\/\/sites.ipleiria.pt\/jornadaseduci\/files\/2025\/11\/screencapture-sites-ipleiria-pt-jornadaseduci-comissao-organizadora-2025-03-12-10_42_40_page-0001-1-768x593.jpg 768w, https:\/\/sites.ipleiria.pt\/jornadaseduci\/files\/2025\/11\/screencapture-sites-ipleiria-pt-jornadaseduci-comissao-organizadora-2025-03-12-10_42_40_page-0001-1-1536x1187.jpg 1536w, https:\/\/sites.ipleiria.pt\/jornadaseduci\/files\/2025\/11\/screencapture-sites-ipleiria-pt-jornadaseduci-comissao-organizadora-2025-03-12-10_42_40_page-0001-1-2048x1583.jpg 2048w\" sizes=\"auto, (max-width: 1024px) 100vw, 1024px\" \/><\/a><\/figure>\n<\/figure>\n\n\n\n<figure class=\"wp-block-image size-large\"><a href=\"https:\/\/sites.ipleiria.pt\/jornadaseduci\/files\/2025\/11\/screencapture-sites-ipleiria-pt-jornadaseduci-objetivos-2025-03-12-10_42_12_page-0001-scaled.jpg\"><img loading=\"lazy\" decoding=\"async\" width=\"1024\" height=\"791\" src=\"https:\/\/sites.ipleiria.pt\/jornadaseduci\/files\/2025\/11\/screencapture-sites-ipleiria-pt-jornadaseduci-objetivos-2025-03-12-10_42_12_page-0001-1024x791.jpg\" alt=\"\" class=\"wp-image-417\" srcset=\"https:\/\/sites.ipleiria.pt\/jornadaseduci\/files\/2025\/11\/screencapture-sites-ipleiria-pt-jornadaseduci-objetivos-2025-03-12-10_42_12_page-0001-1024x791.jpg 1024w, https:\/\/sites.ipleiria.pt\/jornadaseduci\/files\/2025\/11\/screencapture-sites-ipleiria-pt-jornadaseduci-objetivos-2025-03-12-10_42_12_page-0001-300x232.jpg 300w, https:\/\/sites.ipleiria.pt\/jornadaseduci\/files\/2025\/11\/screencapture-sites-ipleiria-pt-jornadaseduci-objetivos-2025-03-12-10_42_12_page-0001-768x593.jpg 768w, https:\/\/sites.ipleiria.pt\/jornadaseduci\/files\/2025\/11\/screencapture-sites-ipleiria-pt-jornadaseduci-objetivos-2025-03-12-10_42_12_page-0001-1536x1187.jpg 1536w, https:\/\/sites.ipleiria.pt\/jornadaseduci\/files\/2025\/11\/screencapture-sites-ipleiria-pt-jornadaseduci-objetivos-2025-03-12-10_42_12_page-0001-2048x1583.jpg 2048w\" sizes=\"auto, (max-width: 1024px) 100vw, 1024px\" \/><\/a><\/figure>\n\n\n\n<figure class=\"wp-block-image size-large\"><a href=\"https:\/\/sites.ipleiria.pt\/jornadaseduci\/files\/2025\/11\/screencapture-sites-ipleiria-pt-jornadaseduci-contactos-2025-03-12-10_43_18_page-0001-scaled.jpg\"><img loading=\"lazy\" decoding=\"async\" width=\"1024\" height=\"791\" src=\"https:\/\/sites.ipleiria.pt\/jornadaseduci\/files\/2025\/11\/screencapture-sites-ipleiria-pt-jornadaseduci-contactos-2025-03-12-10_43_18_page-0001-1024x791.jpg\" alt=\"\" class=\"wp-image-414\" srcset=\"https:\/\/sites.ipleiria.pt\/jornadaseduci\/files\/2025\/11\/screencapture-sites-ipleiria-pt-jornadaseduci-contactos-2025-03-12-10_43_18_page-0001-1024x791.jpg 1024w, https:\/\/sites.ipleiria.pt\/jornadaseduci\/files\/2025\/11\/screencapture-sites-ipleiria-pt-jornadaseduci-contactos-2025-03-12-10_43_18_page-0001-300x232.jpg 300w, https:\/\/sites.ipleiria.pt\/jornadaseduci\/files\/2025\/11\/screencapture-sites-ipleiria-pt-jornadaseduci-contactos-2025-03-12-10_43_18_page-0001-768x593.jpg 768w, https:\/\/sites.ipleiria.pt\/jornadaseduci\/files\/2025\/11\/screencapture-sites-ipleiria-pt-jornadaseduci-contactos-2025-03-12-10_43_18_page-0001-1536x1187.jpg 1536w, https:\/\/sites.ipleiria.pt\/jornadaseduci\/files\/2025\/11\/screencapture-sites-ipleiria-pt-jornadaseduci-contactos-2025-03-12-10_43_18_page-0001-2048x1583.jpg 2048w\" sizes=\"auto, (max-width: 1024px) 100vw, 1024px\" \/><\/a><\/figure>\n\n\n\n<figure class=\"wp-block-image size-large\"><a href=\"https:\/\/sites.ipleiria.pt\/jornadaseduci\/files\/2025\/11\/screencapture-sites-ipleiria-pt-jornadaseduci-parceiros-2025-03-12-10_42_49_page-0001-scaled.jpg\"><img loading=\"lazy\" decoding=\"async\" width=\"1024\" height=\"791\" src=\"https:\/\/sites.ipleiria.pt\/jornadaseduci\/files\/2025\/11\/screencapture-sites-ipleiria-pt-jornadaseduci-parceiros-2025-03-12-10_42_49_page-0001-1024x791.jpg\" alt=\"\" class=\"wp-image-419\" srcset=\"https:\/\/sites.ipleiria.pt\/jornadaseduci\/files\/2025\/11\/screencapture-sites-ipleiria-pt-jornadaseduci-parceiros-2025-03-12-10_42_49_page-0001-1024x791.jpg 1024w, https:\/\/sites.ipleiria.pt\/jornadaseduci\/files\/2025\/11\/screencapture-sites-ipleiria-pt-jornadaseduci-parceiros-2025-03-12-10_42_49_page-0001-300x232.jpg 300w, https:\/\/sites.ipleiria.pt\/jornadaseduci\/files\/2025\/11\/screencapture-sites-ipleiria-pt-jornadaseduci-parceiros-2025-03-12-10_42_49_page-0001-768x593.jpg 768w, https:\/\/sites.ipleiria.pt\/jornadaseduci\/files\/2025\/11\/screencapture-sites-ipleiria-pt-jornadaseduci-parceiros-2025-03-12-10_42_49_page-0001-1536x1187.jpg 1536w, https:\/\/sites.ipleiria.pt\/jornadaseduci\/files\/2025\/11\/screencapture-sites-ipleiria-pt-jornadaseduci-parceiros-2025-03-12-10_42_49_page-0001-2048x1583.jpg 2048w\" sizes=\"auto, (max-width: 1024px) 100vw, 1024px\" \/><\/a><\/figure>\n\n\n\n<figure class=\"wp-block-image size-large\"><a href=\"https:\/\/sites.ipleiria.pt\/jornadaseduci\/files\/2025\/11\/screencapture-sites-ipleiria-pt-jornadaseduci-organizacao-2025-03-12-10_42_22_page-0001-scaled.jpg\"><img loading=\"lazy\" decoding=\"async\" width=\"1024\" height=\"791\" src=\"https:\/\/sites.ipleiria.pt\/jornadaseduci\/files\/2025\/11\/screencapture-sites-ipleiria-pt-jornadaseduci-organizacao-2025-03-12-10_42_22_page-0001-1024x791.jpg\" alt=\"\" class=\"wp-image-420\" srcset=\"https:\/\/sites.ipleiria.pt\/jornadaseduci\/files\/2025\/11\/screencapture-sites-ipleiria-pt-jornadaseduci-organizacao-2025-03-12-10_42_22_page-0001-1024x791.jpg 1024w, https:\/\/sites.ipleiria.pt\/jornadaseduci\/files\/2025\/11\/screencapture-sites-ipleiria-pt-jornadaseduci-organizacao-2025-03-12-10_42_22_page-0001-300x232.jpg 300w, https:\/\/sites.ipleiria.pt\/jornadaseduci\/files\/2025\/11\/screencapture-sites-ipleiria-pt-jornadaseduci-organizacao-2025-03-12-10_42_22_page-0001-768x593.jpg 768w, https:\/\/sites.ipleiria.pt\/jornadaseduci\/files\/2025\/11\/screencapture-sites-ipleiria-pt-jornadaseduci-organizacao-2025-03-12-10_42_22_page-0001-1536x1187.jpg 1536w, https:\/\/sites.ipleiria.pt\/jornadaseduci\/files\/2025\/11\/screencapture-sites-ipleiria-pt-jornadaseduci-organizacao-2025-03-12-10_42_22_page-0001-2048x1583.jpg 2048w\" sizes=\"auto, (max-width: 1024px) 100vw, 1024px\" \/><\/a><\/figure>\n\n\n\n<figure class=\"wp-block-image size-large\"><a href=\"https:\/\/sites.ipleiria.pt\/jornadaseduci\/files\/2025\/11\/screencapture-sites-ipleiria-pt-jornadaseduci-programa-provisorio-2025-03-12-10_42_31_page-0001-scaled.jpg\"><img loading=\"lazy\" decoding=\"async\" width=\"1024\" height=\"791\" src=\"https:\/\/sites.ipleiria.pt\/jornadaseduci\/files\/2025\/11\/screencapture-sites-ipleiria-pt-jornadaseduci-programa-provisorio-2025-03-12-10_42_31_page-0001-1024x791.jpg\" alt=\"\" class=\"wp-image-421\" srcset=\"https:\/\/sites.ipleiria.pt\/jornadaseduci\/files\/2025\/11\/screencapture-sites-ipleiria-pt-jornadaseduci-programa-provisorio-2025-03-12-10_42_31_page-0001-1024x791.jpg 1024w, https:\/\/sites.ipleiria.pt\/jornadaseduci\/files\/2025\/11\/screencapture-sites-ipleiria-pt-jornadaseduci-programa-provisorio-2025-03-12-10_42_31_page-0001-300x232.jpg 300w, https:\/\/sites.ipleiria.pt\/jornadaseduci\/files\/2025\/11\/screencapture-sites-ipleiria-pt-jornadaseduci-programa-provisorio-2025-03-12-10_42_31_page-0001-768x593.jpg 768w, https:\/\/sites.ipleiria.pt\/jornadaseduci\/files\/2025\/11\/screencapture-sites-ipleiria-pt-jornadaseduci-programa-provisorio-2025-03-12-10_42_31_page-0001-1536x1187.jpg 1536w, https:\/\/sites.ipleiria.pt\/jornadaseduci\/files\/2025\/11\/screencapture-sites-ipleiria-pt-jornadaseduci-programa-provisorio-2025-03-12-10_42_31_page-0001-2048x1583.jpg 2048w\" sizes=\"auto, (max-width: 1024px) 100vw, 1024px\" \/><\/a><\/figure>\n\n\n\n<figure class=\"wp-block-image size-large\"><a href=\"https:\/\/sites.ipleiria.pt\/jornadaseduci\/files\/2025\/11\/screencapture-sites-ipleiria-pt-jornadaseduci-programa-provisorio-2025-03-12-10_42_31_page-0002-scaled.jpg\"><img loading=\"lazy\" decoding=\"async\" width=\"1024\" height=\"791\" src=\"https:\/\/sites.ipleiria.pt\/jornadaseduci\/files\/2025\/11\/screencapture-sites-ipleiria-pt-jornadaseduci-programa-provisorio-2025-03-12-10_42_31_page-0002-1024x791.jpg\" alt=\"\" class=\"wp-image-422\" srcset=\"https:\/\/sites.ipleiria.pt\/jornadaseduci\/files\/2025\/11\/screencapture-sites-ipleiria-pt-jornadaseduci-programa-provisorio-2025-03-12-10_42_31_page-0002-1024x791.jpg 1024w, https:\/\/sites.ipleiria.pt\/jornadaseduci\/files\/2025\/11\/screencapture-sites-ipleiria-pt-jornadaseduci-programa-provisorio-2025-03-12-10_42_31_page-0002-300x232.jpg 300w, https:\/\/sites.ipleiria.pt\/jornadaseduci\/files\/2025\/11\/screencapture-sites-ipleiria-pt-jornadaseduci-programa-provisorio-2025-03-12-10_42_31_page-0002-768x593.jpg 768w, https:\/\/sites.ipleiria.pt\/jornadaseduci\/files\/2025\/11\/screencapture-sites-ipleiria-pt-jornadaseduci-programa-provisorio-2025-03-12-10_42_31_page-0002-1536x1187.jpg 1536w, https:\/\/sites.ipleiria.pt\/jornadaseduci\/files\/2025\/11\/screencapture-sites-ipleiria-pt-jornadaseduci-programa-provisorio-2025-03-12-10_42_31_page-0002-2048x1583.jpg 2048w\" sizes=\"auto, (max-width: 1024px) 100vw, 1024px\" \/><\/a><\/figure>\n\n\n\n<figure class=\"wp-block-image size-large\"><a href=\"https:\/\/sites.ipleiria.pt\/jornadaseduci\/files\/2025\/11\/screencapture-sites-ipleiria-pt-jornadaseduci-repositorio-2025-03-12-10_43_08_page-0001-scaled.jpg\"><img loading=\"lazy\" decoding=\"async\" width=\"1024\" height=\"791\" src=\"https:\/\/sites.ipleiria.pt\/jornadaseduci\/files\/2025\/11\/screencapture-sites-ipleiria-pt-jornadaseduci-repositorio-2025-03-12-10_43_08_page-0001-1024x791.jpg\" alt=\"\" class=\"wp-image-423\" srcset=\"https:\/\/sites.ipleiria.pt\/jornadaseduci\/files\/2025\/11\/screencapture-sites-ipleiria-pt-jornadaseduci-repositorio-2025-03-12-10_43_08_page-0001-1024x791.jpg 1024w, https:\/\/sites.ipleiria.pt\/jornadaseduci\/files\/2025\/11\/screencapture-sites-ipleiria-pt-jornadaseduci-repositorio-2025-03-12-10_43_08_page-0001-300x232.jpg 300w, https:\/\/sites.ipleiria.pt\/jornadaseduci\/files\/2025\/11\/screencapture-sites-ipleiria-pt-jornadaseduci-repositorio-2025-03-12-10_43_08_page-0001-768x593.jpg 768w, https:\/\/sites.ipleiria.pt\/jornadaseduci\/files\/2025\/11\/screencapture-sites-ipleiria-pt-jornadaseduci-repositorio-2025-03-12-10_43_08_page-0001-1536x1187.jpg 1536w, https:\/\/sites.ipleiria.pt\/jornadaseduci\/files\/2025\/11\/screencapture-sites-ipleiria-pt-jornadaseduci-repositorio-2025-03-12-10_43_08_page-0001-2048x1583.jpg 2048w\" sizes=\"auto, (max-width: 1024px) 100vw, 1024px\" \/><\/a><\/figure>\n\n\n\n<figure class=\"wp-block-image size-large is-resized\"><a href=\"https:\/\/sites.ipleiria.pt\/jornadaseduci\/files\/2025\/11\/screencapture-sites-ipleiria-pt-jornadaseduci-repositorio-2025-03-12-10_43_08_page-0002-scaled.jpg\"><img loading=\"lazy\" decoding=\"async\" width=\"1024\" height=\"791\" src=\"https:\/\/sites.ipleiria.pt\/jornadaseduci\/files\/2025\/11\/screencapture-sites-ipleiria-pt-jornadaseduci-repositorio-2025-03-12-10_43_08_page-0002-1024x791.jpg\" alt=\"\" class=\"wp-image-424\" style=\"width:761px;height:auto\" srcset=\"https:\/\/sites.ipleiria.pt\/jornadaseduci\/files\/2025\/11\/screencapture-sites-ipleiria-pt-jornadaseduci-repositorio-2025-03-12-10_43_08_page-0002-1024x791.jpg 1024w, https:\/\/sites.ipleiria.pt\/jornadaseduci\/files\/2025\/11\/screencapture-sites-ipleiria-pt-jornadaseduci-repositorio-2025-03-12-10_43_08_page-0002-300x232.jpg 300w, https:\/\/sites.ipleiria.pt\/jornadaseduci\/files\/2025\/11\/screencapture-sites-ipleiria-pt-jornadaseduci-repositorio-2025-03-12-10_43_08_page-0002-768x593.jpg 768w, https:\/\/sites.ipleiria.pt\/jornadaseduci\/files\/2025\/11\/screencapture-sites-ipleiria-pt-jornadaseduci-repositorio-2025-03-12-10_43_08_page-0002-1536x1187.jpg 1536w, https:\/\/sites.ipleiria.pt\/jornadaseduci\/files\/2025\/11\/screencapture-sites-ipleiria-pt-jornadaseduci-repositorio-2025-03-12-10_43_08_page-0002-2048x1583.jpg 2048w\" sizes=\"auto, (max-width: 1024px) 100vw, 1024px\" \/><\/a><\/figure>\n\n\n\n<p><strong>Registos em Audiovisuais elaborados com o contributo dos estudantes <\/strong><\/p>\n\n\n\n<ul class=\"wp-block-list\">\n<li><a href=\"https:\/\/eur02.safelinks.protection.outlook.com\/?url=https%3A%2F%2Fyoutu.be%2FEUvIkMMcvQU&amp;data=04%7C01%7Cluisa.pimentel%40ipleiria.pt%7C0091f1742cc24cdc7ae808d906480a4b%7C536b85ada4484186a9afe3ccad3302c5%7C0%7C0%7C637547728737198934%7CUnknown%7CTWFpbGZsb3d8eyJWIjoiMC4wLjAwMDAiLCJQIjoiV2luMzIiLCJBTiI6Ik1haWwiLCJXVCI6Mn0%3D%7C1000&amp;sdata=rPZ02xD5Bkbqlhfb3h3lXH4D7KOaGSSHVZeC2K4W1hM%3D&amp;reserved=0\">https:\/\/youtu.be\/EUvIkMMcvQU<\/a> (Testemunhos sobre o papel da educa\u00e7\u00e3o na constru\u00e7\u00e3o da cidadania)<\/li>\n\n\n\n<li><\/li>\n\n\n\n<li><a href=\"https:\/\/eur02.safelinks.protection.outlook.com\/?url=https%3A%2F%2Fyoutu.be%2FkY1qZJ0HEQY&amp;data=04%7C01%7Cluisa.pimentel%40ipleiria.pt%7C0091f1742cc24cdc7ae808d906480a4b%7C536b85ada4484186a9afe3ccad3302c5%7C0%7C0%7C637547728737208892%7CUnknown%7CTWFpbGZsb3d8eyJWIjoiMC4wLjAwMDAiLCJQIjoiV2luMzIiLCJBTiI6Ik1haWwiLCJXVCI6Mn0%3D%7C1000&amp;sdata=YpYNLb5A%2FOjlnHDLlCKpGNd27A22PZL594%2BnIz6JEys%3D&amp;reserved=0\">https:\/\/youtu.be\/kY1qZJ0HEQY<\/a> (Testemunhos sobre o exerc\u00edcio da cidadania)<\/li>\n\n\n\n<li><\/li>\n\n\n\n<li><a href=\"https:\/\/eur02.safelinks.protection.outlook.com\/?url=https%3A%2F%2Fyoutu.be%2Fu2a2Te2Kyjk&amp;data=04%7C01%7Cluisa.pimentel%40ipleiria.pt%7C0091f1742cc24cdc7ae808d906480a4b%7C536b85ada4484186a9afe3ccad3302c5%7C0%7C0%7C637547728737208892%7CUnknown%7CTWFpbGZsb3d8eyJWIjoiMC4wLjAwMDAiLCJQIjoiV2luMzIiLCJBTiI6Ik1haWwiLCJXVCI6Mn0%3D%7C1000&amp;sdata=bcohGIYTRy3xfXhxOsWiiYpghN%2BfNnTcg94PxNqFfPY%3D&amp;reserved=0\">https:\/\/youtu.be\/u2a2Te2Kyjk<\/a> (Mural Virtual &#8220;Ser cidad\u00e3o \u00e9&#8230;&#8221;)<\/li>\n<\/ul>\n","protected":false},"excerpt":{"rendered":"<p>Registos em Audiovisuais elaborados com o contributo dos estudantes<\/p>\n","protected":false},"author":548,"featured_media":0,"parent":0,"menu_order":0,"comment_status":"closed","ping_status":"closed","template":"","meta":{"footnotes":""},"class_list":["post-393","page","type-page","status-publish","hentry"],"_links":{"self":[{"href":"https:\/\/sites.ipleiria.pt\/jornadaseduci\/wp-json\/wp\/v2\/pages\/393","targetHints":{"allow":["GET"]}}],"collection":[{"href":"https:\/\/sites.ipleiria.pt\/jornadaseduci\/wp-json\/wp\/v2\/pages"}],"about":[{"href":"https:\/\/sites.ipleiria.pt\/jornadaseduci\/wp-json\/wp\/v2\/types\/page"}],"author":[{"embeddable":true,"href":"https:\/\/sites.ipleiria.pt\/jornadaseduci\/wp-json\/wp\/v2\/users\/548"}],"replies":[{"embeddable":true,"href":"https:\/\/sites.ipleiria.pt\/jornadaseduci\/wp-json\/wp\/v2\/comments?post=393"}],"version-history":[{"count":11,"href":"https:\/\/sites.ipleiria.pt\/jornadaseduci\/wp-json\/wp\/v2\/pages\/393\/revisions"}],"predecessor-version":[{"id":463,"href":"https:\/\/sites.ipleiria.pt\/jornadaseduci\/wp-json\/wp\/v2\/pages\/393\/revisions\/463"}],"wp:attachment":[{"href":"https:\/\/sites.ipleiria.pt\/jornadaseduci\/wp-json\/wp\/v2\/media?parent=393"}],"curies":[{"name":"wp","href":"https:\/\/api.w.org\/{rel}","templated":true}]}}