{"id":142,"date":"2021-05-27T09:39:03","date_gmt":"2021-05-27T09:39:03","guid":{"rendered":"https:\/\/sites.ipleiria.pt\/jsppd2021\/?page_id=142"},"modified":"2021-06-24T20:33:59","modified_gmt":"2021-06-24T20:33:59","slug":"premio-de-investigacao-antonio-paula-brito","status":"publish","type":"page","link":"https:\/\/sites.ipleiria.pt\/jsppd2021\/premio-de-investigacao-antonio-paula-brito\/","title":{"rendered":"Pr\u00e9mio de Investiga\u00e7\u00e3o Ant\u00f3nio Paula Brito"},"content":{"rendered":"\n<p>Ser\u00e1 atribu\u00eddo um pr\u00e9mio, no valor de \u20ac500, ao melhor trabalho de investiga\u00e7\u00e3o apresentado em comunica\u00e7\u00e3o oral apresentado por um jovem investigador durante as Jornadas. Este pr\u00e9mio \u00e9 avaliado pela Comiss\u00e3o Cient\u00edfica, e ser\u00e1 apresentado no final do evento. \u00c9 obrigat\u00f3rio formalizar a candidatura ao pr\u00e9mio, anexando uma declara\u00e7\u00e3o do autor principal indicando que:<\/p>\n\n\n\n<ul class=\"wp-block-list\"><li>o trabalho \u00e9 original;<\/li><li>\u00e9 o principal respons\u00e1vel pelo trabalho;<\/li><li>n\u00e3o foi apresentado anteriormente em eventos cient\u00edficos;<\/li><li>eventuais interesses (p.e., fontes de financiamento suplementares ao projeto; rela\u00e7\u00f5es contratuais ou outras com os promotores). Na submiss\u00e3o do resumo o autor deve informar que o trabalho submetido \u00e9 candidato ao Pr\u00e9mio de Investiga\u00e7\u00e3o Ant\u00f3nio de Paula Brito.<\/li><\/ul>\n\n\n\n<p>Os trabalhos de investiga\u00e7\u00e3o que envolvem experimenta\u00e7\u00e3o humana dever\u00e3o apresentar evid\u00eancia da sua aprova\u00e7\u00e3o por um Conselho de \u00c9tica para a Investiga\u00e7\u00e3o ou equivalente. Deve ser ainda anexada uma c\u00f3pia de documento de identifica\u00e7\u00e3o e de cotiza\u00e7\u00e3o regularizada na SPPD.<\/p>\n\n\n\n<div class=\"wp-block-file\"><a href=\"https:\/\/sites.ipleiria.pt\/jsppd2021\/files\/2021\/05\/Regulamento-Premio.pdf\">Regulamento Pr\u00e9mio<\/a><a href=\"https:\/\/sites.ipleiria.pt\/jsppd2021\/files\/2021\/05\/Regulamento-Premio.pdf\" class=\"wp-block-file__button\" download>Descarregar<\/a><\/div>\n\n\n\n<div class=\"wp-block-file\"><a href=\"https:\/\/sites.ipleiria.pt\/jsppd2021\/files\/2021\/05\/Template-Resumo-Comunicacao-2.doc\">Template para Submiss\u00e3o de Trabalhos<\/a><a href=\"https:\/\/sites.ipleiria.pt\/jsppd2021\/files\/2021\/05\/Template-Resumo-Comunicacao-2.doc\" class=\"wp-block-file__button\" download>Descarregar<\/a><\/div>\n\n\n\n<div class=\"wp-block-file\"><a href=\"https:\/\/sites.ipleiria.pt\/jsppd2021\/files\/2021\/05\/Template-Apresentacao-Oral-XXII-Jornadas-SPPD-2.pptx\">Template Apresenta\u00e7\u00e3o Oral<\/a><a href=\"https:\/\/sites.ipleiria.pt\/jsppd2021\/files\/2021\/05\/Template-Apresentacao-Oral-XXII-Jornadas-SPPD-2.pptx\" class=\"wp-block-file__button\" download>Descarregar<\/a><\/div>\n","protected":false},"excerpt":{"rendered":"<p>Ser\u00e1 atribu\u00eddo um pr\u00e9mio, no valor de \u20ac500, ao melhor trabalho de investiga\u00e7\u00e3o apresentado em comunica\u00e7\u00e3o oral apresentado por um jovem investigador durante as Jornadas. Este pr\u00e9mio \u00e9 avaliado pela Comiss\u00e3o Cient\u00edfica, e ser\u00e1 apresentado no final do evento. \u00c9 obrigat\u00f3rio formalizar a candidatura ao pr\u00e9mio, anexando uma declara\u00e7\u00e3o do autor principal indicando que: o &hellip; <\/p>\n<p class=\"link-more\"><a href=\"https:\/\/sites.ipleiria.pt\/jsppd2021\/premio-de-investigacao-antonio-paula-brito\/\" class=\"more-link\">Continuar a ler <span class=\"screen-reader-text\">&#8220;Pr\u00e9mio de Investiga\u00e7\u00e3o Ant\u00f3nio Paula Brito&#8221;<\/span><\/a><\/p>\n","protected":false},"author":5223,"featured_media":0,"parent":0,"menu_order":0,"comment_status":"closed","ping_status":"closed","template":"","meta":{"footnotes":""},"class_list":["post-142","page","type-page","status-publish","hentry"],"_links":{"self":[{"href":"https:\/\/sites.ipleiria.pt\/jsppd2021\/wp-json\/wp\/v2\/pages\/142","targetHints":{"allow":["GET"]}}],"collection":[{"href":"https:\/\/sites.ipleiria.pt\/jsppd2021\/wp-json\/wp\/v2\/pages"}],"about":[{"href":"https:\/\/sites.ipleiria.pt\/jsppd2021\/wp-json\/wp\/v2\/types\/page"}],"author":[{"embeddable":true,"href":"https:\/\/sites.ipleiria.pt\/jsppd2021\/wp-json\/wp\/v2\/users\/5223"}],"replies":[{"embeddable":true,"href":"https:\/\/sites.ipleiria.pt\/jsppd2021\/wp-json\/wp\/v2\/comments?post=142"}],"version-history":[{"count":5,"href":"https:\/\/sites.ipleiria.pt\/jsppd2021\/wp-json\/wp\/v2\/pages\/142\/revisions"}],"predecessor-version":[{"id":348,"href":"https:\/\/sites.ipleiria.pt\/jsppd2021\/wp-json\/wp\/v2\/pages\/142\/revisions\/348"}],"wp:attachment":[{"href":"https:\/\/sites.ipleiria.pt\/jsppd2021\/wp-json\/wp\/v2\/media?parent=142"}],"curies":[{"name":"wp","href":"https:\/\/api.w.org\/{rel}","templated":true}]}}