{"id":167,"date":"2018-05-09T15:48:12","date_gmt":"2018-05-09T15:48:12","guid":{"rendered":"http:\/\/sites.ipleiria.pt\/maiocriativo\/?page_id=167"},"modified":"2018-05-28T11:41:19","modified_gmt":"2018-05-28T11:41:19","slug":"9-maio","status":"publish","type":"page","link":"https:\/\/sites.ipleiria.pt\/maiocriativo\/9-maio\/","title":{"rendered":"9 maio"},"content":{"rendered":"<p><em><strong>Light Painting<\/strong><\/em><\/p>\n<p>Dinamizado por Ant\u00f3nio Palmeira &#8211; Instituto Portugu\u00eas do Desporto e da Juventude<\/p>\n<p><img loading=\"lazy\" decoding=\"async\" class=\"aligncenter size-large wp-image-174\" src=\"http:\/\/sites.ipleiria.pt\/maiocriativo\/files\/2018\/05\/DSC04700-1024x681.jpg\" alt=\"\" width=\"650\" height=\"432\" srcset=\"https:\/\/sites.ipleiria.pt\/maiocriativo\/files\/2018\/05\/DSC04700-1024x681.jpg 1024w, https:\/\/sites.ipleiria.pt\/maiocriativo\/files\/2018\/05\/DSC04700-300x200.jpg 300w, https:\/\/sites.ipleiria.pt\/maiocriativo\/files\/2018\/05\/DSC04700-768x511.jpg 768w\" sizes=\"auto, (max-width: 650px) 100vw, 650px\" \/><\/p>\n<p><img loading=\"lazy\" decoding=\"async\" class=\"aligncenter size-large wp-image-173\" src=\"http:\/\/sites.ipleiria.pt\/maiocriativo\/files\/2018\/05\/DSC04699-1024x681.jpg\" alt=\"\" width=\"650\" height=\"432\" srcset=\"https:\/\/sites.ipleiria.pt\/maiocriativo\/files\/2018\/05\/DSC04699-1024x681.jpg 1024w, https:\/\/sites.ipleiria.pt\/maiocriativo\/files\/2018\/05\/DSC04699-300x200.jpg 300w, https:\/\/sites.ipleiria.pt\/maiocriativo\/files\/2018\/05\/DSC04699-768x511.jpg 768w\" sizes=\"auto, (max-width: 650px) 100vw, 650px\" \/><\/p>\n<p><img loading=\"lazy\" decoding=\"async\" class=\"aligncenter size-large wp-image-172\" src=\"http:\/\/sites.ipleiria.pt\/maiocriativo\/files\/2018\/05\/DSC04693-1024x681.jpg\" alt=\"\" width=\"650\" height=\"432\" srcset=\"https:\/\/sites.ipleiria.pt\/maiocriativo\/files\/2018\/05\/DSC04693-1024x681.jpg 1024w, https:\/\/sites.ipleiria.pt\/maiocriativo\/files\/2018\/05\/DSC04693-300x200.jpg 300w, https:\/\/sites.ipleiria.pt\/maiocriativo\/files\/2018\/05\/DSC04693-768x511.jpg 768w\" sizes=\"auto, (max-width: 650px) 100vw, 650px\" \/><\/p>\n<p><img loading=\"lazy\" decoding=\"async\" class=\"aligncenter size-large wp-image-171\" src=\"http:\/\/sites.ipleiria.pt\/maiocriativo\/files\/2018\/05\/DSC04691-1024x681.jpg\" alt=\"\" width=\"650\" height=\"432\" srcset=\"https:\/\/sites.ipleiria.pt\/maiocriativo\/files\/2018\/05\/DSC04691-1024x681.jpg 1024w, https:\/\/sites.ipleiria.pt\/maiocriativo\/files\/2018\/05\/DSC04691-300x200.jpg 300w, https:\/\/sites.ipleiria.pt\/maiocriativo\/files\/2018\/05\/DSC04691-768x511.jpg 768w\" sizes=\"auto, (max-width: 650px) 100vw, 650px\" \/><\/p>\n<p><img loading=\"lazy\" decoding=\"async\" class=\"aligncenter size-large wp-image-170\" src=\"http:\/\/sites.ipleiria.pt\/maiocriativo\/files\/2018\/05\/DSC04678-1024x681.jpg\" alt=\"\" width=\"650\" height=\"432\" srcset=\"https:\/\/sites.ipleiria.pt\/maiocriativo\/files\/2018\/05\/DSC04678-1024x681.jpg 1024w, https:\/\/sites.ipleiria.pt\/maiocriativo\/files\/2018\/05\/DSC04678-300x200.jpg 300w, https:\/\/sites.ipleiria.pt\/maiocriativo\/files\/2018\/05\/DSC04678-768x511.jpg 768w\" sizes=\"auto, (max-width: 650px) 100vw, 650px\" \/><\/p>\n<p><img loading=\"lazy\" decoding=\"async\" class=\"aligncenter size-large wp-image-169\" src=\"http:\/\/sites.ipleiria.pt\/maiocriativo\/files\/2018\/05\/DSC04673-1024x681.jpg\" alt=\"\" width=\"650\" height=\"432\" srcset=\"https:\/\/sites.ipleiria.pt\/maiocriativo\/files\/2018\/05\/DSC04673-1024x681.jpg 1024w, https:\/\/sites.ipleiria.pt\/maiocriativo\/files\/2018\/05\/DSC04673-300x200.jpg 300w, https:\/\/sites.ipleiria.pt\/maiocriativo\/files\/2018\/05\/DSC04673-768x511.jpg 768w\" sizes=\"auto, (max-width: 650px) 100vw, 650px\" \/><\/p>\n<p><img loading=\"lazy\" decoding=\"async\" class=\"aligncenter size-large wp-image-168\" src=\"http:\/\/sites.ipleiria.pt\/maiocriativo\/files\/2018\/05\/DSC04671-1024x681.jpg\" alt=\"\" width=\"650\" height=\"432\" srcset=\"https:\/\/sites.ipleiria.pt\/maiocriativo\/files\/2018\/05\/DSC04671-1024x681.jpg 1024w, https:\/\/sites.ipleiria.pt\/maiocriativo\/files\/2018\/05\/DSC04671-300x200.jpg 300w, https:\/\/sites.ipleiria.pt\/maiocriativo\/files\/2018\/05\/DSC04671-768x511.jpg 768w\" sizes=\"auto, (max-width: 650px) 100vw, 650px\" \/><\/p>\n<p><img loading=\"lazy\" decoding=\"async\" class=\"size-full wp-image-180 alignleft\" src=\"http:\/\/sites.ipleiria.pt\/maiocriativo\/files\/2018\/05\/Untitled-1-1.jpg\" alt=\"\" width=\"2651\" height=\"2709\" srcset=\"https:\/\/sites.ipleiria.pt\/maiocriativo\/files\/2018\/05\/Untitled-1-1.jpg 2651w, https:\/\/sites.ipleiria.pt\/maiocriativo\/files\/2018\/05\/Untitled-1-1-294x300.jpg 294w, https:\/\/sites.ipleiria.pt\/maiocriativo\/files\/2018\/05\/Untitled-1-1-768x785.jpg 768w, https:\/\/sites.ipleiria.pt\/maiocriativo\/files\/2018\/05\/Untitled-1-1-1002x1024.jpg 1002w\" sizes=\"auto, (max-width: 2651px) 100vw, 2651px\" \/><span style=\"color: #191919;font-family: Calibri;font-size: small\">\u00a9 Catarina Varanda &#8211;\u00a0Centro de Recursos Multim\u00e9dia <\/span><strong><span style=\"color: #191919;font-family: Calibri;font-size: small\"><br \/>\n<\/span><\/strong><\/p>\n<p>&nbsp;<\/p>\n<p><em><strong>Visita guiada ao MCCB &#8211;\u00a0Museu\u00a0da Comunidade Concelhia da Batalha<\/strong><\/em><\/p>\n<p>Visita dinamizada por Ana Moderno &#8211; Mestre em Interven\u00e7\u00e3o e Anima\u00e7\u00e3o Art\u00edsticas<\/p>\n<p><img loading=\"lazy\" decoding=\"async\" class=\"aligncenter size-full wp-image-200\" src=\"http:\/\/sites.ipleiria.pt\/maiocriativo\/files\/2018\/05\/Untitled-1-2.jpg\" alt=\"\" width=\"1002\" height=\"1417\" srcset=\"https:\/\/sites.ipleiria.pt\/maiocriativo\/files\/2018\/05\/Untitled-1-2.jpg 1002w, https:\/\/sites.ipleiria.pt\/maiocriativo\/files\/2018\/05\/Untitled-1-2-212x300.jpg 212w, https:\/\/sites.ipleiria.pt\/maiocriativo\/files\/2018\/05\/Untitled-1-2-768x1086.jpg 768w, https:\/\/sites.ipleiria.pt\/maiocriativo\/files\/2018\/05\/Untitled-1-2-724x1024.jpg 724w\" sizes=\"auto, (max-width: 1002px) 100vw, 1002px\" \/><span style=\"color: #191919;font-family: Calibri;font-size: small\">\u00a9 Cristiana Confraria &#8211; Estudante do Mestrado de Interven\u00e7\u00e3o e Anima\u00e7\u00e3o Art\u00edsticas<br \/>\n<\/span><\/p>\n<p>&nbsp;<\/p>\n<p>&nbsp;<\/p>\n<p>&nbsp;<\/p>\n<p>&nbsp;<\/p>\n<p>&nbsp;<\/p>\n<p>&nbsp;<\/p>\n<p>&nbsp;<\/p>\n<p>&nbsp;<\/p>\n<p>&nbsp;<\/p>\n<p>&nbsp;<\/p>\n<p>&nbsp;<\/p>\n<p>&nbsp;<\/p>\n<p>&nbsp;<\/p>\n<p>&nbsp;<\/p>\n<p>&nbsp;<\/p>\n<p>&nbsp;<\/p>\n<p>&nbsp;<\/p>\n<p>SaveSave<\/p>\n","protected":false},"excerpt":{"rendered":"<p>Light Painting Dinamizado por Ant\u00f3nio Palmeira &#8211; Instituto Portugu\u00eas do Desporto e da Juventude \u00a9 Catarina Varanda &#8211;\u00a0Centro de Recursos Multim\u00e9dia &nbsp; Visita guiada ao MCCB &#8211;\u00a0Museu\u00a0da Comunidade Concelhia da Batalha Visita dinamizada por Ana Moderno &#8211; Mestre em Interven\u00e7\u00e3o&hellip;  <\/p>\n<p class=\"more-link\"><a href=\"https:\/\/sites.ipleiria.pt\/maiocriativo\/9-maio\/\">Continue reading <span class=\"meta-nav\">&rarr;<\/span><\/a><\/p>\n","protected":false},"author":2694,"featured_media":0,"parent":0,"menu_order":0,"comment_status":"closed","ping_status":"closed","template":"full-width-page.php","meta":{"footnotes":""},"class_list":["post-167","page","type-page","status-publish","hentry"],"_links":{"self":[{"href":"https:\/\/sites.ipleiria.pt\/maiocriativo\/wp-json\/wp\/v2\/pages\/167","targetHints":{"allow":["GET"]}}],"collection":[{"href":"https:\/\/sites.ipleiria.pt\/maiocriativo\/wp-json\/wp\/v2\/pages"}],"about":[{"href":"https:\/\/sites.ipleiria.pt\/maiocriativo\/wp-json\/wp\/v2\/types\/page"}],"author":[{"embeddable":true,"href":"https:\/\/sites.ipleiria.pt\/maiocriativo\/wp-json\/wp\/v2\/users\/2694"}],"replies":[{"embeddable":true,"href":"https:\/\/sites.ipleiria.pt\/maiocriativo\/wp-json\/wp\/v2\/comments?post=167"}],"version-history":[{"count":13,"href":"https:\/\/sites.ipleiria.pt\/maiocriativo\/wp-json\/wp\/v2\/pages\/167\/revisions"}],"predecessor-version":[{"id":352,"href":"https:\/\/sites.ipleiria.pt\/maiocriativo\/wp-json\/wp\/v2\/pages\/167\/revisions\/352"}],"wp:attachment":[{"href":"https:\/\/sites.ipleiria.pt\/maiocriativo\/wp-json\/wp\/v2\/media?parent=167"}],"curies":[{"name":"wp","href":"https:\/\/api.w.org\/{rel}","templated":true}]}}