{"id":313,"date":"2018-05-24T15:32:12","date_gmt":"2018-05-24T15:32:12","guid":{"rendered":"http:\/\/sites.ipleiria.pt\/maiocriativo\/?page_id=313"},"modified":"2019-04-24T22:18:10","modified_gmt":"2019-04-24T22:18:10","slug":"organizacao","status":"publish","type":"page","link":"https:\/\/sites.ipleiria.pt\/maiocriativo\/organizacao\/","title":{"rendered":"Organiza\u00e7\u00e3o"},"content":{"rendered":"<p><strong>Organiza\u00e7\u00e3o<\/strong><\/p>\n<p>Docentes e estudantes do Mestrado em Interven\u00e7\u00e3o e Anima\u00e7\u00e3o Art\u00edsticas<a href=\"https:\/\/www.ipleiria.pt\/esecs\/\"><img loading=\"lazy\" decoding=\"async\" class=\"wp-image-462 aligncenter\" src=\"http:\/\/sites.ipleiria.pt\/maiocriativo\/files\/2019\/01\/esecs_h-01-1024x283.png\" alt=\"\" width=\"407\" height=\"112\" srcset=\"https:\/\/sites.ipleiria.pt\/maiocriativo\/files\/2019\/01\/esecs_h-01-1024x283.png 1024w, https:\/\/sites.ipleiria.pt\/maiocriativo\/files\/2019\/01\/esecs_h-01-300x83.png 300w, https:\/\/sites.ipleiria.pt\/maiocriativo\/files\/2019\/01\/esecs_h-01-768x212.png 768w\" sizes=\"auto, (max-width: 407px) 100vw, 407px\" \/><\/a><a href=\"http:\/\/cics.nova.ipleiria.pt\/pt\/\"><img loading=\"lazy\" decoding=\"async\" class=\"aligncenter size-full wp-image-436\" src=\"http:\/\/sites.ipleiria.pt\/maiocriativo\/files\/2019\/01\/Untitled.png\" alt=\"\" width=\"975\" height=\"149\" srcset=\"https:\/\/sites.ipleiria.pt\/maiocriativo\/files\/2019\/01\/Untitled.png 975w, https:\/\/sites.ipleiria.pt\/maiocriativo\/files\/2019\/01\/Untitled-300x46.png 300w, https:\/\/sites.ipleiria.pt\/maiocriativo\/files\/2019\/01\/Untitled-768x117.png 768w\" sizes=\"auto, (max-width: 975px) 100vw, 975px\" \/><\/a><\/p>\n<p><img loading=\"lazy\" decoding=\"async\" class=\"wp-image-494 aligncenter\" src=\"http:\/\/sites.ipleiria.pt\/maiocriativo\/files\/2019\/03\/logotipo-300x116.png\" alt=\"\" width=\"178\" height=\"69\" srcset=\"https:\/\/sites.ipleiria.pt\/maiocriativo\/files\/2019\/03\/logotipo-300x116.png 300w, https:\/\/sites.ipleiria.pt\/maiocriativo\/files\/2019\/03\/logotipo-768x298.png 768w, https:\/\/sites.ipleiria.pt\/maiocriativo\/files\/2019\/03\/logotipo-1024x397.png 1024w\" sizes=\"auto, (max-width: 178px) 100vw, 178px\" \/><\/p>\n<p><strong>Comiss\u00e3o Organizadora <\/strong><\/p>\n<p>Maria de S\u00e3o Pedro Lopes<\/p>\n<p>Jenny Sousa<\/p>\n<p>L\u00facia Magueta<\/p>\n<p>Maria Kowalski<\/p>\n<p>.<\/p>\n<p><strong>Colaboradores na Organiza\u00e7\u00e3o<\/strong><\/p>\n<p>Andrzej Kowalski<\/p>\n<p>Albertina Fortunato<\/p>\n<p>Ana Margarida Carreira<\/p>\n<p>Clara Le\u00e3o<\/p>\n<p>Sandrine Milhano<\/p>\n<p>Ana Fontes<\/p>\n<p>Miguel Mesquita<\/p>\n<p>Adelaide Ferreira<\/p>\n<p>Catarina Varanda<\/p>\n<p>Rui Lobo<\/p>\n\n\n<p style=\"font-size:11px\"><\/p>\n\n\n\n<p style=\"font-size:11px\">.<\/p>\n\n\n\n<p style=\"font-size:11px\">Logotipo do evento: Sara Pereiro, aluna do 1\u00ba do Mestrado em Anima\u00e7\u00e3o e Interven\u00e7\u00e3o Art\u00edsticas<\/p>\n","protected":false},"excerpt":{"rendered":"<p>Organiza\u00e7\u00e3o Docentes e estudantes do Mestrado em Interven\u00e7\u00e3o e Anima\u00e7\u00e3o Art\u00edsticas Comiss\u00e3o Organizadora Maria de S\u00e3o Pedro Lopes Jenny Sousa L\u00facia Magueta Maria Kowalski . Colaboradores na Organiza\u00e7\u00e3o Andrzej Kowalski Albertina Fortunato Ana Margarida Carreira Clara Le\u00e3o Sandrine Milhano Ana&hellip;  <\/p>\n<p class=\"more-link\"><a href=\"https:\/\/sites.ipleiria.pt\/maiocriativo\/organizacao\/\">Continue reading <span class=\"meta-nav\">&rarr;<\/span><\/a><\/p>\n","protected":false},"author":2694,"featured_media":0,"parent":0,"menu_order":0,"comment_status":"closed","ping_status":"closed","template":"","meta":{"footnotes":""},"class_list":["post-313","page","type-page","status-publish","hentry"],"_links":{"self":[{"href":"https:\/\/sites.ipleiria.pt\/maiocriativo\/wp-json\/wp\/v2\/pages\/313","targetHints":{"allow":["GET"]}}],"collection":[{"href":"https:\/\/sites.ipleiria.pt\/maiocriativo\/wp-json\/wp\/v2\/pages"}],"about":[{"href":"https:\/\/sites.ipleiria.pt\/maiocriativo\/wp-json\/wp\/v2\/types\/page"}],"author":[{"embeddable":true,"href":"https:\/\/sites.ipleiria.pt\/maiocriativo\/wp-json\/wp\/v2\/users\/2694"}],"replies":[{"embeddable":true,"href":"https:\/\/sites.ipleiria.pt\/maiocriativo\/wp-json\/wp\/v2\/comments?post=313"}],"version-history":[{"count":30,"href":"https:\/\/sites.ipleiria.pt\/maiocriativo\/wp-json\/wp\/v2\/pages\/313\/revisions"}],"predecessor-version":[{"id":537,"href":"https:\/\/sites.ipleiria.pt\/maiocriativo\/wp-json\/wp\/v2\/pages\/313\/revisions\/537"}],"wp:attachment":[{"href":"https:\/\/sites.ipleiria.pt\/maiocriativo\/wp-json\/wp\/v2\/media?parent=313"}],"curies":[{"name":"wp","href":"https:\/\/api.w.org\/{rel}","templated":true}]}}