{"id":366,"date":"2018-05-29T10:56:13","date_gmt":"2018-05-29T10:56:13","guid":{"rendered":"http:\/\/sites.ipleiria.pt\/maiocriativo\/?page_id=366"},"modified":"2018-06-01T13:45:07","modified_gmt":"2018-06-01T13:45:07","slug":"28-maio","status":"publish","type":"page","link":"https:\/\/sites.ipleiria.pt\/maiocriativo\/28-maio\/","title":{"rendered":"28 maio"},"content":{"rendered":"<p><em><strong>M\u00fasica: Ritmo Criativo<\/strong><\/em><\/p>\n<p>Dinamizado pelos estudantes do TeSP Interven\u00e7\u00e3o Sociocultural e Desportiva<\/p>\n<h6><img loading=\"lazy\" decoding=\"async\" class=\"alignleft size-full wp-image-373\" src=\"http:\/\/sites.ipleiria.pt\/maiocriativo\/files\/2018\/05\/DSC_0001.jpg\" alt=\"\" width=\"4288\" height=\"2848\" srcset=\"https:\/\/sites.ipleiria.pt\/maiocriativo\/files\/2018\/05\/DSC_0001.jpg 4288w, https:\/\/sites.ipleiria.pt\/maiocriativo\/files\/2018\/05\/DSC_0001-300x199.jpg 300w, https:\/\/sites.ipleiria.pt\/maiocriativo\/files\/2018\/05\/DSC_0001-768x510.jpg 768w, https:\/\/sites.ipleiria.pt\/maiocriativo\/files\/2018\/05\/DSC_0001-1024x680.jpg 1024w\" sizes=\"auto, (max-width: 4288px) 100vw, 4288px\" \/>\u00a9 Catarina Varanda \u2013 Centro de Recursos Multim\u00e9dia<\/h6>\n<p>&nbsp;<\/p>\n<p><em><strong>Confer\u00eancia Cultura, Redes e Pol\u00edtica<\/strong><\/em><\/p>\n<p class=\"yiv9523253145msonormal\"><u>Dinamizadores:<\/u><\/p>\n<p class=\"yiv9523253145msonormal\">Manuel Gama e Fernanda Pinheiro<\/p>\n<p class=\"yiv9523253145msonormal\"><u>Convidados<\/u>:<\/p>\n<p class=\"yiv9523253145msonormal\">Guilherme Garrido &#8211; <strong>Festival\u00a0<i>A Porta<\/i><\/strong>\u00a0&#8211;\u00a0Leiria<\/p>\n<p class=\"yiv9523253145msonormal\">Enne Marx &#8211; Palha\u00e7a\u00a0\u2013<strong> Rede de Palha\u00e7as<\/strong><i>\u00a0&#8211;\u00a0<\/i>Brasil<\/p>\n<p class=\"yiv9523253145msonormal\">Jo\u00e3o Naz\u00e1rio \u2013 <strong>Jornal de Leiria e Livraria Arquivo<\/strong>\u00a0&#8211; Leiria<\/p>\n<p class=\"yiv9523253145msonormal\">Jos\u00e9 Gil &#8211;\u00a0<strong><i>S.A. Marionetas<\/i><\/strong>\u00a0&#8211; Alcoba\u00e7a<\/p>\n<h6><img loading=\"lazy\" decoding=\"async\" class=\"alignleft size-full wp-image-375\" src=\"http:\/\/sites.ipleiria.pt\/maiocriativo\/files\/2018\/05\/DSC_0015.jpg\" alt=\"\" width=\"4288\" height=\"2848\" srcset=\"https:\/\/sites.ipleiria.pt\/maiocriativo\/files\/2018\/05\/DSC_0015.jpg 4288w, https:\/\/sites.ipleiria.pt\/maiocriativo\/files\/2018\/05\/DSC_0015-300x199.jpg 300w, https:\/\/sites.ipleiria.pt\/maiocriativo\/files\/2018\/05\/DSC_0015-768x510.jpg 768w, https:\/\/sites.ipleiria.pt\/maiocriativo\/files\/2018\/05\/DSC_0015-1024x680.jpg 1024w\" sizes=\"auto, (max-width: 4288px) 100vw, 4288px\" \/> <img loading=\"lazy\" decoding=\"async\" class=\"alignleft size-full wp-image-376\" src=\"http:\/\/sites.ipleiria.pt\/maiocriativo\/files\/2018\/05\/DSC_0020.jpg\" alt=\"\" width=\"4288\" height=\"2848\" srcset=\"https:\/\/sites.ipleiria.pt\/maiocriativo\/files\/2018\/05\/DSC_0020.jpg 4288w, https:\/\/sites.ipleiria.pt\/maiocriativo\/files\/2018\/05\/DSC_0020-300x199.jpg 300w, https:\/\/sites.ipleiria.pt\/maiocriativo\/files\/2018\/05\/DSC_0020-768x510.jpg 768w, https:\/\/sites.ipleiria.pt\/maiocriativo\/files\/2018\/05\/DSC_0020-1024x680.jpg 1024w\" sizes=\"auto, (max-width: 4288px) 100vw, 4288px\" \/>\u00a9 Catarina Varanda \u2013 Centro de Recursos Multim\u00e9dia<\/h6>\n<p>&nbsp;<\/p>\n<p><strong>S\u00f3 Mulher<\/strong><\/p>\n<p>Dinamizada pelas estudantes do Mestrado de Interven\u00e7\u00e3o e Anima\u00e7\u00e3o Art\u00edsticas<img loading=\"lazy\" decoding=\"async\" class=\"alignleft size-full wp-image-367\" src=\"http:\/\/sites.ipleiria.pt\/maiocriativo\/files\/2018\/05\/111.jpg\" alt=\"\" width=\"3450\" height=\"5227\" srcset=\"https:\/\/sites.ipleiria.pt\/maiocriativo\/files\/2018\/05\/111.jpg 3450w, https:\/\/sites.ipleiria.pt\/maiocriativo\/files\/2018\/05\/111-198x300.jpg 198w, https:\/\/sites.ipleiria.pt\/maiocriativo\/files\/2018\/05\/111-768x1164.jpg 768w, https:\/\/sites.ipleiria.pt\/maiocriativo\/files\/2018\/05\/111-676x1024.jpg 676w\" sizes=\"auto, (max-width: 3450px) 100vw, 3450px\" \/> <img loading=\"lazy\" decoding=\"async\" class=\"alignleft size-full wp-image-368\" src=\"http:\/\/sites.ipleiria.pt\/maiocriativo\/files\/2018\/05\/222.jpg\" alt=\"\" width=\"3450\" height=\"5227\" srcset=\"https:\/\/sites.ipleiria.pt\/maiocriativo\/files\/2018\/05\/222.jpg 3450w, https:\/\/sites.ipleiria.pt\/maiocriativo\/files\/2018\/05\/222-198x300.jpg 198w, https:\/\/sites.ipleiria.pt\/maiocriativo\/files\/2018\/05\/222-768x1164.jpg 768w, https:\/\/sites.ipleiria.pt\/maiocriativo\/files\/2018\/05\/222-676x1024.jpg 676w\" sizes=\"auto, (max-width: 3450px) 100vw, 3450px\" \/><\/p>\n<h6><span style=\"line-height: 1.5\">\u00a9 Maria Kowalski &#8211; docente MIAA<\/span><\/h6>\n<p>&nbsp;<\/p>\n<p>&nbsp;<\/p>\n<p>&nbsp;<\/p>\n<p>&nbsp;<\/p>\n<p>&nbsp;<\/p>\n<p>&nbsp;<\/p>\n<p>&nbsp;<\/p>\n<p>&nbsp;<\/p>\n<p>&nbsp;<\/p>\n<p>&nbsp;<\/p>\n<p>&nbsp;<\/p>\n<p>&nbsp;<\/p>\n<p>SaveSave<\/p>\n<p><span>Save<\/span><span>Save<\/span><\/p>\n","protected":false},"excerpt":{"rendered":"<p>M\u00fasica: Ritmo Criativo Dinamizado pelos estudantes do TeSP Interven\u00e7\u00e3o Sociocultural e Desportiva \u00a9 Catarina Varanda \u2013 Centro de Recursos Multim\u00e9dia &nbsp; Confer\u00eancia Cultura, Redes e Pol\u00edtica Dinamizadores: Manuel Gama e Fernanda Pinheiro Convidados: Guilherme Garrido &#8211; Festival\u00a0A Porta\u00a0&#8211;\u00a0Leiria Enne Marx&hellip;  <\/p>\n<p class=\"more-link\"><a href=\"https:\/\/sites.ipleiria.pt\/maiocriativo\/28-maio\/\">Continue reading <span class=\"meta-nav\">&rarr;<\/span><\/a><\/p>\n","protected":false},"author":2694,"featured_media":0,"parent":0,"menu_order":0,"comment_status":"closed","ping_status":"closed","template":"full-width-page.php","meta":{"footnotes":""},"class_list":["post-366","page","type-page","status-publish","hentry"],"_links":{"self":[{"href":"https:\/\/sites.ipleiria.pt\/maiocriativo\/wp-json\/wp\/v2\/pages\/366","targetHints":{"allow":["GET"]}}],"collection":[{"href":"https:\/\/sites.ipleiria.pt\/maiocriativo\/wp-json\/wp\/v2\/pages"}],"about":[{"href":"https:\/\/sites.ipleiria.pt\/maiocriativo\/wp-json\/wp\/v2\/types\/page"}],"author":[{"embeddable":true,"href":"https:\/\/sites.ipleiria.pt\/maiocriativo\/wp-json\/wp\/v2\/users\/2694"}],"replies":[{"embeddable":true,"href":"https:\/\/sites.ipleiria.pt\/maiocriativo\/wp-json\/wp\/v2\/comments?post=366"}],"version-history":[{"count":18,"href":"https:\/\/sites.ipleiria.pt\/maiocriativo\/wp-json\/wp\/v2\/pages\/366\/revisions"}],"predecessor-version":[{"id":394,"href":"https:\/\/sites.ipleiria.pt\/maiocriativo\/wp-json\/wp\/v2\/pages\/366\/revisions\/394"}],"wp:attachment":[{"href":"https:\/\/sites.ipleiria.pt\/maiocriativo\/wp-json\/wp\/v2\/media?parent=366"}],"curies":[{"name":"wp","href":"https:\/\/api.w.org\/{rel}","templated":true}]}}