{"id":559,"date":"2019-05-01T15:49:13","date_gmt":"2019-05-01T15:49:13","guid":{"rendered":"http:\/\/sites.ipleiria.pt\/maiocriativo\/?page_id=559"},"modified":"2019-05-01T15:52:17","modified_gmt":"2019-05-01T15:52:17","slug":"2019-6","status":"publish","type":"page","link":"https:\/\/sites.ipleiria.pt\/maiocriativo\/2019-6\/","title":{"rendered":"2019"},"content":{"rendered":"\n<table class=\"wp-block-table\"><tbody><tr><td><strong>dia<\/strong><\/td><td><strong>hora<\/strong><\/td><td><strong>atividades<\/strong><\/td><\/tr><tr><td> 08<br>(8\u00aafeira) <\/td><td>18:30 &#8211; 20:30<\/td><td><strong><em>Photovoice <\/em>em contextos de interven\u00e7\u00e3o<\/strong><br><strong>Convidada:<\/strong> Rosalinda Chaves<br><span style=\"font-weight: 600\">P\u00fablico: <\/span>Estudantes e docentes<br><strong>Sala: <\/strong>1.36<br><em>Entrada livre<\/em><\/td><\/tr><tr><td>15<br>(4\u00aafeira)<\/td><td>18:30 &#8211; 20:30<\/td><td><strong>Teatro em contexto de LIJ<\/strong><br><strong>Convidada:<\/strong> Joana Vieira<br><strong>Sala: <\/strong>1.36<br><strong>P\u00fablico: <\/strong>Estudantes e docentes<br><em>Entrada livre<\/em><br><\/td><\/tr><tr><td>21<br>(3\u00aafeira)<\/td><td>18:30 \u2013 20:30<\/td><td><strong>Partilha dos trabalhos de investiga\u00e7\u00e3o em curso dos estudantes do MIAA<\/strong><br><strong>Dinamiza\u00e7\u00e3o:<\/strong> Estudantes do 2\u00ba ano do Mestrado em Interven\u00e7\u00e3o e Anima\u00e7\u00e3o Art\u00edsticas<br><strong>P\u00fablico: <\/strong>Estudantes do 1\u00ba e 2\u00ba ano do MIAA<br><strong>Sala: <\/strong>CTC<br><\/td><\/tr><\/tbody><\/table>\n","protected":false},"excerpt":{"rendered":"<p>dia hora atividades 08(8\u00aafeira) 18:30 &#8211; 20:30 Photovoice em contextos de interven\u00e7\u00e3oConvidada: Rosalinda ChavesP\u00fablico: Estudantes e docentesSala: 1.36Entrada livre 15(4\u00aafeira) 18:30 &#8211; 20:30 Teatro em contexto de LIJConvidada: Joana VieiraSala: 1.36P\u00fablico: Estudantes e docentesEntrada livre 21(3\u00aafeira) 18:30 \u2013 20:30 Partilha&hellip;  <\/p>\n<p class=\"more-link\"><a href=\"https:\/\/sites.ipleiria.pt\/maiocriativo\/2019-6\/\">Continue reading <span class=\"meta-nav\">&rarr;<\/span><\/a><\/p>\n","protected":false},"author":2694,"featured_media":0,"parent":0,"menu_order":0,"comment_status":"closed","ping_status":"closed","template":"full-width-page.php","meta":{"footnotes":""},"class_list":["post-559","page","type-page","status-publish","hentry"],"_links":{"self":[{"href":"https:\/\/sites.ipleiria.pt\/maiocriativo\/wp-json\/wp\/v2\/pages\/559","targetHints":{"allow":["GET"]}}],"collection":[{"href":"https:\/\/sites.ipleiria.pt\/maiocriativo\/wp-json\/wp\/v2\/pages"}],"about":[{"href":"https:\/\/sites.ipleiria.pt\/maiocriativo\/wp-json\/wp\/v2\/types\/page"}],"author":[{"embeddable":true,"href":"https:\/\/sites.ipleiria.pt\/maiocriativo\/wp-json\/wp\/v2\/users\/2694"}],"replies":[{"embeddable":true,"href":"https:\/\/sites.ipleiria.pt\/maiocriativo\/wp-json\/wp\/v2\/comments?post=559"}],"version-history":[{"count":1,"href":"https:\/\/sites.ipleiria.pt\/maiocriativo\/wp-json\/wp\/v2\/pages\/559\/revisions"}],"predecessor-version":[{"id":561,"href":"https:\/\/sites.ipleiria.pt\/maiocriativo\/wp-json\/wp\/v2\/pages\/559\/revisions\/561"}],"wp:attachment":[{"href":"https:\/\/sites.ipleiria.pt\/maiocriativo\/wp-json\/wp\/v2\/media?parent=559"}],"curies":[{"name":"wp","href":"https:\/\/api.w.org\/{rel}","templated":true}]}}