{"id":733,"date":"2019-05-15T15:33:49","date_gmt":"2019-05-15T15:33:49","guid":{"rendered":"http:\/\/sites.ipleiria.pt\/maiocriativo\/?page_id=733"},"modified":"2019-05-16T13:55:29","modified_gmt":"2019-05-16T13:55:29","slug":"15-maio-2","status":"publish","type":"page","link":"https:\/\/sites.ipleiria.pt\/maiocriativo\/15-maio-2\/","title":{"rendered":"15 maio"},"content":{"rendered":"\n<p><strong>Paisagens sonoras<\/strong><br><strong>Dinamiza\u00e7\u00e3o:<\/strong>&nbsp;Sara Pereiro, L\u00e9nia Neves, Ana Pinto e Isabel Ferreira \u2013 Estudantes do 1\u00ba ano Mestrado de Interven\u00e7\u00e3o e Anima\u00e7\u00e3o Art\u00edsticas <\/p>\n\n\n\n<ul class=\"wp-block-gallery columns-2 is-cropped wp-block-gallery-1 is-layout-flex wp-block-gallery-is-layout-flex\"><li class=\"blocks-gallery-item\"><figure><img loading=\"lazy\" decoding=\"async\" width=\"1024\" height=\"683\" src=\"https:\/\/sites.ipleiria.pt\/maiocriativo\/files\/2019\/05\/IMG_6370-1024x683.jpg\" alt=\"\" data-id=\"734\" data-link=\"https:\/\/sites.ipleiria.pt\/maiocriativo\/?attachment_id=734\" class=\"wp-image-734\" srcset=\"https:\/\/sites.ipleiria.pt\/maiocriativo\/files\/2019\/05\/IMG_6370-1024x683.jpg 1024w, https:\/\/sites.ipleiria.pt\/maiocriativo\/files\/2019\/05\/IMG_6370-300x200.jpg 300w, https:\/\/sites.ipleiria.pt\/maiocriativo\/files\/2019\/05\/IMG_6370-768x512.jpg 768w\" sizes=\"auto, (max-width: 1024px) 100vw, 1024px\" \/><\/figure><\/li><li class=\"blocks-gallery-item\"><figure><img loading=\"lazy\" decoding=\"async\" width=\"1024\" height=\"683\" src=\"https:\/\/sites.ipleiria.pt\/maiocriativo\/files\/2019\/05\/IMG_6372-1024x683.jpg\" alt=\"\" data-id=\"735\" data-link=\"https:\/\/sites.ipleiria.pt\/maiocriativo\/?attachment_id=735\" class=\"wp-image-735\" srcset=\"https:\/\/sites.ipleiria.pt\/maiocriativo\/files\/2019\/05\/IMG_6372-1024x683.jpg 1024w, https:\/\/sites.ipleiria.pt\/maiocriativo\/files\/2019\/05\/IMG_6372-300x200.jpg 300w, https:\/\/sites.ipleiria.pt\/maiocriativo\/files\/2019\/05\/IMG_6372-768x512.jpg 768w\" sizes=\"auto, (max-width: 1024px) 100vw, 1024px\" \/><\/figure><\/li><li class=\"blocks-gallery-item\"><figure><img loading=\"lazy\" decoding=\"async\" width=\"1024\" height=\"683\" src=\"https:\/\/sites.ipleiria.pt\/maiocriativo\/files\/2019\/05\/IMG_6373-1024x683.jpg\" alt=\"\" data-id=\"736\" data-link=\"https:\/\/sites.ipleiria.pt\/maiocriativo\/?attachment_id=736\" class=\"wp-image-736\" srcset=\"https:\/\/sites.ipleiria.pt\/maiocriativo\/files\/2019\/05\/IMG_6373-1024x683.jpg 1024w, https:\/\/sites.ipleiria.pt\/maiocriativo\/files\/2019\/05\/IMG_6373-300x200.jpg 300w, https:\/\/sites.ipleiria.pt\/maiocriativo\/files\/2019\/05\/IMG_6373-768x512.jpg 768w\" sizes=\"auto, (max-width: 1024px) 100vw, 1024px\" \/><\/figure><\/li><li class=\"blocks-gallery-item\"><figure><img loading=\"lazy\" decoding=\"async\" width=\"683\" height=\"1024\" src=\"https:\/\/sites.ipleiria.pt\/maiocriativo\/files\/2019\/05\/IMG_6374-683x1024.jpg\" alt=\"\" data-id=\"737\" data-link=\"https:\/\/sites.ipleiria.pt\/maiocriativo\/?attachment_id=737\" class=\"wp-image-737\" srcset=\"https:\/\/sites.ipleiria.pt\/maiocriativo\/files\/2019\/05\/IMG_6374-683x1024.jpg 683w, https:\/\/sites.ipleiria.pt\/maiocriativo\/files\/2019\/05\/IMG_6374-200x300.jpg 200w, https:\/\/sites.ipleiria.pt\/maiocriativo\/files\/2019\/05\/IMG_6374-768x1152.jpg 768w\" sizes=\"auto, (max-width: 683px) 100vw, 683px\" \/><\/figure><\/li><li class=\"blocks-gallery-item\"><figure><img loading=\"lazy\" decoding=\"async\" width=\"1024\" height=\"683\" src=\"https:\/\/sites.ipleiria.pt\/maiocriativo\/files\/2019\/05\/IMG_6375-1024x683.jpg\" alt=\"\" data-id=\"738\" data-link=\"https:\/\/sites.ipleiria.pt\/maiocriativo\/?attachment_id=738\" class=\"wp-image-738\" srcset=\"https:\/\/sites.ipleiria.pt\/maiocriativo\/files\/2019\/05\/IMG_6375-1024x683.jpg 1024w, https:\/\/sites.ipleiria.pt\/maiocriativo\/files\/2019\/05\/IMG_6375-300x200.jpg 300w, https:\/\/sites.ipleiria.pt\/maiocriativo\/files\/2019\/05\/IMG_6375-768x512.jpg 768w\" sizes=\"auto, (max-width: 1024px) 100vw, 1024px\" \/><\/figure><\/li><li class=\"blocks-gallery-item\"><figure><img loading=\"lazy\" decoding=\"async\" width=\"1024\" height=\"683\" src=\"https:\/\/sites.ipleiria.pt\/maiocriativo\/files\/2019\/05\/IMG_6378-1024x683.jpg\" alt=\"\" data-id=\"739\" data-link=\"https:\/\/sites.ipleiria.pt\/maiocriativo\/?attachment_id=739\" class=\"wp-image-739\" srcset=\"https:\/\/sites.ipleiria.pt\/maiocriativo\/files\/2019\/05\/IMG_6378-1024x683.jpg 1024w, https:\/\/sites.ipleiria.pt\/maiocriativo\/files\/2019\/05\/IMG_6378-300x200.jpg 300w, https:\/\/sites.ipleiria.pt\/maiocriativo\/files\/2019\/05\/IMG_6378-768x512.jpg 768w\" sizes=\"auto, (max-width: 1024px) 100vw, 1024px\" \/><\/figure><\/li><li class=\"blocks-gallery-item\"><figure><img loading=\"lazy\" decoding=\"async\" width=\"1024\" height=\"683\" src=\"https:\/\/sites.ipleiria.pt\/maiocriativo\/files\/2019\/05\/IMG_6379-1024x683.jpg\" alt=\"\" data-id=\"740\" data-link=\"https:\/\/sites.ipleiria.pt\/maiocriativo\/?attachment_id=740\" class=\"wp-image-740\" srcset=\"https:\/\/sites.ipleiria.pt\/maiocriativo\/files\/2019\/05\/IMG_6379-1024x683.jpg 1024w, https:\/\/sites.ipleiria.pt\/maiocriativo\/files\/2019\/05\/IMG_6379-300x200.jpg 300w, https:\/\/sites.ipleiria.pt\/maiocriativo\/files\/2019\/05\/IMG_6379-768x512.jpg 768w\" sizes=\"auto, (max-width: 1024px) 100vw, 1024px\" \/><\/figure><\/li><li class=\"blocks-gallery-item\"><figure><img loading=\"lazy\" decoding=\"async\" width=\"1024\" height=\"683\" src=\"https:\/\/sites.ipleiria.pt\/maiocriativo\/files\/2019\/05\/IMG_6380-1024x683.jpg\" alt=\"\" data-id=\"741\" data-link=\"https:\/\/sites.ipleiria.pt\/maiocriativo\/?attachment_id=741\" class=\"wp-image-741\" srcset=\"https:\/\/sites.ipleiria.pt\/maiocriativo\/files\/2019\/05\/IMG_6380-1024x683.jpg 1024w, https:\/\/sites.ipleiria.pt\/maiocriativo\/files\/2019\/05\/IMG_6380-300x200.jpg 300w, https:\/\/sites.ipleiria.pt\/maiocriativo\/files\/2019\/05\/IMG_6380-768x512.jpg 768w\" sizes=\"auto, (max-width: 1024px) 100vw, 1024px\" \/><\/figure><\/li><li class=\"blocks-gallery-item\"><figure><img loading=\"lazy\" decoding=\"async\" width=\"1024\" height=\"683\" src=\"https:\/\/sites.ipleiria.pt\/maiocriativo\/files\/2019\/05\/IMG_6381-1024x683.jpg\" alt=\"\" data-id=\"742\" data-link=\"https:\/\/sites.ipleiria.pt\/maiocriativo\/?attachment_id=742\" class=\"wp-image-742\" srcset=\"https:\/\/sites.ipleiria.pt\/maiocriativo\/files\/2019\/05\/IMG_6381-1024x683.jpg 1024w, https:\/\/sites.ipleiria.pt\/maiocriativo\/files\/2019\/05\/IMG_6381-300x200.jpg 300w, https:\/\/sites.ipleiria.pt\/maiocriativo\/files\/2019\/05\/IMG_6381-768x512.jpg 768w\" sizes=\"auto, (max-width: 1024px) 100vw, 1024px\" \/><\/figure><\/li><li class=\"blocks-gallery-item\"><figure><img loading=\"lazy\" decoding=\"async\" width=\"1024\" height=\"683\" src=\"https:\/\/sites.ipleiria.pt\/maiocriativo\/files\/2019\/05\/IMG_6382-1024x683.jpg\" alt=\"\" data-id=\"743\" data-link=\"https:\/\/sites.ipleiria.pt\/maiocriativo\/?attachment_id=743\" class=\"wp-image-743\" srcset=\"https:\/\/sites.ipleiria.pt\/maiocriativo\/files\/2019\/05\/IMG_6382-1024x683.jpg 1024w, https:\/\/sites.ipleiria.pt\/maiocriativo\/files\/2019\/05\/IMG_6382-300x200.jpg 300w, https:\/\/sites.ipleiria.pt\/maiocriativo\/files\/2019\/05\/IMG_6382-768x512.jpg 768w\" sizes=\"auto, (max-width: 1024px) 100vw, 1024px\" \/><\/figure><\/li><li class=\"blocks-gallery-item\"><figure><img loading=\"lazy\" decoding=\"async\" width=\"683\" height=\"1024\" src=\"https:\/\/sites.ipleiria.pt\/maiocriativo\/files\/2019\/05\/IMG_6383-683x1024.jpg\" alt=\"\" data-id=\"744\" data-link=\"https:\/\/sites.ipleiria.pt\/maiocriativo\/?attachment_id=744\" class=\"wp-image-744\" srcset=\"https:\/\/sites.ipleiria.pt\/maiocriativo\/files\/2019\/05\/IMG_6383-683x1024.jpg 683w, https:\/\/sites.ipleiria.pt\/maiocriativo\/files\/2019\/05\/IMG_6383-200x300.jpg 200w, https:\/\/sites.ipleiria.pt\/maiocriativo\/files\/2019\/05\/IMG_6383-768x1152.jpg 768w\" sizes=\"auto, (max-width: 683px) 100vw, 683px\" \/><\/figure><\/li><li class=\"blocks-gallery-item\"><figure><img loading=\"lazy\" decoding=\"async\" width=\"1024\" height=\"683\" src=\"https:\/\/sites.ipleiria.pt\/maiocriativo\/files\/2019\/05\/IMG_6384-1024x683.jpg\" alt=\"\" data-id=\"745\" data-link=\"https:\/\/sites.ipleiria.pt\/maiocriativo\/?attachment_id=745\" class=\"wp-image-745\" srcset=\"https:\/\/sites.ipleiria.pt\/maiocriativo\/files\/2019\/05\/IMG_6384-1024x683.jpg 1024w, https:\/\/sites.ipleiria.pt\/maiocriativo\/files\/2019\/05\/IMG_6384-300x200.jpg 300w, https:\/\/sites.ipleiria.pt\/maiocriativo\/files\/2019\/05\/IMG_6384-768x512.jpg 768w\" sizes=\"auto, (max-width: 1024px) 100vw, 1024px\" \/><\/figure><\/li><li class=\"blocks-gallery-item\"><figure><img loading=\"lazy\" decoding=\"async\" width=\"1024\" height=\"683\" src=\"https:\/\/sites.ipleiria.pt\/maiocriativo\/files\/2019\/05\/IMG_6385-1024x683.jpg\" alt=\"\" data-id=\"746\" data-link=\"https:\/\/sites.ipleiria.pt\/maiocriativo\/?attachment_id=746\" class=\"wp-image-746\" srcset=\"https:\/\/sites.ipleiria.pt\/maiocriativo\/files\/2019\/05\/IMG_6385-1024x683.jpg 1024w, https:\/\/sites.ipleiria.pt\/maiocriativo\/files\/2019\/05\/IMG_6385-300x200.jpg 300w, https:\/\/sites.ipleiria.pt\/maiocriativo\/files\/2019\/05\/IMG_6385-768x512.jpg 768w\" sizes=\"auto, (max-width: 1024px) 100vw, 1024px\" \/><\/figure><\/li><\/ul>\n\n\n\n<pre class=\"wp-block-preformatted\">\u00a9 Catarina Varanda \u2013 Centro de Recursos Multim\u00e9dia <br><br><\/pre>\n\n\n\n<div style=\"height:100px\" aria-hidden=\"true\" class=\"wp-block-spacer\"><\/div>\n\n\n\n<p><strong>Aula Aberta: <em>Teatro em contexto de LIJ<\/em><\/strong><br><strong>Convidada:<\/strong>\u00a0Joana Vieira<br><\/p>\n\n\n\n<ul class=\"wp-block-gallery columns-2 wp-block-gallery-2 is-layout-flex wp-block-gallery-is-layout-flex\"><li class=\"blocks-gallery-item\"><figure><img loading=\"lazy\" decoding=\"async\" width=\"1024\" height=\"680\" src=\"https:\/\/sites.ipleiria.pt\/maiocriativo\/files\/2019\/05\/DSC_0001-2-1024x680.jpg\" alt=\"\" data-id=\"751\" data-link=\"https:\/\/sites.ipleiria.pt\/maiocriativo\/15-maio-2\/dsc_0001-4\/\" class=\"wp-image-751\" srcset=\"https:\/\/sites.ipleiria.pt\/maiocriativo\/files\/2019\/05\/DSC_0001-2-1024x680.jpg 1024w, https:\/\/sites.ipleiria.pt\/maiocriativo\/files\/2019\/05\/DSC_0001-2-300x199.jpg 300w, https:\/\/sites.ipleiria.pt\/maiocriativo\/files\/2019\/05\/DSC_0001-2-768x510.jpg 768w\" sizes=\"auto, (max-width: 1024px) 100vw, 1024px\" \/><\/figure><\/li><li class=\"blocks-gallery-item\"><figure><img loading=\"lazy\" decoding=\"async\" width=\"1024\" height=\"680\" src=\"https:\/\/sites.ipleiria.pt\/maiocriativo\/files\/2019\/05\/DSC_0002-1024x680.jpg\" alt=\"\" data-id=\"752\" data-link=\"https:\/\/sites.ipleiria.pt\/maiocriativo\/15-maio-2\/dsc_0002\/\" class=\"wp-image-752\" srcset=\"https:\/\/sites.ipleiria.pt\/maiocriativo\/files\/2019\/05\/DSC_0002-1024x680.jpg 1024w, https:\/\/sites.ipleiria.pt\/maiocriativo\/files\/2019\/05\/DSC_0002-300x199.jpg 300w, https:\/\/sites.ipleiria.pt\/maiocriativo\/files\/2019\/05\/DSC_0002-768x510.jpg 768w\" sizes=\"auto, (max-width: 1024px) 100vw, 1024px\" \/><\/figure><\/li><li class=\"blocks-gallery-item\"><figure><img loading=\"lazy\" decoding=\"async\" width=\"1024\" height=\"680\" src=\"https:\/\/sites.ipleiria.pt\/maiocriativo\/files\/2019\/05\/DSC_0003-2-1024x680.jpg\" alt=\"\" data-id=\"753\" data-link=\"https:\/\/sites.ipleiria.pt\/maiocriativo\/15-maio-2\/dsc_0003-4\/\" class=\"wp-image-753\" srcset=\"https:\/\/sites.ipleiria.pt\/maiocriativo\/files\/2019\/05\/DSC_0003-2-1024x680.jpg 1024w, https:\/\/sites.ipleiria.pt\/maiocriativo\/files\/2019\/05\/DSC_0003-2-300x199.jpg 300w, https:\/\/sites.ipleiria.pt\/maiocriativo\/files\/2019\/05\/DSC_0003-2-768x510.jpg 768w\" sizes=\"auto, (max-width: 1024px) 100vw, 1024px\" \/><\/figure><\/li><\/ul>\n\n\n\n<pre class=\"wp-block-preformatted\">\u00a9 Catarina Varanda \u2013 Centro de Recursos Multim\u00e9dia <br><br><\/pre>\n","protected":false},"excerpt":{"rendered":"<p>Paisagens sonorasDinamiza\u00e7\u00e3o:&nbsp;Sara Pereiro, L\u00e9nia Neves, Ana Pinto e Isabel Ferreira \u2013 Estudantes do 1\u00ba ano Mestrado de Interven\u00e7\u00e3o e Anima\u00e7\u00e3o Art\u00edsticas \u00a9 Catarina Varanda \u2013 Centro de Recursos Multim\u00e9dia Aula Aberta: Teatro em contexto de LIJConvidada:\u00a0Joana Vieira \u00a9 Catarina Varanda&hellip;  <\/p>\n<p class=\"more-link\"><a href=\"https:\/\/sites.ipleiria.pt\/maiocriativo\/15-maio-2\/\">Continue reading <span class=\"meta-nav\">&rarr;<\/span><\/a><\/p>\n","protected":false},"author":2694,"featured_media":0,"parent":0,"menu_order":0,"comment_status":"closed","ping_status":"closed","template":"full-width-page.php","meta":{"footnotes":""},"class_list":["post-733","page","type-page","status-publish","hentry"],"_links":{"self":[{"href":"https:\/\/sites.ipleiria.pt\/maiocriativo\/wp-json\/wp\/v2\/pages\/733","targetHints":{"allow":["GET"]}}],"collection":[{"href":"https:\/\/sites.ipleiria.pt\/maiocriativo\/wp-json\/wp\/v2\/pages"}],"about":[{"href":"https:\/\/sites.ipleiria.pt\/maiocriativo\/wp-json\/wp\/v2\/types\/page"}],"author":[{"embeddable":true,"href":"https:\/\/sites.ipleiria.pt\/maiocriativo\/wp-json\/wp\/v2\/users\/2694"}],"replies":[{"embeddable":true,"href":"https:\/\/sites.ipleiria.pt\/maiocriativo\/wp-json\/wp\/v2\/comments?post=733"}],"version-history":[{"count":4,"href":"https:\/\/sites.ipleiria.pt\/maiocriativo\/wp-json\/wp\/v2\/pages\/733\/revisions"}],"predecessor-version":[{"id":754,"href":"https:\/\/sites.ipleiria.pt\/maiocriativo\/wp-json\/wp\/v2\/pages\/733\/revisions\/754"}],"wp:attachment":[{"href":"https:\/\/sites.ipleiria.pt\/maiocriativo\/wp-json\/wp\/v2\/media?parent=733"}],"curies":[{"name":"wp","href":"https:\/\/api.w.org\/{rel}","templated":true}]}}