{"id":20,"date":"2021-04-10T15:15:47","date_gmt":"2021-04-10T15:15:47","guid":{"rendered":"http:\/\/sites.ipleiria.pt\/maiocriativo2021\/?page_id=20"},"modified":"2021-05-05T10:46:09","modified_gmt":"2021-05-05T10:46:09","slug":"organizacao","status":"publish","type":"page","link":"https:\/\/sites.ipleiria.pt\/maiocriativo2021\/organizacao\/","title":{"rendered":"Organiza\u00e7\u00e3o e Contactos"},"content":{"rendered":"\n<p><strong>Comiss\u00e3o Organizadora<\/strong><\/p>\n\n\n\n<ul class=\"wp-block-list\"><li>Comiss\u00e3o Cient\u00edfica do Mestrado em Interven\u00e7\u00e3o e Anima\u00e7\u00e3o Art\u00edsticas (MIAA)<\/li><\/ul>\n\n\n\n<ul class=\"wp-block-list\"><li>Estudantes do 1.\u00ba ano do MIAA: <\/li><\/ul>\n\n\n\n<p style=\"line-height:0.5\">Beatriz Silva<\/p>\n\n\n\n<p style=\"line-height:0.5\">Lara Franco<\/p>\n\n\n\n<p style=\"line-height:0.5\">Liliana Pereira<\/p>\n\n\n\n<p class=\"has-normal-font-size\" style=\"line-height:0.5\">Marcelo Marques<\/p>\n\n\n\n<p class=\"has-normal-font-size\" style=\"line-height:0.5\">Margarida Carvalheiro<\/p>\n\n\n\n<p class=\"has-normal-font-size\" style=\"line-height:0.5\">S\u00e9rgio Fernandes<\/p>\n\n\n\n<p class=\"has-normal-font-size\" style=\"line-height:0.5\">Sofia Teixeira<\/p>\n\n\n\n<p style=\"line-height:0.5\"><\/p>\n\n\n\n<p><strong>Colaboradores na Organiza\u00e7\u00e3o<\/strong><\/p>\n\n\n\n<p style=\"line-height:0.5\">Adelaide Ferreira (Gabinete de Rela\u00e7\u00f5es P\u00fablicas e Coopera\u00e7\u00e3o Internacional da ESECS)<\/p>\n\n\n\n<p style=\"line-height:0.5\">Ana Paula Proen\u00e7a <\/p>\n\n\n\n<p>Clara Le\u00e3o<\/p>\n\n\n\n<p style=\"line-height:0.5\">Cristiana Barradas (estudante em Est\u00e1gio no CI&amp;DEI)<\/p>\n\n\n\n<p style=\"line-height:0.5\">Filipa Rodrigues <\/p>\n\n\n\n<p>Lucas Costa (m\u00fasico)<\/p>\n\n\n\n<p style=\"line-height:0.5\">L\u00facia Lopes (Agrupamento de Escolas Marinha Grande Nascente)<\/p>\n\n\n\n<p style=\"line-height:0.5\">Maria Kowalski<\/p>\n\n\n\n<p style=\"line-height:0.5\">Sara Peseiro (autora do log\u00f3tipo)<\/p>\n\n\n\n<p><\/p>\n\n\n\n<h2 class=\"wp-block-heading\">Contactos<\/h2>\n\n\n\n<p><strong>L\u00facia Magueta<\/strong>&nbsp;\u2013 lucia.magueta@ipleiria.pt<\/p>\n\n\n\n<p><strong>Jenny Sousa<\/strong>&nbsp;\u2013 jenny.sousa@ipleiria.pt<\/p>\n\n\n\n<p><strong>Escola Superior de Educa\u00e7\u00e3o e Ci\u00eancias Sociais (Leiria)<\/strong><br>Campus 1 \u2014 Instituto Polit\u00e9cnico de Leiria<br>Rua Dr. Jo\u00e3o Soares<br>Apartado 4045<br>2411-901 Leiria \u2013 Portugal<br>Tel: (+351) 244 829400 \u2022 Fax:(+351) 244 829499<br>E-mail:&nbsp;<a href=\"mailto:esecs@ipleiria.pt\">esecs@ipleiria.pt<\/a><\/p>\n\n\n\n<p><\/p>\n","protected":false},"excerpt":{"rendered":"<p>Comiss\u00e3o Organizadora Comiss\u00e3o Cient\u00edfica do Mestrado em Interven\u00e7\u00e3o e Anima\u00e7\u00e3o Art\u00edsticas (MIAA) Estudantes do 1.\u00ba ano do MIAA: Beatriz Silva Lara Franco Liliana Pereira Marcelo Marques Margarida Carvalheiro S\u00e9rgio Fernandes Sofia Teixeira Colaboradores na Organiza\u00e7\u00e3o Adelaide Ferreira (Gabinete de Rela\u00e7\u00f5es P\u00fablicas e Coopera\u00e7\u00e3o Internacional da ESECS) Ana Paula Proen\u00e7a Clara Le\u00e3o Cristiana Barradas (estudante em &hellip; <\/p>\n<p class=\"link-more\"><a href=\"https:\/\/sites.ipleiria.pt\/maiocriativo2021\/organizacao\/\" class=\"more-link\">Continuar a ler <span class=\"screen-reader-text\">&#8220;Organiza\u00e7\u00e3o e Contactos&#8221;<\/span><\/a><\/p>\n","protected":false},"author":831,"featured_media":0,"parent":0,"menu_order":0,"comment_status":"closed","ping_status":"closed","template":"","meta":{"footnotes":""},"class_list":["post-20","page","type-page","status-publish","hentry"],"_links":{"self":[{"href":"https:\/\/sites.ipleiria.pt\/maiocriativo2021\/wp-json\/wp\/v2\/pages\/20","targetHints":{"allow":["GET"]}}],"collection":[{"href":"https:\/\/sites.ipleiria.pt\/maiocriativo2021\/wp-json\/wp\/v2\/pages"}],"about":[{"href":"https:\/\/sites.ipleiria.pt\/maiocriativo2021\/wp-json\/wp\/v2\/types\/page"}],"author":[{"embeddable":true,"href":"https:\/\/sites.ipleiria.pt\/maiocriativo2021\/wp-json\/wp\/v2\/users\/831"}],"replies":[{"embeddable":true,"href":"https:\/\/sites.ipleiria.pt\/maiocriativo2021\/wp-json\/wp\/v2\/comments?post=20"}],"version-history":[{"count":10,"href":"https:\/\/sites.ipleiria.pt\/maiocriativo2021\/wp-json\/wp\/v2\/pages\/20\/revisions"}],"predecessor-version":[{"id":252,"href":"https:\/\/sites.ipleiria.pt\/maiocriativo2021\/wp-json\/wp\/v2\/pages\/20\/revisions\/252"}],"wp:attachment":[{"href":"https:\/\/sites.ipleiria.pt\/maiocriativo2021\/wp-json\/wp\/v2\/media?parent=20"}],"curies":[{"name":"wp","href":"https:\/\/api.w.org\/{rel}","templated":true}]}}