{"id":2291,"date":"2023-05-01T19:02:50","date_gmt":"2023-05-01T19:02:50","guid":{"rendered":"https:\/\/sites.ipleiria.pt\/maiocriativo2023\/?page_id=2291"},"modified":"2023-05-01T19:34:14","modified_gmt":"2023-05-01T19:34:14","slug":"exposicao-linguagens-em-movimento","status":"publish","type":"page","link":"https:\/\/sites.ipleiria.pt\/maiocriativo2023\/exposicao-linguagens-em-movimento\/","title":{"rendered":"Exposi\u00e7\u00e3o Linguagens em Movimento"},"content":{"rendered":"\n<p>Esta \u00e9 uma exposi\u00e7\u00e3o meta-virtual que expande os trabalhos desenvolvidos na ESECS pelos cursos de Mestrado em Interven\u00e7\u00e3o em Anima\u00e7\u00e3o Art\u00edsticas e Licenciatura em Educa\u00e7\u00e3o B\u00e1sica. <\/p>\n\n\n\n<p class=\"has-text-align-center has-white-color has-cyan-bluish-gray-background-color has-text-color has-background\">\ud83d\udc49 <a href=\"https:\/\/www.spatial.io\/s\/Exposicao-Linguagens-em-Movimento-6371506f5e104c0001a82df8?share=8555214049206556504\">VER A EXPOSI\u00c7\u00c3O<\/a><\/p>\n\n\n\n<figure class=\"wp-block-image size-large\"><img loading=\"lazy\" decoding=\"async\" width=\"1024\" height=\"543\" src=\"https:\/\/sites.ipleiria.pt\/maiocriativo2023\/files\/2023\/05\/ll-1024x543.jpg\" alt=\"\" class=\"wp-image-2301\" srcset=\"https:\/\/sites.ipleiria.pt\/maiocriativo2023\/files\/2023\/05\/ll-1024x543.jpg 1024w, https:\/\/sites.ipleiria.pt\/maiocriativo2023\/files\/2023\/05\/ll-300x159.jpg 300w, https:\/\/sites.ipleiria.pt\/maiocriativo2023\/files\/2023\/05\/ll-768x407.jpg 768w, https:\/\/sites.ipleiria.pt\/maiocriativo2023\/files\/2023\/05\/ll-1536x814.jpg 1536w, https:\/\/sites.ipleiria.pt\/maiocriativo2023\/files\/2023\/05\/ll.jpg 1600w\" sizes=\"auto, (max-width: 767px) 89vw, (max-width: 1000px) 54vw, (max-width: 1071px) 543px, 580px\" \/><\/figure>\n\n\n\n<figure class=\"wp-block-image size-large\"><img loading=\"lazy\" decoding=\"async\" width=\"1024\" height=\"502\" src=\"https:\/\/sites.ipleiria.pt\/maiocriativo2023\/files\/2023\/05\/lli-1024x502.jpg\" alt=\"\" class=\"wp-image-2303\" srcset=\"https:\/\/sites.ipleiria.pt\/maiocriativo2023\/files\/2023\/05\/lli-1024x502.jpg 1024w, https:\/\/sites.ipleiria.pt\/maiocriativo2023\/files\/2023\/05\/lli-300x147.jpg 300w, https:\/\/sites.ipleiria.pt\/maiocriativo2023\/files\/2023\/05\/lli-768x377.jpg 768w, https:\/\/sites.ipleiria.pt\/maiocriativo2023\/files\/2023\/05\/lli-1536x754.jpg 1536w, https:\/\/sites.ipleiria.pt\/maiocriativo2023\/files\/2023\/05\/lli.jpg 1600w\" sizes=\"auto, (max-width: 767px) 89vw, (max-width: 1000px) 54vw, (max-width: 1071px) 543px, 580px\" \/><\/figure>\n\n\n\n<p><strong>Datas:<\/strong> 01\/05\/2023 &gt; 31\/05\/2023<\/p>\n\n\n\n<p><strong>Artistas intervenientes:<\/strong><br>Estudantes dos cursos: Mestrado em Interven\u00e7\u00e3o e Anima\u00e7\u00e3o Art\u00edsticas (edi\u00e7\u00f5es 2020\/2021; 2021\/2022; 2022\/2023); Licenciatura em Educa\u00e7\u00e3o B\u00e1sica (edi\u00e7\u00e3o 2021\/2024).<\/p>\n\n\n\n<p>As linguagens art\u00edsticas s\u00e3o fundamentais para a compreens\u00e3o das tend\u00eancias culturais emergentes e para o papel cr\u00edtico e reflexivo da sociedade. A arte, em suas diversas formas, \u00e9 capaz de capturar e expressar as preocupa\u00e7\u00f5es, valores e desejos da sociedade em um determinado momento hist\u00f3rico. \u00c9 por isso que a arte tem sido uma fonte de inspira\u00e7\u00e3o e motiva\u00e7\u00e3o para a reflex\u00e3o e transforma\u00e7\u00e3o social ao longo da hist\u00f3ria.<\/p>\n\n\n\n<p>A arte \u00e9 uma forma de linguagem que transcende as barreiras culturais e lingu\u00edsticas, permitindo a comunica\u00e7\u00e3o e compreens\u00e3o entre diferentes grupos e gera\u00e7\u00f5es. Atrav\u00e9s da arte, podemos entender a diversidade cultural e as diferentes perspetivas da sociedade. A arte tamb\u00e9m desafia as normas estabelecidas e encoraja o pensamento cr\u00edtico e reflexivo, gerando mudan\u00e7as culturais significativas. As tend\u00eancias culturais s\u00e3o frequentemente refletidas na arte. Nesse sentido, ela pode ser uma maneira de antecipar, catalisar e representar as mudan\u00e7as na sociedade. Al\u00e9m disso, a arte pode ser utilizada como um instrumento de conscientiza\u00e7\u00e3o e engajamento social, promovendo o di\u00e1logo e a reflex\u00e3o sobre quest\u00f5es importantes da sociedade.<\/p>\n\n\n\n<p><strong>Curadoria e produ\u00e7\u00e3o:<\/strong> William Cant\u00fa<br><strong>Equipa de coordena\u00e7\u00e3o:<\/strong> Jenny Sousa,<br>L\u00facia Magueta, Sandrina&nbsp;Milhano<\/p>\n\n\n\n<p><\/p>\n","protected":false},"excerpt":{"rendered":"<p>Esta \u00e9 uma exposi\u00e7\u00e3o meta-virtual que expande os trabalhos desenvolvidos na ESECS pelos cursos de Mestrado em Interven\u00e7\u00e3o em Anima\u00e7\u00e3o Art\u00edsticas e Licenciatura em Educa\u00e7\u00e3o B\u00e1sica. \ud83d\udc49 VER A EXPOSI\u00c7\u00c3O Datas: 01\/05\/2023 &gt; 31\/05\/2023 Artistas intervenientes:Estudantes dos cursos: Mestrado em Interven\u00e7\u00e3o e Anima\u00e7\u00e3o Art\u00edsticas (edi\u00e7\u00f5es 2020\/2021; 2021\/2022; 2022\/2023); Licenciatura em Educa\u00e7\u00e3o B\u00e1sica (edi\u00e7\u00e3o 2021\/2024). As &hellip; <\/p>\n<p class=\"link-more\"><a href=\"https:\/\/sites.ipleiria.pt\/maiocriativo2023\/exposicao-linguagens-em-movimento\/\" class=\"more-link\">Continuar a ler <span class=\"screen-reader-text\">&#8220;Exposi\u00e7\u00e3o Linguagens em Movimento&#8221;<\/span><\/a><\/p>\n","protected":false},"author":831,"featured_media":0,"parent":0,"menu_order":0,"comment_status":"closed","ping_status":"closed","template":"","meta":{"footnotes":""},"class_list":["post-2291","page","type-page","status-publish","hentry"],"_links":{"self":[{"href":"https:\/\/sites.ipleiria.pt\/maiocriativo2023\/wp-json\/wp\/v2\/pages\/2291","targetHints":{"allow":["GET"]}}],"collection":[{"href":"https:\/\/sites.ipleiria.pt\/maiocriativo2023\/wp-json\/wp\/v2\/pages"}],"about":[{"href":"https:\/\/sites.ipleiria.pt\/maiocriativo2023\/wp-json\/wp\/v2\/types\/page"}],"author":[{"embeddable":true,"href":"https:\/\/sites.ipleiria.pt\/maiocriativo2023\/wp-json\/wp\/v2\/users\/831"}],"replies":[{"embeddable":true,"href":"https:\/\/sites.ipleiria.pt\/maiocriativo2023\/wp-json\/wp\/v2\/comments?post=2291"}],"version-history":[{"count":18,"href":"https:\/\/sites.ipleiria.pt\/maiocriativo2023\/wp-json\/wp\/v2\/pages\/2291\/revisions"}],"predecessor-version":[{"id":2315,"href":"https:\/\/sites.ipleiria.pt\/maiocriativo2023\/wp-json\/wp\/v2\/pages\/2291\/revisions\/2315"}],"wp:attachment":[{"href":"https:\/\/sites.ipleiria.pt\/maiocriativo2023\/wp-json\/wp\/v2\/media?parent=2291"}],"curies":[{"name":"wp","href":"https:\/\/api.w.org\/{rel}","templated":true}]}}