{"id":245,"date":"2017-09-14T22:25:02","date_gmt":"2017-09-14T22:25:02","guid":{"rendered":"http:\/\/sites.ipleiria.pt\/matematicaporleiria\/?page_id=245"},"modified":"2019-09-16T21:51:03","modified_gmt":"2019-09-16T21:51:03","slug":"sobre-esta-iniciativa","status":"publish","type":"page","link":"https:\/\/sites.ipleiria.pt\/matematicaporleiria\/sobre-esta-iniciativa\/","title":{"rendered":"Sobre esta iniciativa"},"content":{"rendered":"<p><\/p>\n<p style=\"text-align: justify\"><img loading=\"lazy\" decoding=\"async\" class=\"alignnone size-full wp-image-260\" src=\"http:\/\/sites.ipleiria.pt\/matematicaporleiria\/files\/2017\/09\/1140x400.jpg\" alt=\"\" width=\"1140\" height=\"398\" srcset=\"https:\/\/sites.ipleiria.pt\/matematicaporleiria\/files\/2017\/09\/1140x400.jpg 1140w, https:\/\/sites.ipleiria.pt\/matematicaporleiria\/files\/2017\/09\/1140x400-300x105.jpg 300w, https:\/\/sites.ipleiria.pt\/matematicaporleiria\/files\/2017\/09\/1140x400-768x268.jpg 768w, https:\/\/sites.ipleiria.pt\/matematicaporleiria\/files\/2017\/09\/1140x400-1024x358.jpg 1024w\" sizes=\"auto, (max-width: 1140px) 100vw, 1140px\" \/><\/p>\n<p style=\"text-align: justify\">Este roteiro foi criado no \u00e2mbito das atividades do <strong>Ano Internacional do Turismo Sustent\u00e1vel para o Desenvolvimento<\/strong>: durante o ano de 2017, decorreu uma campanha global de consciencializa\u00e7\u00e3o para a import\u00e2ncia do turismo no desenvolvimento sustent\u00e1vel da humanidade.<\/p>\n<p style=\"text-align: justify\">O <strong>Departamento de Matem\u00e1tica<\/strong> da\u00a0<strong>Escola Superior de Tecnologia <\/strong>do<strong>\u00a0Instituto Polit\u00e9cnico de Leiria<\/strong>,<strong>\u00a0<\/strong>em parceria com a <strong>C\u00e2mara Municipal de Leiria<\/strong>, o\u00a0<strong>comit\u00e9 UNESCO Matem\u00e1tica do Planeta Terra<\/strong> e o <strong>Museu Nacional de Hist\u00f3ria Nacional e da Ci\u00eancia da Universidade de Lisboa, <\/strong>elaborou este roteiro, que oferece aos visitantes a oportunidade de serem turistas na sua cidade numa perspetiva matem\u00e1tica e hist\u00f3rica, fazendo um percurso de valoriza\u00e7\u00e3o do patrim\u00f3nio. A dinamiza\u00e7\u00e3o tem sido efetuada por matem\u00e1ticos do <strong>Departamento de Matem\u00e1tica<\/strong> da\u00a0<strong>Escola Superior de Tecnologia <\/strong>do<strong>\u00a0Instituto Polit\u00e9cnico de Leiria.<\/strong><\/p>\n<p>&nbsp;<\/p>","protected":false},"excerpt":{"rendered":"<p>Este roteiro foi criado no \u00e2mbito das atividades do Ano Internacional do Turismo Sustent\u00e1vel para o Desenvolvimento: durante o ano de 2017, decorreu uma campanha global de consciencializa\u00e7\u00e3o para a import\u00e2ncia do turismo no desenvolvimento sustent\u00e1vel da humanidade. O Departamento de Matem\u00e1tica da\u00a0Escola Superior de Tecnologia do\u00a0Instituto Polit\u00e9cnico de Leiria,\u00a0em parceria com a C\u00e2mara Municipal &hellip; <a href=\"https:\/\/sites.ipleiria.pt\/matematicaporleiria\/sobre-esta-iniciativa\/\" class=\"more-link\">Continuar a ler <span class=\"screen-reader-text\">Sobre esta iniciativa<\/span><\/a><\/p>\n","protected":false},"author":2147,"featured_media":0,"parent":0,"menu_order":0,"comment_status":"closed","ping_status":"closed","template":"","meta":{"footnotes":""},"class_list":["post-245","page","type-page","status-publish","hentry"],"_links":{"self":[{"href":"https:\/\/sites.ipleiria.pt\/matematicaporleiria\/wp-json\/wp\/v2\/pages\/245","targetHints":{"allow":["GET"]}}],"collection":[{"href":"https:\/\/sites.ipleiria.pt\/matematicaporleiria\/wp-json\/wp\/v2\/pages"}],"about":[{"href":"https:\/\/sites.ipleiria.pt\/matematicaporleiria\/wp-json\/wp\/v2\/types\/page"}],"author":[{"embeddable":true,"href":"https:\/\/sites.ipleiria.pt\/matematicaporleiria\/wp-json\/wp\/v2\/users\/2147"}],"replies":[{"embeddable":true,"href":"https:\/\/sites.ipleiria.pt\/matematicaporleiria\/wp-json\/wp\/v2\/comments?post=245"}],"version-history":[{"count":7,"href":"https:\/\/sites.ipleiria.pt\/matematicaporleiria\/wp-json\/wp\/v2\/pages\/245\/revisions"}],"predecessor-version":[{"id":621,"href":"https:\/\/sites.ipleiria.pt\/matematicaporleiria\/wp-json\/wp\/v2\/pages\/245\/revisions\/621"}],"wp:attachment":[{"href":"https:\/\/sites.ipleiria.pt\/matematicaporleiria\/wp-json\/wp\/v2\/media?parent=245"}],"curies":[{"name":"wp","href":"https:\/\/api.w.org\/{rel}","templated":true}]}}