{"id":67,"date":"2017-09-12T15:03:38","date_gmt":"2017-09-12T15:03:38","guid":{"rendered":"http:\/\/sites.ipleiria.pt\/matematicaporleiria\/?page_id=67"},"modified":"2025-03-26T14:11:45","modified_gmt":"2025-03-26T14:11:45","slug":"jogo","status":"publish","type":"page","link":"https:\/\/sites.ipleiria.pt\/matematicaporleiria\/jogo\/","title":{"rendered":"Jogo"},"content":{"rendered":"<p><\/p>\n<p style=\"text-align: left\"><img loading=\"lazy\" decoding=\"async\" class=\"wp-image-337 alignright\" src=\"http:\/\/sites.ipleiria.pt\/matematicaporleiria\/files\/2017\/09\/Jogo3.png\" alt=\"\" width=\"337\" height=\"146\" srcset=\"https:\/\/sites.ipleiria.pt\/matematicaporleiria\/files\/2017\/09\/Jogo3.png 1356w, https:\/\/sites.ipleiria.pt\/matematicaporleiria\/files\/2017\/09\/Jogo3-300x130.png 300w, https:\/\/sites.ipleiria.pt\/matematicaporleiria\/files\/2017\/09\/Jogo3-768x333.png 768w, https:\/\/sites.ipleiria.pt\/matematicaporleiria\/files\/2017\/09\/Jogo3-1024x444.png 1024w\" sizes=\"auto, (max-width: 337px) 100vw, 337px\" \/><span style=\"text-align: justify\">\u00c9 poss\u00edvel realizar o percurso de forma interativa atrav\u00e9s de um dispositivo m\u00f3vel.<\/span><\/p>\n<p style=\"text-align: justify\">\u00c0 medida que percorre os pontos do roteiro, poder\u00e1 responder \u00e0s quest\u00f5es de um quiz divertido que ir\u00e1 enriquecer esta experi\u00eancia!<\/p>\n<p style=\"text-align: justify\">Caso esteja a iniciar o percurso acompanhado pelos dinamizadores do mesmo, clique<span style=\"color: #ff0000\"> <a href=\"http:\/\/join.quizizz.com\" target=\"_blank\" rel=\"noopener noreferrer\">aqui<\/a> <\/span>e introduza o c\u00f3digo indicado no ponto de partida.<\/p>\n<p>&nbsp;<\/p>\n<p>&nbsp;<\/p>\n<p>&nbsp;<\/p>","protected":false},"excerpt":{"rendered":"<p>\u00c9 poss\u00edvel realizar o percurso de forma interativa atrav\u00e9s de um dispositivo m\u00f3vel. \u00c0 medida que percorre os pontos do roteiro, poder\u00e1 responder \u00e0s quest\u00f5es de um quiz divertido que ir\u00e1 enriquecer esta experi\u00eancia! Caso esteja a iniciar o percurso acompanhado pelos dinamizadores do mesmo, clique aqui e introduza o c\u00f3digo indicado no ponto de &hellip; <a href=\"https:\/\/sites.ipleiria.pt\/matematicaporleiria\/jogo\/\" class=\"more-link\">Continuar a ler <span class=\"screen-reader-text\">Jogo<\/span><\/a><\/p>\n","protected":false},"author":2147,"featured_media":0,"parent":0,"menu_order":0,"comment_status":"closed","ping_status":"closed","template":"","meta":{"footnotes":""},"class_list":["post-67","page","type-page","status-publish","hentry"],"_links":{"self":[{"href":"https:\/\/sites.ipleiria.pt\/matematicaporleiria\/wp-json\/wp\/v2\/pages\/67","targetHints":{"allow":["GET"]}}],"collection":[{"href":"https:\/\/sites.ipleiria.pt\/matematicaporleiria\/wp-json\/wp\/v2\/pages"}],"about":[{"href":"https:\/\/sites.ipleiria.pt\/matematicaporleiria\/wp-json\/wp\/v2\/types\/page"}],"author":[{"embeddable":true,"href":"https:\/\/sites.ipleiria.pt\/matematicaporleiria\/wp-json\/wp\/v2\/users\/2147"}],"replies":[{"embeddable":true,"href":"https:\/\/sites.ipleiria.pt\/matematicaporleiria\/wp-json\/wp\/v2\/comments?post=67"}],"version-history":[{"count":54,"href":"https:\/\/sites.ipleiria.pt\/matematicaporleiria\/wp-json\/wp\/v2\/pages\/67\/revisions"}],"predecessor-version":[{"id":640,"href":"https:\/\/sites.ipleiria.pt\/matematicaporleiria\/wp-json\/wp\/v2\/pages\/67\/revisions\/640"}],"wp:attachment":[{"href":"https:\/\/sites.ipleiria.pt\/matematicaporleiria\/wp-json\/wp\/v2\/media?parent=67"}],"curies":[{"name":"wp","href":"https:\/\/api.w.org\/{rel}","templated":true}]}}