{"id":1406,"date":"2016-03-15T15:04:37","date_gmt":"2016-03-15T15:04:37","guid":{"rendered":"http:\/\/www.matoestedmat.ipleiria.pt\/?page_id=1406"},"modified":"2018-05-14T13:28:25","modified_gmt":"2018-05-14T13:28:25","slug":"programa-final","status":"publish","type":"page","link":"https:\/\/sites.ipleiria.pt\/matoeste\/programa-final\/","title":{"rendered":"Programa Final"},"content":{"rendered":"<p class=\"aligncenter\" style=\"text-align: center;\"><span style=\"color: #ff00ff; font-size: small;\"><strong><span style=\"font-family: verdana, geneva;\"><span style=\"color: #ff00ff;\">Sexta-feira,\u00a08 de julho de 2016<\/span><\/span><\/strong><\/span><\/p>\n<p><span style=\"font-size: small;\"><strong><span style=\"color: #008000; font-family: verdana, geneva;\"><span style=\"color: #000000;\">08h45<\/span>\u00a0 <span style=\"color: #333399;\">Registo e entrega de documenta\u00e7\u00e3o<\/span><\/span><\/strong><\/span><\/p>\n<p><span style=\"font-size: small;\"><strong><span style=\"color: #008000; font-family: verdana, geneva;\"><span style=\"color: #000000;\">09h00<\/span> \u00a0<span style=\"color: #333399;\">Sess\u00e3o de abertura<\/span><\/span><\/strong><\/span><\/p>\n<p><span style=\"font-size: small;\"><strong><span style=\"color: #008000; font-family: verdana, geneva;\"><span style=\"color: #000000;\">09h30<\/span> <span style=\"color: #333399;\">\u00a0Palestra I<\/span><\/span><\/strong><\/span><\/p>\n<p><span style=\"color: #008000; font-family: verdana, geneva; font-size: small;\">\u00a0<span style=\"color: #808080;\"><a href=\"https:\/\/www.dropbox.com\/s\/57rjvtzcnrhaz9l\/T%C3%ADtulo%20e%20Resumo%20da%20Palestra%20-%20Nuno%20Fonseca.pdf?dl=0\" target=\"_blank\" rel=\"noopener\">\u00a0 &#8220;Usar a Matem\u00e1tica para criar sons para Hollywood.&#8221;<\/a><\/span><\/span><\/p>\n<p><span style=\"color: #808080; font-family: verdana, geneva; font-size: small;\">\u00a0\u00a0\u00a0Nuno Santos Fonseca, Escola Superior de Tecnologia e Gest\u00e3o, Instituto Polit\u00e9cnico de Leiria<\/span><\/p>\n<p><span style=\"font-size: small;\"><strong><span style=\"color: #000000; font-family: verdana, geneva;\">10h30<\/span><span style=\"color: #008000; font-family: verdana, geneva;\"> \u00a0<span style=\"color: #333399;\">Coffee-break<\/span><\/span><\/strong><\/span><\/p>\n<p><span style=\"color: #008000; font-family: verdana, geneva; font-size: small;\">\u00a0 \u00a0 \u00a0 \u00a0 \u00a0 \u00a0<span style=\"color: #333399;\">Sess\u00e3o de posters do Pr\u00e9mio Pedro Matos 2016 (8.\u00aa edi\u00e7\u00e3o)<\/span><\/span><\/p>\n<p><span style=\"font-size: small;\"><strong><span style=\"color: #008000; font-family: verdana, geneva;\"><span style=\"color: #000000;\">11h00<\/span> \u00a0<span style=\"color: #333399;\">Palestra II<\/span><\/span><\/strong><\/span><\/p>\n<p><span style=\"color: #008000; font-family: verdana, geneva; font-size: small;\">\u00a0\u00a0<span style=\"color: #808080;\"><a href=\"https:\/\/www.dropbox.com\/s\/h2hwd42aoxrdioa\/T%C3%ADtulo%20e%20Resumo%20da%20Palestra%20-%20Jaime%20Carvalho.pdf?dl=0\" target=\"_blank\" rel=\"noopener\"> &#8220;Ser\u00e1 que a Matem\u00e1tica se vai tornar mais importante para a sociedade no futuro?&#8221;<\/a><\/span><br \/>\n<\/span><\/p>\n<p><span style=\"color: #808080; font-family: verdana, geneva; font-size: small;\">\u00a0\u00a0\u00a0Jaime Carvalho e Silva, Faculdade de Ci\u00eancias e Tecnologia, Universidade de Coimbra <\/span><\/p>\n<p><span style=\"font-size: small;\"><strong><span style=\"color: #008000; font-family: verdana, geneva;\"><span style=\"color: #000000;\">12h00<\/span> \u00a0<span style=\"color: #333399;\">Entrega do Pr\u00e9mio Pedro Matos 2016 <\/span><\/span><\/strong><\/span><\/p>\n<p><span style=\"font-size: small;\"><strong><span style=\"color: #008000; font-family: verdana, geneva;\"><span style=\"color: #000000;\">12h30<\/span>\u00a0 <span style=\"color: #333399;\">Almo\u00e7o<\/span><\/span><\/strong><\/span><\/p>\n<p><span style=\"font-size: small;\"><strong><span style=\"color: #008000; font-family: verdana, geneva;\"><span style=\"color: #000000;\">14h00<\/span>\u00a0 <span style=\"color: #333399;\">Palestra III<\/span><\/span><\/strong><\/span><\/p>\n<p><span style=\"color: #008000; font-family: verdana, geneva; font-size: small;\">\u00a0\u00a0<span style=\"color: #808080;\"> <a href=\"https:\/\/www.dropbox.com\/s\/g6t30jroi19gkhr\/T%C3%ADtulo%20e%20Resumo%20da%20Palestra%20-%20Jorge%20Carvalho.pdf?dl=0\" target=\"_blank\" rel=\"noopener\">\u00a0 &#8220;Matem\u00e1tica e Astronomia: no futuro como no passado.&#8221;<\/a><\/span><\/span><\/p>\n<p><span style=\"color: #808080; font-family: verdana, geneva; font-size: small;\">\u00a0\u00a0\u00a0\u00a0Jorge Paulo Carvalho, Faculd<\/span><span style=\"color: #808080; font-family: verdana, geneva; font-size: small;\">ade de Ci\u00eancias, Universidade do Porto<\/span><\/p>\n<p><span style=\"font-size: small;\"><strong><span style=\"color: #008000; font-family: verdana, geneva;\"><span style=\"color: #000000;\">15h00<\/span> \u00a0<\/span><\/strong><\/span><span style=\"color: #333399; font-size: small;\"><strong><span style=\"font-family: verdana, geneva;\"><span style=\"color: #333399;\">Sess\u00e3o de encerramento<\/span><\/span><\/strong><\/span><\/p>\n<p><span style=\"font-size: small;\"><strong><span style=\"color: #008000; font-family: verdana, geneva;\"><span style=\"color: #000000;\">15h30<\/span> \u00a0<span style=\"color: #333399; font-size: small;\"><strong><span style=\"font-family: verdana, geneva;\"><span style=\"color: #333399;\">A\u00e7\u00f5es de forma\u00e7\u00e3o no \u00e2mbito do Mat-Oeste<\/span><\/span><\/strong><\/span><\/span><\/strong><\/span><\/p>\n","protected":false},"excerpt":{"rendered":"<p>Sexta-feira,\u00a08 de julho de 2016 08h45\u00a0 Registo e entrega de documenta\u00e7\u00e3o 09h00 \u00a0Sess\u00e3o de abertura 09h30 \u00a0Palestra I \u00a0\u00a0 &#8220;Usar a Matem\u00e1tica para criar sons para Hollywood.&#8221; \u00a0\u00a0\u00a0Nuno Santos Fonseca,<\/p>\n","protected":false},"author":2361,"featured_media":0,"parent":0,"menu_order":0,"comment_status":"closed","ping_status":"closed","template":"","meta":{"footnotes":""},"class_list":["post-1406","page","type-page","status-publish","hentry"],"_links":{"self":[{"href":"https:\/\/sites.ipleiria.pt\/matoeste\/wp-json\/wp\/v2\/pages\/1406","targetHints":{"allow":["GET"]}}],"collection":[{"href":"https:\/\/sites.ipleiria.pt\/matoeste\/wp-json\/wp\/v2\/pages"}],"about":[{"href":"https:\/\/sites.ipleiria.pt\/matoeste\/wp-json\/wp\/v2\/types\/page"}],"author":[{"embeddable":true,"href":"https:\/\/sites.ipleiria.pt\/matoeste\/wp-json\/wp\/v2\/users\/2361"}],"replies":[{"embeddable":true,"href":"https:\/\/sites.ipleiria.pt\/matoeste\/wp-json\/wp\/v2\/comments?post=1406"}],"version-history":[{"count":12,"href":"https:\/\/sites.ipleiria.pt\/matoeste\/wp-json\/wp\/v2\/pages\/1406\/revisions"}],"predecessor-version":[{"id":1573,"href":"https:\/\/sites.ipleiria.pt\/matoeste\/wp-json\/wp\/v2\/pages\/1406\/revisions\/1573"}],"wp:attachment":[{"href":"https:\/\/sites.ipleiria.pt\/matoeste\/wp-json\/wp\/v2\/media?parent=1406"}],"curies":[{"name":"wp","href":"https:\/\/api.w.org\/{rel}","templated":true}]}}

<p class="aligncenter" style="text-align: center;"><span style="color: #ff00ff; font-size: small;"><strong><span style="font-family: verdana, geneva;"><span style="color: #ff00ff;">Sexta-feira, 8 de julho de 2016</span></span></strong></span></p>
<p><span style="font-size: small;"><strong><span style="color: #008000; font-family: verdana, geneva;"><span style="color: #000000;">08h45</span>  <span style="color: #333399;">Registo e entrega de documentação</span></span></strong></span></p>
<p><span style="font-size: small;"><strong><span style="color: #008000; font-family: verdana, geneva;"><span style="color: #000000;">09h00</span>  <span style="color: #333399;">Sessão de abertura</span></span></strong></span></p>
<p><span style="font-size: small;"><strong><span style="color: #008000; font-family: verdana, geneva;"><span style="color: #000000;">09h30</span> <span style="color: #333399;"> Palestra I</span></span></strong></span></p>
<p><span style="color: #008000; font-family: verdana, geneva; font-size: small;"> <span style="color: #808080;"><a href="https://www.dropbox.com/s/57rjvtzcnrhaz9l/T%C3%ADtulo%20e%20Resumo%20da%20Palestra%20-%20Nuno%20Fonseca.pdf?dl=0" target="_blank" rel="noopener">  &#8220;Usar a Matemática para criar sons para Hollywood.&#8221;</a></span></span></p>
<p><span style="color: #808080; font-family: verdana, geneva; font-size: small;">   Nuno Santos Fonseca, Escola Superior de Tecnologia e Gestão, Instituto Politécnico de Leiria</span></p>
<p><span style="font-size: small;"><strong><span style="color: #000000; font-family: verdana, geneva;">10h30</span><span style="color: #008000; font-family: verdana, geneva;">  <span style="color: #333399;">Coffee-break</span></span></strong></span></p>
<p><span style="color: #008000; font-family: verdana, geneva; font-size: small;">           <span style="color: #333399;">Sessão de posters do Prémio Pedro Matos 2016 (8.ª edição)</span></span></p>
<p><span style="font-size: small;"><strong><span style="color: #008000; font-family: verdana, geneva;"><span style="color: #000000;">11h00</span>  <span style="color: #333399;">Palestra II</span></span></strong></span></p>
<p><span style="color: #008000; font-family: verdana, geneva; font-size: small;">  <span style="color: #808080;"><a href="https://www.dropbox.com/s/h2hwd42aoxrdioa/T%C3%ADtulo%20e%20Resumo%20da%20Palestra%20-%20Jaime%20Carvalho.pdf?dl=0" target="_blank" rel="noopener"> &#8220;Será que a Matemática se vai tornar mais importante para a sociedade no futuro?&#8221;</a></span><br />
</span></p>
<p><span style="color: #808080; font-family: verdana, geneva; font-size: small;">   Jaime Carvalho e Silva, Faculdade de Ciências e Tecnologia, Universidade de Coimbra </span></p>
<p><span style="font-size: small;"><strong><span style="color: #008000; font-family: verdana, geneva;"><span style="color: #000000;">12h00</span>  <span style="color: #333399;">Entrega do Prémio Pedro Matos 2016 </span></span></strong></span></p>
<p><span style="font-size: small;"><strong><span style="color: #008000; font-family: verdana, geneva;"><span style="color: #000000;">12h30</span>  <span style="color: #333399;">Almoço</span></span></strong></span></p>
<p><span style="font-size: small;"><strong><span style="color: #008000; font-family: verdana, geneva;"><span style="color: #000000;">14h00</span>  <span style="color: #333399;">Palestra III</span></span></strong></span></p>
<p><span style="color: #008000; font-family: verdana, geneva; font-size: small;">  <span style="color: #808080;"> <a href="https://www.dropbox.com/s/g6t30jroi19gkhr/T%C3%ADtulo%20e%20Resumo%20da%20Palestra%20-%20Jorge%20Carvalho.pdf?dl=0" target="_blank" rel="noopener">  &#8220;Matemática e Astronomia: no futuro como no passado.&#8221;</a></span></span></p>
<p><span style="color: #808080; font-family: verdana, geneva; font-size: small;">    Jorge Paulo Carvalho, Faculd</span><span style="color: #808080; font-family: verdana, geneva; font-size: small;">ade de Ciências, Universidade do Porto</span></p>
<p><span style="font-size: small;"><strong><span style="color: #008000; font-family: verdana, geneva;"><span style="color: #000000;">15h00</span>  </span></strong></span><span style="color: #333399; font-size: small;"><strong><span style="font-family: verdana, geneva;"><span style="color: #333399;">Sessão de encerramento</span></span></strong></span></p>
<p><span style="font-size: small;"><strong><span style="color: #008000; font-family: verdana, geneva;"><span style="color: #000000;">15h30</span>  <span style="color: #333399; font-size: small;"><strong><span style="font-family: verdana, geneva;"><span style="color: #333399;">Ações de formação no âmbito do Mat-Oeste</span></span></strong></span></span></strong></span></p>

<p>Sexta-feira, 8 de julho de 2016 08h45  Registo e entrega de documentação 09h00  Sessão de abertura 09h30  Palestra I    &#8220;Usar a Matemática para criar sons para Hollywood.&#8221;    Nuno Santos Fonseca,</p>
