{"id":365,"date":"2013-08-28T18:47:14","date_gmt":"2013-08-28T18:47:14","guid":{"rendered":"http:\/\/www.matoestedmat.ipleiria.pt\/?page_id=365"},"modified":"2018-05-14T13:11:14","modified_gmt":"2018-05-14T13:11:14","slug":"contatos","status":"publish","type":"page","link":"https:\/\/sites.ipleiria.pt\/matoeste\/contatos\/","title":{"rendered":"Contatos"},"content":{"rendered":"<p><span style=\"color: #999999; font-family: verdana, geneva; font-size: small;\">Qualquer esclarecimento ou informa\u00e7\u00e3o adicional que pretenda n\u00e3o hesite em contatar atrav\u00e9s do envio de um email para: <span style=\"color: #ff0000;\"><a href=\"mailto:mat-oeste.estg@ipleiria.pt\" target=\"_blank\" rel=\"noopener\">mat-oeste.estg@ipleiria.pt<\/a><\/span><\/span><\/p>\n<p>&nbsp;<\/p>\n<p><span style=\"color: #cc99ff;\"><strong><span style=\"font-family: verdana, geneva; font-size: medium;\">Comiss\u00e3o Organizadora:<\/span><\/strong><\/span><\/p>\n<p><span style=\"color: #808080; font-size: 10pt;\">Professores do Departamento de Matem\u00e1tica (<a title=\"Departamento de Matem\u00e1tica - ESTG\" href=\"http:\/\/www.ipleiria.pt\/estg\/dmat\/\" target=\"_blank\" rel=\"noopener\"><span style=\"color: #808080;\">DMAT<\/span><\/a>) da Escola Superior de Tecnologia e Gest\u00e3o (<a title=\"ESTG\" href=\"http:\/\/www.estg.ipleiria.pt\/Paginas\/default.aspx\" target=\"_blank\" rel=\"noopener\"><span style=\"color: #808080;\">ESTG<\/span><\/a>) do Instituto Polit\u00e9cnico de Leiria (<a title=\"Instituto Polit\u00e9cnico de Leiria\" href=\"http:\/\/www.ipleiria.pt\/\" target=\"_blank\" rel=\"noopener\"><span style=\"color: #808080;\">IPLeiria<\/span><\/a>).<\/span><\/p>\n<hr \/>\n<p>&nbsp;<\/p>\n<table>\n<tbody>\n<tr>\n<td>\u00a0<a href=\"http:\/\/sites.ipleiria.pt\/matoeste\/contatos\/conceicao-veloso-nogueira\/\" rel=\"attachment wp-att-851\"><img loading=\"lazy\" decoding=\"async\" class=\"alignnone wp-image-851\" src=\"http:\/\/sites.ipleiria.pt\/matoeste\/files\/2014\/09\/Concei\u00e7\u00e3o-Veloso-Nogueira.jpg\" alt=\"\" width=\"115\" height=\"135\" \/><\/a><\/td>\n<td style=\"vertical-align: middle;\"><span style=\"font-size: 10pt;\"><strong>Concei\u00e7\u00e3o Nogueira\u00a0&#8211;\u00a0<\/strong><a style=\"color: #339966;\" href=\"mailto:fsebast@ipleiria.pt\" target=\"_blank\" rel=\"noopener\">conceicao.veloso@ipleiria.pt<\/a><\/span><\/td>\n<\/tr>\n<tr>\n<td>\u00a0<span style=\"color: #999999; font-family: verdana, geneva; font-size: small;\"><a href=\"http:\/\/sites.ipleiria.pt\/matoeste\/contatos\/eunice_oliveira\/\" rel=\"attachment wp-att-852\"><img loading=\"lazy\" decoding=\"async\" class=\"alignnone wp-image-852\" src=\"http:\/\/sites.ipleiria.pt\/matoeste\/files\/2014\/09\/Eunice_Oliveira.jpg\" alt=\"\" width=\"115\" height=\"115\" srcset=\"https:\/\/sites.ipleiria.pt\/matoeste\/files\/2014\/09\/Eunice_Oliveira.jpg 207w, https:\/\/sites.ipleiria.pt\/matoeste\/files\/2014\/09\/Eunice_Oliveira-150x150.jpg 150w\" sizes=\"auto, (max-width: 115px) 100vw, 115px\" \/><\/a><\/span><\/td>\n<td style=\"vertical-align: middle;\"><span style=\"font-size: 10pt;\"><strong>Eunice Oliveira &#8211; <\/strong><span style=\"color: #339966;\"><a style=\"color: #339966;\" href=\"mailto:cidalia.macedo@ipleiria.pt\" target=\"_blank\" rel=\"noopener\">eunice@ipleiria.pt<\/a><\/span><\/span><\/td>\n<\/tr>\n<tr>\n<td>\u00a0<a href=\"http:\/\/sites.ipleiria.pt\/matoeste\/files\/2013\/08\/Foto_FSebastiao_Final-e1458042383669.jpg\" rel=\"attachment wp-att-390\"><img loading=\"lazy\" decoding=\"async\" class=\"alignnone wp-image-390\" src=\"http:\/\/sites.ipleiria.pt\/matoeste\/files\/2013\/08\/Foto_FSebastiao_Final-e1458042383669.jpg\" alt=\"\" width=\"115\" height=\"119\" \/><\/a><\/td>\n<td style=\"vertical-align: middle;\"><span style=\"font-size: 10pt;\"><strong>\u00a0Fernando Sebasti\u00e3o &#8211; <\/strong><span style=\"color: #339966;\"><a style=\"color: #339966;\" href=\"mailto:fsebast@ipleiria.pt\" target=\"_blank\" rel=\"noopener\">fsebast@ipleiria.pt<\/a><\/span><\/span><\/td>\n<\/tr>\n<tr>\n<td style=\"text-align: left;\">\u00a0<a href=\"http:\/\/sites.ipleiria.pt\/matoeste\/leonel\/\"><img loading=\"lazy\" decoding=\"async\" class=\"alignnone wp-image-445\" src=\"http:\/\/sites.ipleiria.pt\/matoeste\/files\/2013\/09\/Leonel-232x300.jpg\" width=\"113\" height=\"146\" srcset=\"https:\/\/sites.ipleiria.pt\/matoeste\/files\/2013\/09\/Leonel-232x300.jpg 232w, https:\/\/sites.ipleiria.pt\/matoeste\/files\/2013\/09\/Leonel.jpg 248w\" sizes=\"auto, (max-width: 113px) 100vw, 113px\" \/><\/a><\/td>\n<td style=\"text-align: left; vertical-align: middle;\"><span style=\"font-size: 10pt;\"><strong>Leonel Vicente &#8211;<\/strong> <span style=\"color: #339966;\"><a style=\"color: #339966;\" href=\"mailto:mfelg@ipleiria.pt\" target=\"_blank\" rel=\"noopener\">leonel.vicente@ipleiria.pt<\/a><\/span><\/span><\/td>\n<\/tr>\n<tr>\n<td style=\"text-align: left;\">\u00a0<span class=\"style3\"><span style=\"color: #414042;\"> <span style=\"color: #999999; font-family: verdana, geneva; font-size: small;\"><a href=\"http:\/\/sites.ipleiria.pt\/matoeste\/paula\/\"><img loading=\"lazy\" decoding=\"async\" class=\"alignnone wp-image-443\" src=\"http:\/\/sites.ipleiria.pt\/matoeste\/files\/2013\/09\/Paula.jpg\" alt=\"\" width=\"111\" height=\"129\" \/><\/a><\/span> <b class=\"auto-style10\"> <\/b><\/span><\/span><\/td>\n<td style=\"text-align: left; vertical-align: middle;\"><span style=\"font-size: 10pt;\"><strong>Paula Faria &#8211; <\/strong><span style=\"color: #339966;\"><a style=\"color: #339966;\" href=\"mailto:nunodias@ipleiria.pt\" target=\"_blank\" rel=\"noopener\">paula.faria@ipleiria.pt<\/a><\/span><\/span><\/td>\n<\/tr>\n<\/tbody>\n<\/table>\n<p><span style=\"font-family: verdana, geneva; color: #cc99ff;\"><strong>Departamento de Matem\u00e1tica<\/strong><\/span><span style=\"font-family: verdana, geneva; color: #008000;\"><br \/>\n<span style=\"color: #808080; font-size: 10pt;\">Escola Superior de Tecnologia e Gest\u00e3o | Instituto Polit\u00e9cnico de Leiria<\/span><br \/>\n<span style=\"color: #808080; font-size: 10pt;\"> Campus 2\u00a0\u00a0\u2014\u00a0\u00a0Morro do Lena\u00a0\u00a0\u2014\u00a0\u00a0Alto do Vieiro |\u00a0<\/span><\/span><span style=\"font-size: 10pt;\"><span style=\"color: #808080;\"><span style=\"font-family: verdana, geneva;\">2411-901 Leiria\u00a0\u00a0\u2014\u00a0\u00a0Portugal<br \/>\nCoordenadas GPS:\u00a0+39\u00b0 44\u00b4 3.24&#8243;, -8\u00b0 49\u00b4 18.09&#8243;<br \/>\n<\/span><a title=\"Departamento de Matem\u00e1tica - ESTG\" href=\"http:\/\/www.ipleiria.pt\/estg\/dmat\/\" target=\"_blank\" rel=\"noopener\"><span style=\"font-family: verdana, geneva;\"><span style=\"color: #808080;\">http:\/\/www.ipleiria.pt\/estg\/dmat\/<\/span><\/span><\/a><\/span><span style=\"color: #008000; font-family: verdana, geneva;\"><br \/>\n<\/span><\/span><\/p>\n<p><span style=\"font-size: 12pt;\"><span style=\"color: #008000; font-family: verdana, geneva;\"><span style=\"color: #cc99ff;\"><strong>Telefone da ESTG:<\/strong><\/span>\u00a0<span style=\"color: #808080;\">(+351) 244 820 300 |<span style=\"color: #cc99ff;\">\u00a0<\/span><\/span><\/span><span style=\"color: #008000; font-family: verdana, geneva;\"><span style=\"color: #cc99ff;\"><strong>Fax da ESTG:<\/strong><\/span>\u00a0<span style=\"color: #808080;\">(+351) 244 820 310<\/span><\/span><\/span><\/p>\n","protected":false},"excerpt":{"rendered":"<p>Qualquer esclarecimento ou informa\u00e7\u00e3o adicional que pretenda n\u00e3o hesite em contatar atrav\u00e9s do envio de um email para: mat-oeste.estg@ipleiria.pt &nbsp; Comiss\u00e3o Organizadora: Professores do Departamento de Matem\u00e1tica (DMAT) da Escola<\/p>\n","protected":false},"author":1676,"featured_media":0,"parent":0,"menu_order":0,"comment_status":"open","ping_status":"open","template":"","meta":{"footnotes":""},"class_list":["post-365","page","type-page","status-publish","hentry"],"_links":{"self":[{"href":"https:\/\/sites.ipleiria.pt\/matoeste\/wp-json\/wp\/v2\/pages\/365","targetHints":{"allow":["GET"]}}],"collection":[{"href":"https:\/\/sites.ipleiria.pt\/matoeste\/wp-json\/wp\/v2\/pages"}],"about":[{"href":"https:\/\/sites.ipleiria.pt\/matoeste\/wp-json\/wp\/v2\/types\/page"}],"author":[{"embeddable":true,"href":"https:\/\/sites.ipleiria.pt\/matoeste\/wp-json\/wp\/v2\/users\/1676"}],"replies":[{"embeddable":true,"href":"https:\/\/sites.ipleiria.pt\/matoeste\/wp-json\/wp\/v2\/comments?post=365"}],"version-history":[{"count":131,"href":"https:\/\/sites.ipleiria.pt\/matoeste\/wp-json\/wp\/v2\/pages\/365\/revisions"}],"predecessor-version":[{"id":1561,"href":"https:\/\/sites.ipleiria.pt\/matoeste\/wp-json\/wp\/v2\/pages\/365\/revisions\/1561"}],"wp:attachment":[{"href":"https:\/\/sites.ipleiria.pt\/matoeste\/wp-json\/wp\/v2\/media?parent=365"}],"curies":[{"name":"wp","href":"https:\/\/api.w.org\/{rel}","templated":true}]}}