{"id":127,"date":"2017-06-26T12:24:23","date_gmt":"2017-06-26T12:24:23","guid":{"rendered":"http:\/\/sites.ipleiria.pt\/miaa\/?page_id=127"},"modified":"2017-06-26T12:24:23","modified_gmt":"2017-06-26T12:24:23","slug":"apresentacao-de-um-projeto-de-intervencao-com-a-musica-com-criancas-com-necessidades-educativas-especiais","status":"publish","type":"page","link":"https:\/\/sites.ipleiria.pt\/miaa\/apresentacao-de-um-projeto-de-intervencao-com-a-musica-com-criancas-com-necessidades-educativas-especiais\/","title":{"rendered":"Apresenta\u00e7\u00e3o de &#8220;Um projeto de interven\u00e7\u00e3o com a m\u00fasica com crian\u00e7as com necessidades  educativas especiais&#8221;"},"content":{"rendered":"<p>Com a Dra. Ana Tinta, no contexto da UC Interven\u00e7\u00e3o e Educa\u00e7\u00e3o Art\u00edsticas. Trata-se de um projeto de interven\u00e7\u00e3o com a educa\u00e7\u00e3o musical\u00a0desenvolvido com crian\u00e7as com curr\u00edculo CEI e que permite\u00a0refletir\u00a0sobre algumas das\u00a0v\u00e1rias finalidades da experi\u00eancia art\u00edstica na interven\u00e7\u00e3o\u00a0com a\u00a0educa\u00e7\u00e3o art\u00edstica, designadamente\u00a0com participantes especiais.\u00a0 A autora apresentou o projeto, desde a sua conce\u00e7\u00e3o \u00e0 sua avalia\u00e7\u00e3o.<\/p>\n","protected":false},"excerpt":{"rendered":"<p>Com a Dra. Ana Tinta, no contexto da UC Interven\u00e7\u00e3o e Educa\u00e7\u00e3o Art\u00edsticas. Trata-se de um projeto de interven\u00e7\u00e3o com a educa\u00e7\u00e3o musical\u00a0desenvolvido com crian\u00e7as com curr\u00edculo CEI e que&#8230;<\/p>\n","protected":false},"author":2694,"featured_media":0,"parent":0,"menu_order":0,"comment_status":"closed","ping_status":"closed","template":"","meta":{"footnotes":""},"class_list":["post-127","page","type-page","status-publish","hentry"],"_links":{"self":[{"href":"https:\/\/sites.ipleiria.pt\/miaa\/wp-json\/wp\/v2\/pages\/127","targetHints":{"allow":["GET"]}}],"collection":[{"href":"https:\/\/sites.ipleiria.pt\/miaa\/wp-json\/wp\/v2\/pages"}],"about":[{"href":"https:\/\/sites.ipleiria.pt\/miaa\/wp-json\/wp\/v2\/types\/page"}],"author":[{"embeddable":true,"href":"https:\/\/sites.ipleiria.pt\/miaa\/wp-json\/wp\/v2\/users\/2694"}],"replies":[{"embeddable":true,"href":"https:\/\/sites.ipleiria.pt\/miaa\/wp-json\/wp\/v2\/comments?post=127"}],"version-history":[{"count":1,"href":"https:\/\/sites.ipleiria.pt\/miaa\/wp-json\/wp\/v2\/pages\/127\/revisions"}],"predecessor-version":[{"id":129,"href":"https:\/\/sites.ipleiria.pt\/miaa\/wp-json\/wp\/v2\/pages\/127\/revisions\/129"}],"wp:attachment":[{"href":"https:\/\/sites.ipleiria.pt\/miaa\/wp-json\/wp\/v2\/media?parent=127"}],"curies":[{"name":"wp","href":"https:\/\/api.w.org\/{rel}","templated":true}]}}