{"id":136,"date":"2017-06-26T12:25:40","date_gmt":"2017-06-26T12:25:40","guid":{"rendered":"http:\/\/sites.ipleiria.pt\/miaa\/?page_id=136"},"modified":"2019-01-30T16:56:09","modified_gmt":"2019-01-30T16:56:09","slug":"encontro-do-livro-para-a-infancia","status":"publish","type":"page","link":"https:\/\/sites.ipleiria.pt\/miaa\/encontro-do-livro-para-a-infancia\/","title":{"rendered":"Encontro de Literatura para a Inf\u00e2ncia"},"content":{"rendered":"<p><strong>. 22, 23 e 24 de abril de 2016 &#8211; Encontro de Literatura para a Inf\u00e2ncia<\/strong>\u00a0\u2013 organizado pela Casa-Museu Jo\u00e3o Soares \u2013 participa\u00e7\u00e3o de alguns estudantes na dinamiza\u00e7\u00e3o de Oficinas para crian\u00e7as.<\/p>\n<p>Com o objetivo de promover momentos de cumplicidade e partilha entre pais e filhos, este encontro coloca o livro como foco para estimular atividades de leitura conjunta. Com a presen\u00e7a de escritores e ilustradores e outros convidados para dinamizar a leitura de hist\u00f3rias, ser\u00e3o realizadas v\u00e1rias atividades, oficinas, horas do conto e apresenta\u00e7\u00e3o de livros, no jardim da Casa-Museu em colabora\u00e7\u00e3o com diversas entidades locais e regionais.<\/p>\n<p><img loading=\"lazy\" decoding=\"async\" class=\"size-full wp-image-384 aligncenter\" src=\"http:\/\/sites.ipleiria.pt\/miaa\/files\/2017\/07\/12963593_971649552925354_3175188686385465012_n.jpg\" alt=\"\" width=\"685\" height=\"960\" srcset=\"https:\/\/sites.ipleiria.pt\/miaa\/files\/2017\/07\/12963593_971649552925354_3175188686385465012_n.jpg 685w, https:\/\/sites.ipleiria.pt\/miaa\/files\/2017\/07\/12963593_971649552925354_3175188686385465012_n-214x300.jpg 214w, https:\/\/sites.ipleiria.pt\/miaa\/files\/2017\/07\/12963593_971649552925354_3175188686385465012_n-370x519.jpg 370w\" sizes=\"auto, (max-width: 685px) 100vw, 685px\" \/><\/p>\n<p><img loading=\"lazy\" decoding=\"async\" class=\"size-large wp-image-385 aligncenter\" src=\"http:\/\/sites.ipleiria.pt\/miaa\/files\/2017\/07\/ELPI-24.04.2016-74-1024x683.jpg\" alt=\"\" width=\"970\" height=\"647\" srcset=\"https:\/\/sites.ipleiria.pt\/miaa\/files\/2017\/07\/ELPI-24.04.2016-74-1024x683.jpg 1024w, https:\/\/sites.ipleiria.pt\/miaa\/files\/2017\/07\/ELPI-24.04.2016-74-300x200.jpg 300w, https:\/\/sites.ipleiria.pt\/miaa\/files\/2017\/07\/ELPI-24.04.2016-74-768x512.jpg 768w, https:\/\/sites.ipleiria.pt\/miaa\/files\/2017\/07\/ELPI-24.04.2016-74-370x247.jpg 370w, https:\/\/sites.ipleiria.pt\/miaa\/files\/2017\/07\/ELPI-24.04.2016-74-960x640.jpg 960w, https:\/\/sites.ipleiria.pt\/miaa\/files\/2017\/07\/ELPI-24.04.2016-74.jpg 1330w\" sizes=\"auto, (max-width: 970px) 100vw, 970px\" \/><\/p>\n<p><img loading=\"lazy\" decoding=\"async\" class=\"size-large wp-image-386 aligncenter\" src=\"http:\/\/sites.ipleiria.pt\/miaa\/files\/2017\/07\/ELPI-24.04.2016-96-1024x683.jpg\" alt=\"\" width=\"970\" height=\"647\" srcset=\"https:\/\/sites.ipleiria.pt\/miaa\/files\/2017\/07\/ELPI-24.04.2016-96-1024x683.jpg 1024w, https:\/\/sites.ipleiria.pt\/miaa\/files\/2017\/07\/ELPI-24.04.2016-96-300x200.jpg 300w, https:\/\/sites.ipleiria.pt\/miaa\/files\/2017\/07\/ELPI-24.04.2016-96-768x512.jpg 768w, https:\/\/sites.ipleiria.pt\/miaa\/files\/2017\/07\/ELPI-24.04.2016-96-370x247.jpg 370w, https:\/\/sites.ipleiria.pt\/miaa\/files\/2017\/07\/ELPI-24.04.2016-96-960x640.jpg 960w, https:\/\/sites.ipleiria.pt\/miaa\/files\/2017\/07\/ELPI-24.04.2016-96.jpg 1330w\" sizes=\"auto, (max-width: 970px) 100vw, 970px\" \/><\/p>\n<p><img loading=\"lazy\" decoding=\"async\" class=\"size-large wp-image-390 aligncenter\" src=\"http:\/\/sites.ipleiria.pt\/miaa\/files\/2017\/07\/ELPI-24.04.2016-132-1024x683.jpg\" alt=\"\" width=\"970\" height=\"647\" srcset=\"https:\/\/sites.ipleiria.pt\/miaa\/files\/2017\/07\/ELPI-24.04.2016-132-1024x683.jpg 1024w, https:\/\/sites.ipleiria.pt\/miaa\/files\/2017\/07\/ELPI-24.04.2016-132-300x200.jpg 300w, https:\/\/sites.ipleiria.pt\/miaa\/files\/2017\/07\/ELPI-24.04.2016-132-768x512.jpg 768w, https:\/\/sites.ipleiria.pt\/miaa\/files\/2017\/07\/ELPI-24.04.2016-132-370x247.jpg 370w, https:\/\/sites.ipleiria.pt\/miaa\/files\/2017\/07\/ELPI-24.04.2016-132-960x640.jpg 960w, https:\/\/sites.ipleiria.pt\/miaa\/files\/2017\/07\/ELPI-24.04.2016-132.jpg 1330w\" sizes=\"auto, (max-width: 970px) 100vw, 970px\" \/><\/p>\n<p>\u00a0<\/p>\n\n\n<p><\/p>\n","protected":false},"excerpt":{"rendered":"<p>. 22, 23 e 24 de abril de 2016 &#8211; Encontro de Literatura para a Inf\u00e2ncia\u00a0\u2013 organizado pela Casa-Museu Jo\u00e3o Soares \u2013 participa\u00e7\u00e3o de alguns estudantes na dinamiza\u00e7\u00e3o de Oficinas&#8230;<\/p>\n","protected":false},"author":2694,"featured_media":0,"parent":0,"menu_order":0,"comment_status":"closed","ping_status":"closed","template":"templates\/full-width.php","meta":{"footnotes":""},"class_list":["post-136","page","type-page","status-publish","hentry"],"_links":{"self":[{"href":"https:\/\/sites.ipleiria.pt\/miaa\/wp-json\/wp\/v2\/pages\/136","targetHints":{"allow":["GET"]}}],"collection":[{"href":"https:\/\/sites.ipleiria.pt\/miaa\/wp-json\/wp\/v2\/pages"}],"about":[{"href":"https:\/\/sites.ipleiria.pt\/miaa\/wp-json\/wp\/v2\/types\/page"}],"author":[{"embeddable":true,"href":"https:\/\/sites.ipleiria.pt\/miaa\/wp-json\/wp\/v2\/users\/2694"}],"replies":[{"embeddable":true,"href":"https:\/\/sites.ipleiria.pt\/miaa\/wp-json\/wp\/v2\/comments?post=136"}],"version-history":[{"count":12,"href":"https:\/\/sites.ipleiria.pt\/miaa\/wp-json\/wp\/v2\/pages\/136\/revisions"}],"predecessor-version":[{"id":639,"href":"https:\/\/sites.ipleiria.pt\/miaa\/wp-json\/wp\/v2\/pages\/136\/revisions\/639"}],"wp:attachment":[{"href":"https:\/\/sites.ipleiria.pt\/miaa\/wp-json\/wp\/v2\/media?parent=136"}],"curies":[{"name":"wp","href":"https:\/\/api.w.org\/{rel}","templated":true}]}}