{"id":76,"date":"2017-06-26T12:06:20","date_gmt":"2017-06-26T12:06:20","guid":{"rendered":"http:\/\/sites.ipleiria.pt\/miaa\/?page_id=76"},"modified":"2017-06-26T14:40:56","modified_gmt":"2017-06-26T14:40:56","slug":"v-congresso-iberoamericano-de-animacao-sociocultural-da-participacao-na-cultura-a-cultura-da-participacao","status":"publish","type":"page","link":"https:\/\/sites.ipleiria.pt\/miaa\/v-congresso-iberoamericano-de-animacao-sociocultural-da-participacao-na-cultura-a-cultura-da-participacao\/","title":{"rendered":"V Congresso Iberoamericano de Anima\u00e7\u00e3o Sociocultural: Da participa\u00e7\u00e3o na cultura \u00e0 cultura da participa\u00e7\u00e3o"},"content":{"rendered":"<p>Em outubro de 2014 \u2013 Integrado no <strong>V Congresso Iberoamericano de Anima\u00e7\u00e3o Sociocultural: <em>Da participa\u00e7\u00e3o na cultura \u00e0 cultura da participa\u00e7\u00e3o<\/em><\/strong>, foram publicados 2 livros cuja tem\u00e1tica est\u00e1 relacionada com o Mestrado de Interven\u00e7\u00e3o e Anima\u00e7\u00e3o Art\u00edsticas e organizado por docentes do mesmo mestrado:<\/p>\n<p><a href=\"https:\/\/www.ipleiria.pt\/esecs\/edicoes\/da-participacao-na-cultura-a-cultura-da-participacao\/\"><img loading=\"lazy\" decoding=\"async\" class=\"size-full wp-image-150 alignleft\" src=\"http:\/\/sites.ipleiria.pt\/miaa\/files\/2017\/06\/livros3.jpg\" alt=\"\" width=\"300\" height=\"420\" srcset=\"https:\/\/sites.ipleiria.pt\/miaa\/files\/2017\/06\/livros3.jpg 300w, https:\/\/sites.ipleiria.pt\/miaa\/files\/2017\/06\/livros3-214x300.jpg 214w\" sizes=\"auto, (max-width: 300px) 100vw, 300px\" \/><\/a><\/p>\n<p>&nbsp;<\/p>\n<p>&#8211; Fontes, A., Sousa, J. e Lopes, M.S.P. (Org.)(2014), <em>Da Participa\u00e7\u00e3o na Cultura \u00e0 Cultura da Participa\u00e7\u00e3o<\/em>, Leiria: RIAP e IPLeiria: <a href=\"http:\/\/www.ipleiria.pt\/esecs\/edicoes\/da-participacao-na-cultura-a-cultura-da-participacao\/\">http:\/\/www.ipleiria.pt\/esecs\/edicoes\/da-participacao-na-cultura-a-cultura-da-participacao\/<\/a><\/p>\n<p>&nbsp;<\/p>\n<p>&nbsp;<\/p>\n<p>&nbsp;<\/p>\n<p>&nbsp;<\/p>\n<p><a href=\"https:\/\/www.ipleiria.pt\/esecs\/edicoes\/cultura-e-participacao-animacao-sociocultural-em-contextos-iberoamericanos\/\"><img loading=\"lazy\" decoding=\"async\" class=\"alignleft wp-image-153\" src=\"http:\/\/sites.ipleiria.pt\/miaa\/files\/2017\/06\/Screen-Shot-2017-06-26-at-3.40.42-PM.png\" alt=\"\" width=\"256\" height=\"356\" \/><\/a><\/p>\n<p>&nbsp;<\/p>\n<p>&#8211; Fontes, A., Sousa, J., Lopes, M.S.P. e Lopes, S.M. (Org.)(2014), <em>Cultura e Participa\u00e7\u00e3o: Anima\u00e7\u00e3o Sociocultural em Contextos Iberoamericanos<\/em>, Leiria: RIAP e IPLeiria<em> (ebook): <\/em><a href=\"http:\/\/www.ipleiria.pt\/esecs\/edicoes\/cultura-e-participacao-animacao-sociocultural-em-contextos-iberoamericanos\/\">http:\/\/www.ipleiria.pt\/esecs\/edicoes\/cultura-e-participacao-animacao-sociocultural-em-contextos-iberoamericanos\/<\/a><\/p>\n","protected":false},"excerpt":{"rendered":"<p>Em outubro de 2014 \u2013 Integrado no V Congresso Iberoamericano de Anima\u00e7\u00e3o Sociocultural: Da participa\u00e7\u00e3o na cultura \u00e0 cultura da participa\u00e7\u00e3o, foram publicados 2 livros cuja tem\u00e1tica est\u00e1 relacionada com&#8230;<\/p>\n","protected":false},"author":2694,"featured_media":0,"parent":0,"menu_order":0,"comment_status":"closed","ping_status":"closed","template":"","meta":{"footnotes":""},"class_list":["post-76","page","type-page","status-publish","hentry"],"_links":{"self":[{"href":"https:\/\/sites.ipleiria.pt\/miaa\/wp-json\/wp\/v2\/pages\/76","targetHints":{"allow":["GET"]}}],"collection":[{"href":"https:\/\/sites.ipleiria.pt\/miaa\/wp-json\/wp\/v2\/pages"}],"about":[{"href":"https:\/\/sites.ipleiria.pt\/miaa\/wp-json\/wp\/v2\/types\/page"}],"author":[{"embeddable":true,"href":"https:\/\/sites.ipleiria.pt\/miaa\/wp-json\/wp\/v2\/users\/2694"}],"replies":[{"embeddable":true,"href":"https:\/\/sites.ipleiria.pt\/miaa\/wp-json\/wp\/v2\/comments?post=76"}],"version-history":[{"count":4,"href":"https:\/\/sites.ipleiria.pt\/miaa\/wp-json\/wp\/v2\/pages\/76\/revisions"}],"predecessor-version":[{"id":154,"href":"https:\/\/sites.ipleiria.pt\/miaa\/wp-json\/wp\/v2\/pages\/76\/revisions\/154"}],"wp:attachment":[{"href":"https:\/\/sites.ipleiria.pt\/miaa\/wp-json\/wp\/v2\/media?parent=76"}],"curies":[{"name":"wp","href":"https:\/\/api.w.org\/{rel}","templated":true}]}}