{"id":90,"date":"2017-06-26T12:11:41","date_gmt":"2017-06-26T12:11:41","guid":{"rendered":"http:\/\/sites.ipleiria.pt\/miaa\/?page_id=90"},"modified":"2020-09-11T12:35:18","modified_gmt":"2020-09-11T12:35:18","slug":"vagas-abertas-20172018","status":"publish","type":"page","link":"https:\/\/sites.ipleiria.pt\/miaa\/","title":{"rendered":"MIAA"},"content":{"rendered":"<p><!--more--><img loading=\"lazy\" decoding=\"async\" class=\"wp-image-593 aligncenter\" src=\"http:\/\/sites.ipleiria.pt\/miaa\/files\/2019\/01\/received_489551758188858-e1548865937492-1024x651.jpeg\" alt=\"\" width=\"379\" height=\"241\" srcset=\"https:\/\/sites.ipleiria.pt\/miaa\/files\/2019\/01\/received_489551758188858-e1548865937492-1024x651.jpeg 1024w, https:\/\/sites.ipleiria.pt\/miaa\/files\/2019\/01\/received_489551758188858-e1548865937492-300x191.jpeg 300w, https:\/\/sites.ipleiria.pt\/miaa\/files\/2019\/01\/received_489551758188858-e1548865937492-768x488.jpeg 768w, https:\/\/sites.ipleiria.pt\/miaa\/files\/2019\/01\/received_489551758188858-e1548865937492-370x235.jpeg 370w, https:\/\/sites.ipleiria.pt\/miaa\/files\/2019\/01\/received_489551758188858-e1548865937492-960x610.jpeg 960w, https:\/\/sites.ipleiria.pt\/miaa\/files\/2019\/01\/received_489551758188858-e1548865937492.jpeg 1180w\" sizes=\"auto, (max-width: 379px) 100vw, 379px\" \/><span style=\"line-height: 1.8\">O mestrado visa proporcionar conhecimentos e compet\u00eancias a n\u00edvel te\u00f3rico, pr\u00e1tico e metodol\u00f3gico nas \u00e1reas chave da valoriza\u00e7\u00e3o da compreens\u00e3o das potencialidades interventivas das artes na educa\u00e7\u00e3o\/anima\u00e7\u00e3o.&nbsp;Os objetivos principais refletidos nas compet\u00eancias a desenvolver s\u00e3o:<\/span><\/p>\n<ul>\n<li>Proporcionar um conjunto de conhecimentos e compet\u00eancias espec\u00edficas no \u00e2mbito da forma\u00e7\u00e3o nas diferentes atividades de interven\u00e7\u00e3o e anima\u00e7\u00e3o art\u00edsticas;<\/li>\n<li>Aprofundar e aplicar diferentes metodologias de interven\u00e7\u00e3o e anima\u00e7\u00e3o art\u00edsticas;<\/li>\n<li>Projetar a interven\u00e7\u00e3o art\u00edstica como estrat\u00e9gia educativa, contribuindo para uma eficaz articula\u00e7\u00e3o entre os diversos contextos educativos;<\/li>\n<li>Capacitar os estudantes com conhecimentos e compet\u00eancias educativas e art\u00edsticas para intervir em grupos, organiza\u00e7\u00f5es e institui\u00e7\u00f5es;<\/li>\n<li>Promover o debate e a reflex\u00e3o em torno da interven\u00e7\u00e3o e anima\u00e7\u00e3o art\u00edsticas vinculando-as \u00e0 pluralidade de formas de a\u00e7\u00e3o tendo em conta os novos desafios da contemporaneidade;<\/li>\n<li>Fomentar e aprofundar a investiga\u00e7\u00e3o cient\u00edfica nos \u00e2mbitos do curso.<\/li>\n<\/ul>\n<p><strong>Condi\u00e7\u00f5es de acesso<\/strong><\/p>\n<div>\n<p>Podem candidatar-se ao ciclo de estudos conducente ao grau de mestre em Interven\u00e7\u00e3o e Anima\u00e7\u00e3o Art\u00edsticas:<\/p>\n<ol>\n<li>Licenciados em Anima\u00e7\u00e3o Cultural, Anima\u00e7\u00e3o Sociocultural, Servi\u00e7o Social, Educa\u00e7\u00e3o Social, Educa\u00e7\u00e3o B\u00e1sica, Psicologia<\/li>\n<li>Professores e titulares do grau de licenciado em outras \u00e1reas das ci\u00eancias sociais e humanas<\/li>\n<li>Titulares de um grau acad\u00e9mico superior estrangeiro, reconhecido pelo \u00f3rg\u00e3o cient\u00edfico do estabelecimento de ensino superior como grau de licenciado nas \u00e1reas acima referidas<\/li>\n<li>Detentores de um curr\u00edculo acad\u00e9mico, cient\u00edfico, art\u00edstico ou profissional que seja reconhecido como atestando capacidade para a realiza\u00e7\u00e3o deste ciclo de estudos pelo \u00f3rg\u00e3o cient\u00edfico do estabelecimento de ensino superior<\/li>\n<\/ol>\n<\/div>\n<p>Mais informa\u00e7\u00f5es em:&nbsp;<a href=\"https:\/\/www.ipleiria.pt\/cursos\/course\/mestrado-em-intervencao-e-animacao-artisticas-2\/\">https:\/\/www.ipleiria.pt\/cursos\/course\/mestrado-em-intervencao-e-animacao-artisticas-2\/<\/a><\/p>\n\n\n<p><a href=\"https:\/\/sites.ipleiria.pt\/miaa\/2020\/09\/11\/testemunhos\/\">TESTEMUNHOS<\/a><\/p>\n","protected":false},"excerpt":{"rendered":"","protected":false},"author":2694,"featured_media":0,"parent":0,"menu_order":0,"comment_status":"closed","ping_status":"closed","template":"","meta":{"footnotes":""},"class_list":["post-90","page","type-page","status-publish","hentry"],"_links":{"self":[{"href":"https:\/\/sites.ipleiria.pt\/miaa\/wp-json\/wp\/v2\/pages\/90","targetHints":{"allow":["GET"]}}],"collection":[{"href":"https:\/\/sites.ipleiria.pt\/miaa\/wp-json\/wp\/v2\/pages"}],"about":[{"href":"https:\/\/sites.ipleiria.pt\/miaa\/wp-json\/wp\/v2\/types\/page"}],"author":[{"embeddable":true,"href":"https:\/\/sites.ipleiria.pt\/miaa\/wp-json\/wp\/v2\/users\/2694"}],"replies":[{"embeddable":true,"href":"https:\/\/sites.ipleiria.pt\/miaa\/wp-json\/wp\/v2\/comments?post=90"}],"version-history":[{"count":24,"href":"https:\/\/sites.ipleiria.pt\/miaa\/wp-json\/wp\/v2\/pages\/90\/revisions"}],"predecessor-version":[{"id":726,"href":"https:\/\/sites.ipleiria.pt\/miaa\/wp-json\/wp\/v2\/pages\/90\/revisions\/726"}],"wp:attachment":[{"href":"https:\/\/sites.ipleiria.pt\/miaa\/wp-json\/wp\/v2\/media?parent=90"}],"curies":[{"name":"wp","href":"https:\/\/api.w.org\/{rel}","templated":true}]}}