{"id":12,"date":"2017-11-27T11:56:12","date_gmt":"2017-11-27T11:56:12","guid":{"rendered":"http:\/\/sites.ipleiria.pt\/miea\/?page_id=12"},"modified":"2018-02-19T19:41:18","modified_gmt":"2018-02-19T19:41:18","slug":"inscricoes","status":"publish","type":"page","link":"https:\/\/sites.ipleiria.pt\/miea\/inscricoes\/","title":{"rendered":"Inscri\u00e7\u00f5es"},"content":{"rendered":"<p>Participantes internos (docentes\/n\u00e3o docentes, estudantes e antigos estudantes do IPLeiria) \u2013 10\u20ac<\/p>\n<p>Participantes externos \u2013 20\u20ac<\/p>\n<p><a href=\"http:\/\/www.eventos.ipleiria.pt\/portal\/eventos?p_id=24126\">Inscri\u00e7\u00f5es na Confer\u00eancia<\/a><\/p>\n<p>&nbsp;<\/p>\n<p>&nbsp;<\/p>\n<p><a href=\"https:\/\/goo.gl\/forms\/tp3mDFrnFAmnBVma2\">Inscri\u00e7\u00e3o nos Workshops\u00a0&#8211;\u00a0limitado\u00a0a\u00a030\u00a0participantes\u00a0cada<\/a><\/p>\n<p>&nbsp;<\/p>\n<p>&nbsp;<\/p>\n","protected":false},"excerpt":{"rendered":"<p>Participantes internos (docentes\/n\u00e3o docentes, estudantes e antigos estudantes do IPLeiria) \u2013 10\u20ac Participantes externos \u2013 20\u20ac Inscri\u00e7\u00f5es na Confer\u00eancia &nbsp; &nbsp; Inscri\u00e7\u00e3o nos Workshops\u00a0&#8211;\u00a0limitado\u00a0a\u00a030\u00a0participantes\u00a0cada &nbsp; &nbsp;<\/p>\n","protected":false},"author":66,"featured_media":0,"parent":0,"menu_order":0,"comment_status":"closed","ping_status":"closed","template":"","meta":{"footnotes":""},"class_list":["post-12","page","type-page","status-publish","hentry"],"_links":{"self":[{"href":"https:\/\/sites.ipleiria.pt\/miea\/wp-json\/wp\/v2\/pages\/12","targetHints":{"allow":["GET"]}}],"collection":[{"href":"https:\/\/sites.ipleiria.pt\/miea\/wp-json\/wp\/v2\/pages"}],"about":[{"href":"https:\/\/sites.ipleiria.pt\/miea\/wp-json\/wp\/v2\/types\/page"}],"author":[{"embeddable":true,"href":"https:\/\/sites.ipleiria.pt\/miea\/wp-json\/wp\/v2\/users\/66"}],"replies":[{"embeddable":true,"href":"https:\/\/sites.ipleiria.pt\/miea\/wp-json\/wp\/v2\/comments?post=12"}],"version-history":[{"count":7,"href":"https:\/\/sites.ipleiria.pt\/miea\/wp-json\/wp\/v2\/pages\/12\/revisions"}],"predecessor-version":[{"id":152,"href":"https:\/\/sites.ipleiria.pt\/miea\/wp-json\/wp\/v2\/pages\/12\/revisions\/152"}],"wp:attachment":[{"href":"https:\/\/sites.ipleiria.pt\/miea\/wp-json\/wp\/v2\/media?parent=12"}],"curies":[{"name":"wp","href":"https:\/\/api.w.org\/{rel}","templated":true}]}}