{"id":16,"date":"2017-11-27T11:56:38","date_gmt":"2017-11-27T11:56:38","guid":{"rendered":"http:\/\/sites.ipleiria.pt\/miea\/?page_id=16"},"modified":"2017-12-06T23:26:38","modified_gmt":"2017-12-06T23:26:38","slug":"papers-e-normas","status":"publish","type":"page","link":"https:\/\/sites.ipleiria.pt\/miea\/papers-e-normas\/","title":{"rendered":"Papers e Normas"},"content":{"rendered":"<p><strong>PUBLICA\u00c7\u00c3O DE TRABALHOS<\/strong><\/p>\n<p><strong>Resumos<\/strong><\/p>\n<p><strong>Estrutura: <\/strong>os trabalhos devem conter t\u00edtulo, autores, afilia\u00e7\u00f5es (ex: <em>Unidade de Investiga\u00e7\u00e3o em Sa\u00fade, Instituto Polit\u00e9cnico de Leiria, 2411-901 Leiria \u2013 Portugal), <\/em>corpo de texto (sujeito ao limite de 3000 carateres), at\u00e9 5 palavras-chave, 5 referencias, de acordo com a norma APA<a href=\"http:\/\/sites.ipleiria.pt\/miea\/wp-admin\/post.php?post=16&amp;action=edit#_ftn1\" name=\"_ftnref1\">[1]<\/a>:<\/p>\n<p><em>Author, A. (Publication Year). Article title. Periodical Title, Volume(Issue), pp.-pp.<\/em><\/p>\n<p><strong>Corpo de texto:<\/strong> o corpo de texto deve conter no m\u00e1ximo 3000 carateres, incluindo espa\u00e7os, e deve estar organizado em Introdu\u00e7\u00e3o (quest\u00e3o de investiga\u00e7\u00e3o, estado da arte e finalidade da investiga\u00e7\u00e3o), Metodologia (descri\u00e7\u00e3o da(s) amostra(s) e metodologia(s) utilizada(s)), Resultados e Discuss\u00e3o (resume, interpreta e explora as implica\u00e7\u00f5es dos resultados), Conclus\u00f5es (par\u00e1grafo de conclus\u00e3o).<\/p>\n<p><a href=\"http:\/\/sites.ipleiria.pt\/miea\/wp-admin\/post.php?post=16&amp;action=edit#_ftnref1\" name=\"_ftn1\"><em><strong>[1]<\/strong><\/em><\/a><em>APA, American Psychological Association<\/em><\/p>\n<p><strong>Os trabalhos aceites pela Comiss\u00e3o Cient\u00edfica ser\u00e3o publicados <\/strong><strong>num n\u00famero especial da Revista da Unidade de Investiga\u00e7\u00e3o em Sa\u00fade (UIS)<\/strong> \u2013 <em>Research and Networks in Health<\/em> <a href=\"http:\/\/journals.ipleiria.pt\/index.php\/rnhealth\">http:\/\/journals.ipleiria.pt\/index.php\/rnhealth<\/a><\/p>\n<p>De todos os resumos aceites, a Comiss\u00e3o Cient\u00edfica selecionar\u00e1 5 para publica\u00e7\u00e3o na mesma revista em formato de short paper (5 p\u00e1ginas).<\/p>\n<p><strong>Artigos\u00a0(short paper)<\/strong><\/p>\n<p><strong>Data limite:<\/strong> a submiss\u00e3o de resumos deve ocorrer at\u00e9\u00a024 de janeiro de 2018 via\u00a0plataforma de submiss\u00f5es EasyChair (http:\/\/easychair.org\/).<\/p>\n<p><strong>P\u00e1gina de rosto: <\/strong>A primeira p\u00e1gina do manuscrito deve conter t\u00edtulo, autores, afilia\u00e7\u00f5es (ex: <em>Unidade de Investiga\u00e7\u00e3o em Sa\u00fade, Instituto Polit\u00e9cnico de Leiria, 2411-901 Leiria \u2013 Portugal), seguido de resumo <\/em>(sujeito ao limite de 3000 carateres e organizado em Introdu\u00e7\u00e3o, Objetivos, Metodologia, Resultados e Conclus\u00f5es), at\u00e9 5 palavras-chave e 5 referencias, de acordo com a norma APA<a href=\"#_ftn1\" name=\"_ftnref1\">[1]<\/a>:<\/p>\n<p><em>Author, A. (Publication Year). Article title. Periodical Title, Volume(Issue), pp.-pp.<\/em><\/p>\n<p><strong>N\u00famero total de p\u00e1ginas:<\/strong> O manuscrito deve apresentar entre 3 a 5 p\u00e1ginas, um m\u00e1ximo de 3 tabelas e\/ou 3 figuras e um m\u00e1ximo de 15 refer\u00eancias bibliogr\u00e1ficas.<\/p>\n<p><strong>Estrutura: <\/strong>O artigo cient\u00edfico deve ser estruturado em sec\u00e7\u00f5es: <strong>Introdu\u00e7\u00e3o<\/strong> (Enunciado do problema; Argumentos de relev\u00e2ncia, de acordo com a literatura); <strong>Objetivos do estudo<\/strong>; <strong>Metodologia<\/strong> (Tipo de estudo\/desenho; Popula\u00e7\u00e3o\/Amostra\/Participantes; Instrumentos de colheita de dados; Procedimentos; Considera\u00e7\u00f5es \u00e9tico-legais); <strong>Resultados<\/strong> (T\u00e9cnicas de an\u00e1lise utilizadas; rigor da an\u00e1lise, dados obtidos), <strong>Discuss\u00e3o<\/strong> (limita\u00e7\u00f5es do estudo; interpreta\u00e7\u00e3o dos resultados para cada um dos objetivos\/quest\u00f5es\/hip\u00f3teses; compara\u00e7\u00e3o com estudos preliminares; novos conhecimentos que emergem da investiga\u00e7\u00e3o), <strong>Conclus\u00e3o<\/strong> (Conclus\u00f5es relacionadas com os objetivos\/quest\u00f5es\/hip\u00f3teses de investiga\u00e7\u00e3o; indica\u00e7\u00e3o se os resultados suportam ou refutam a teoria; Implica\u00e7\u00f5es para as Ci\u00eancias Sociais e\u00a0da Sa\u00fade; Sugest\u00f5es para investiga\u00e7\u00f5es futuras). O(s) autor(es) deve(m) dar aten\u00e7\u00e3o a todos os itens que integram cada uma destas sec\u00e7\u00f5es estruturantes.<\/p>\n<p><strong>Tabelas e figuras:<\/strong> Inclu\u00eddos(as), apenas se necess\u00e1rios(as) para a compreens\u00e3o do estudo e numerados(as) por ordem de inclus\u00e3o no texto. As tabelas devem apresentar t\u00edtulo em cabe\u00e7alho e as figuras descri\u00e7\u00e3o na parte inferior. A forma gr\u00e1fica das tabelas e figuras deve ser direta e clara.<\/p>\n<p><a href=\"#_ftnref1\" name=\"_ftn1\"><\/a><em>\u00a0<\/em><\/p>\n","protected":false},"excerpt":{"rendered":"<p>PUBLICA\u00c7\u00c3O DE TRABALHOS Resumos Estrutura: os trabalhos devem conter t\u00edtulo, autores, afilia\u00e7\u00f5es (ex: Unidade de Investiga\u00e7\u00e3o em Sa\u00fade, Instituto Polit\u00e9cnico de Leiria, 2411-901 Leiria \u2013 Portugal), corpo de texto (sujeito ao limite de 3000 carateres), at\u00e9 5 palavras-chave, 5 referencias,&hellip;  <\/p>\n<p class=\"more-link\"><a href=\"https:\/\/sites.ipleiria.pt\/miea\/papers-e-normas\/\">Continue reading <span class=\"meta-nav\">&rarr;<\/span><\/a><\/p>\n","protected":false},"author":66,"featured_media":0,"parent":0,"menu_order":0,"comment_status":"closed","ping_status":"closed","template":"","meta":{"footnotes":""},"class_list":["post-16","page","type-page","status-publish","hentry"],"_links":{"self":[{"href":"https:\/\/sites.ipleiria.pt\/miea\/wp-json\/wp\/v2\/pages\/16","targetHints":{"allow":["GET"]}}],"collection":[{"href":"https:\/\/sites.ipleiria.pt\/miea\/wp-json\/wp\/v2\/pages"}],"about":[{"href":"https:\/\/sites.ipleiria.pt\/miea\/wp-json\/wp\/v2\/types\/page"}],"author":[{"embeddable":true,"href":"https:\/\/sites.ipleiria.pt\/miea\/wp-json\/wp\/v2\/users\/66"}],"replies":[{"embeddable":true,"href":"https:\/\/sites.ipleiria.pt\/miea\/wp-json\/wp\/v2\/comments?post=16"}],"version-history":[{"count":5,"href":"https:\/\/sites.ipleiria.pt\/miea\/wp-json\/wp\/v2\/pages\/16\/revisions"}],"predecessor-version":[{"id":90,"href":"https:\/\/sites.ipleiria.pt\/miea\/wp-json\/wp\/v2\/pages\/16\/revisions\/90"}],"wp:attachment":[{"href":"https:\/\/sites.ipleiria.pt\/miea\/wp-json\/wp\/v2\/media?parent=16"}],"curies":[{"name":"wp","href":"https:\/\/api.w.org\/{rel}","templated":true}]}}