{"id":6,"date":"2017-11-27T11:55:26","date_gmt":"2017-11-27T11:55:26","guid":{"rendered":"http:\/\/sites.ipleiria.pt\/miea\/?page_id=6"},"modified":"2018-02-21T14:34:28","modified_gmt":"2018-02-21T14:34:28","slug":"programa-geral","status":"publish","type":"page","link":"https:\/\/sites.ipleiria.pt\/miea\/programa-geral\/","title":{"rendered":"Programa Geral"},"content":{"rendered":"<p><strong>9h \u2013 Abertura do secretariado<\/strong><\/p>\n<p><strong>Workshops &#8211; <em>NOVO<\/em> &#8211; inscri\u00e7\u00f5es neste site no separador\u00a0&#8220;Inscri\u00e7\u00f5es&#8221;<\/strong><\/p>\n<p>Piso 1 &#8211; salas\u00a0 1.07A e 1.07B<\/p>\n<p><strong>Painel A <\/strong>\/ 9h30 \u2013 10h20<\/p>\n<p><strong><em>&#8211; <\/em>Efeitos de sess\u00f5es individuais de estimula\u00e7\u00e3o multissensorial em idosos dependentes institucionalizados <\/strong><\/p>\n<p>Rafaela Santos<\/p>\n<p>&#8211; <strong>O papel do animador numa unidade de cuidados continuados: estrat\u00e9gias e pr\u00e1ticas<\/strong><\/p>\n<p>Andreia Oliveira<\/p>\n<p><strong>\u00a0<\/strong><strong>Painel B<\/strong> \/ 10h20 \u2013 11h10<\/p>\n<p><strong>&#8211; Cuidar-te com Arte: Para que nunca me esque\u00e7as! <\/strong><\/p>\n<p>Eliana Lopes e Susana Faria<\/p>\n<p><strong>\u00a0<\/strong><strong>&#8211; Um Like \u00e0 Intergeracionalidade &#8211; Estrat\u00e9gias participativas de inclus\u00e3o social <\/strong><\/p>\n<p>Ana Soledade e C\u00e9lia Rodrigues<\/p>\n<p><strong>11h10 \u2013 Coffee break<\/strong><\/p>\n<p><strong>Audit\u00f3rio<\/strong><\/p>\n<p><strong>1<\/strong><strong>1h30<\/strong> &#8211; <strong>Sess\u00e3o solene de abertura &#8211; <\/strong><\/p>\n<p><span style=\"color: #000000;font-family: Calibri\">Dr.\u00aa Ana Esperan\u00e7a, Vereadora da C\u00e2mara Municipal de Leiria<\/span><\/p>\n<p><span style=\"color: #000000;font-family: Calibri\">Prof. Doutor Rui Pedrosa, Vice-presidente do Instituto Polit\u00e9cnico de Leiria <\/span><\/p>\n<p><span style=\"color: #000000;font-family: Calibri\">Prof\u00aa. Doutora Clarisse Louro, Diretora da Escola Superior de sa\u00fade do Instituto Polit\u00e9cnico de Leiria de Leiria<\/span><\/p>\n<p><span style=\"color: #000000;font-family: Calibri\">Prof\u00aa. Doutora Sandrina Milhano, Diretora da Escola Superior de Educa\u00e7\u00e3o e Ci\u00eancias Sociais do Instituto Polit\u00e9cnico de Leiria<\/span><\/p>\n<p><span style=\"color: #000000;font-family: Calibri\">Prof. Doutor Lu\u00eds Francisco Lu\u00eds e Prof.\u00aa Doutora Sara M\u00f3nico Lopes, Coordenadores do Mestrado em Interven\u00e7\u00e3o para um Envelhecimento Ativo<\/span><\/p>\n<p><strong>Grupo de Jograis do Programa IPL60+<\/strong><\/p>\n<p><strong>12h<\/strong> \u2013 <strong>Confer\u00eancia Inaugural<\/strong> &#8211; <strong><em>La funci\u00f3n de los Programas universitarios de Mayores como estrategias para el envejecimiento activo<\/em><\/strong><\/p>\n<p>Prof. Florentino Bl\u00e1zquez Entonado, Universidad de Mayores de Extremadura (UMEX) \u2013 Badajoz, Espanha<\/p>\n<p><span style=\"color: #000000;font-family: Calibri\">Moderadora \u2013 Lu\u00edsa Pimentel, Docente ESECS-IPLeiria\/CICS.NOVA<\/span><\/p>\n<p><strong>12h45 \u2013 Almo\u00e7o livre <\/strong><\/p>\n<p><strong>Audit\u00f3rio<\/strong><\/p>\n<p><strong>14h30 \u2013 Mesa 1 \u2013 Projetos educativos<\/strong><\/p>\n<p><span style=\"color: #000000;font-family: Calibri\">Moderadora: Jenny Sousa, Docente ESECS-IPLeiria\/CICS.NOVA<\/span><\/p>\n<p><strong>Projeto Museu mais Ativo <\/strong><\/p>\n<p>Gon\u00e7alo Lopes e Cec\u00edlia Pedrosa<\/p>\n<p><strong>O contributo da Universidade S\u00e9nior de Pombal na promo\u00e7\u00e3o do envelhecimento ativo dos seus estudantes <\/strong><\/p>\n<p>Virg\u00ednia Santos, Sara Lopes e Catarina Lob\u00e3o<\/p>\n<p><strong>O Projeto Educativo S\u00e9nior \u201c\u00c0 Descoberta das Palavras\u201d, um projeto intergeracional <\/strong><\/p>\n<p>Vera Repolho<\/p>\n<p><strong>O CANAL TV IHS\u00c9NIOR \u2013 um espa\u00e7o Web TV resultante da produ\u00e7\u00e3o e realiza\u00e7\u00e3o televisiva na terceira idade<\/strong><\/p>\n<p>Ant\u00f3nio Leal e Lu\u00eds Pato<\/p>\n<p>Debate<\/p>\n<p><strong>15h30 &#8211; Pausa<\/strong><\/p>\n<p><strong>15h40 \u2013<\/strong> <strong>Mesa 2 \u2013 Sa\u00fade e doen\u00e7a <\/strong><\/p>\n<p><span style=\"color: #000000;font-family: Calibri\">Moderadora: Catarina Lob\u00e3o, Docente ESSLei-IPLeiria\/UIS<\/span><\/p>\n<p><strong>Cuidar em parceria da pessoa idosa dependente<\/strong><\/p>\n<p>Eunice Ferreira, Catarina Lob\u00e3o e Lu\u00edsa Pimentel<\/p>\n<p><strong>Ensino de atividade f\u00edsica a idosos: rela\u00e7\u00e3o pedag\u00f3gica e clima nas aulas em terra e em \u00e1gua<\/strong><\/p>\n<p>Joana Alves, Vera Sim\u00f5es, Susana Franco e Isabel Varregoso<\/p>\n<p><strong>Did\u00e1tica da dan\u00e7a e satisfa\u00e7\u00e3o de praticantes idosos<\/strong><\/p>\n<p>Isabel Varregoso e Marisa Vieira<\/p>\n<p>Debate<\/p>\n<p><strong>16h30 \u2013<\/strong> <strong>Mesa 3 \u2013 em Rede<\/strong><\/p>\n<p><span style=\"color: #000000;font-family: Calibri\">Moderador: Jaime Ribeiro, Docente ESSLei-IPLeiria\/UIS &amp; CIDTFF &#8211; Universidade de Aveiro<\/span><\/p>\n<p><strong>Impacto da forma\u00e7\u00e3o na apropria\u00e7\u00e3o de dispositivos m\u00f3veis t\u00e1teis por seniores: estudo explorat\u00f3rio <\/strong><\/p>\n<p>Carina Rodrigues e Lina Morgado<\/p>\n<p><strong>\u00a0<\/strong><strong>Gera\u00e7\u00e3o Seniores em Rede: O Facebook como promotor de um Envelhecimento Ativo <\/strong><\/p>\n<p>Margarida Reis, Susana Cust\u00f3dio e Jaime Ribeiro<\/p>\n<p><strong>F\u00f3runs Participativos do Envelhecimento Positivo <\/strong><\/p>\n<p>Paula Cruz<\/p>\n<p>Debate<\/p>\n<p><strong>17h15 &#8211; Sess\u00e3o de encerramento<\/strong> \u2013 <strong>SAMP<\/strong><\/p>\n<p><strong><em>E quando parece j\u00e1 tudo estar perdido? O que eu posso sentir? O que eu ainda Sou?<\/em><\/strong><\/p>\n<p><strong><em>Uma viagem ao \u00edntimo do Ser. Uma \u00e1rvore que pode ganhar um novo sentido na queda da sua \u00faltima folha.<\/em><\/strong><\/p>\n<p>David Ramy e Raquel Gomes<\/p>\n<p>&nbsp;<\/p>\n","protected":false},"excerpt":{"rendered":"<p>9h \u2013 Abertura do secretariado Workshops &#8211; NOVO &#8211; inscri\u00e7\u00f5es neste site no separador\u00a0&#8220;Inscri\u00e7\u00f5es&#8221; Piso 1 &#8211; salas\u00a0 1.07A e 1.07B Painel A \/ 9h30 \u2013 10h20 &#8211; Efeitos de sess\u00f5es individuais de estimula\u00e7\u00e3o multissensorial em idosos dependentes institucionalizados Rafaela&hellip;  <\/p>\n<p class=\"more-link\"><a href=\"https:\/\/sites.ipleiria.pt\/miea\/programa-geral\/\">Continue reading <span class=\"meta-nav\">&rarr;<\/span><\/a><\/p>\n","protected":false},"author":66,"featured_media":0,"parent":0,"menu_order":0,"comment_status":"closed","ping_status":"closed","template":"full-width-page.php","meta":{"footnotes":""},"class_list":["post-6","page","type-page","status-publish","hentry"],"_links":{"self":[{"href":"https:\/\/sites.ipleiria.pt\/miea\/wp-json\/wp\/v2\/pages\/6","targetHints":{"allow":["GET"]}}],"collection":[{"href":"https:\/\/sites.ipleiria.pt\/miea\/wp-json\/wp\/v2\/pages"}],"about":[{"href":"https:\/\/sites.ipleiria.pt\/miea\/wp-json\/wp\/v2\/types\/page"}],"author":[{"embeddable":true,"href":"https:\/\/sites.ipleiria.pt\/miea\/wp-json\/wp\/v2\/users\/66"}],"replies":[{"embeddable":true,"href":"https:\/\/sites.ipleiria.pt\/miea\/wp-json\/wp\/v2\/comments?post=6"}],"version-history":[{"count":21,"href":"https:\/\/sites.ipleiria.pt\/miea\/wp-json\/wp\/v2\/pages\/6\/revisions"}],"predecessor-version":[{"id":159,"href":"https:\/\/sites.ipleiria.pt\/miea\/wp-json\/wp\/v2\/pages\/6\/revisions\/159"}],"wp:attachment":[{"href":"https:\/\/sites.ipleiria.pt\/miea\/wp-json\/wp\/v2\/media?parent=6"}],"curies":[{"name":"wp","href":"https:\/\/api.w.org\/{rel}","templated":true}]}}