{"id":106,"date":"2015-09-02T15:35:15","date_gmt":"2015-09-02T15:35:15","guid":{"rendered":"http:\/\/sites.ipleiria.pt\/nide\/?page_id=106"},"modified":"2015-09-02T15:40:08","modified_gmt":"2015-09-02T15:40:08","slug":"ppef","status":"publish","type":"page","link":"https:\/\/sites.ipleiria.pt\/nide\/linhas-de-investigacao\/ppef\/","title":{"rendered":"Pol\u00edticas e Pr\u00e1ticas em Educa\u00e7\u00e3o e Forma\u00e7\u00e3o"},"content":{"rendered":"<h2>Projetos conclu\u00eddos<\/h2>\n<ul>\n<li>Sucesso Acad\u00e9mico e Satisfa\u00e7\u00e3o dos Estudantes Finalistas do Instituto Polit\u00e9cnico de Leiria<\/li>\n<\/ul>\n","protected":false},"excerpt":{"rendered":"<p>Projetos conclu\u00eddos Sucesso Acad\u00e9mico e Satisfa\u00e7\u00e3o dos Estudantes Finalistas do Instituto Polit\u00e9cnico de Leiria<\/p>\n","protected":false},"author":471,"featured_media":0,"parent":59,"menu_order":0,"comment_status":"closed","ping_status":"closed","template":"","meta":{"footnotes":""},"class_list":["post-106","page","type-page","status-publish","hentry"],"_links":{"self":[{"href":"https:\/\/sites.ipleiria.pt\/nide\/wp-json\/wp\/v2\/pages\/106","targetHints":{"allow":["GET"]}}],"collection":[{"href":"https:\/\/sites.ipleiria.pt\/nide\/wp-json\/wp\/v2\/pages"}],"about":[{"href":"https:\/\/sites.ipleiria.pt\/nide\/wp-json\/wp\/v2\/types\/page"}],"author":[{"embeddable":true,"href":"https:\/\/sites.ipleiria.pt\/nide\/wp-json\/wp\/v2\/users\/471"}],"replies":[{"embeddable":true,"href":"https:\/\/sites.ipleiria.pt\/nide\/wp-json\/wp\/v2\/comments?post=106"}],"version-history":[{"count":2,"href":"https:\/\/sites.ipleiria.pt\/nide\/wp-json\/wp\/v2\/pages\/106\/revisions"}],"predecessor-version":[{"id":121,"href":"https:\/\/sites.ipleiria.pt\/nide\/wp-json\/wp\/v2\/pages\/106\/revisions\/121"}],"up":[{"embeddable":true,"href":"https:\/\/sites.ipleiria.pt\/nide\/wp-json\/wp\/v2\/pages\/59"}],"wp:attachment":[{"href":"https:\/\/sites.ipleiria.pt\/nide\/wp-json\/wp\/v2\/media?parent=106"}],"curies":[{"name":"wp","href":"https:\/\/api.w.org\/{rel}","templated":true}]}}