{"id":15,"date":"2015-03-02T17:55:44","date_gmt":"2015-03-02T17:55:44","guid":{"rendered":"http:\/\/sites.ipleiria.pt\/nide\/?page_id=15"},"modified":"2015-09-02T14:11:42","modified_gmt":"2015-09-02T14:11:42","slug":"apresentacao","status":"publish","type":"page","link":"https:\/\/sites.ipleiria.pt\/nide\/apresentacao\/","title":{"rendered":"Miss\u00e3o e Objetivos"},"content":{"rendered":"<p>O N\u00facleo de Investiga\u00e7\u00e3o e Desenvolvimento em Educa\u00e7\u00e3o (NIDE) \u00e9 uma unidade de investiga\u00e7\u00e3o do Instituto Polit\u00e9cnico de Leiria, que tem por miss\u00e3o a implementa\u00e7\u00e3o de actividades de investiga\u00e7\u00e3o e desenvolvimento em educa\u00e7\u00e3o, que contribuam para a consecu\u00e7\u00e3o dos seguintes objectivos:<\/p>\n<ul>\n<li>Produzir e aumentar o conhecimento da realidade educativa;<\/li>\n<li>Desenvolver interven\u00e7\u00f5es orientadas para a melhoria da qualidade da educa\u00e7\u00e3o e da forma\u00e7\u00e3o;<\/li>\n<li>Implementar formas de coopera\u00e7\u00e3o com a comunidade.<\/li>\n<\/ul>\n<p>Sem preju\u00edzo de outras \u00e1reas que possam vir a ser definidas, o NIDE elege como \u00e1reas relevantes para o desenvolvimento das suas actividades as seguintes:<\/p>\n<ul>\n<li>Educa\u00e7\u00e3o e forma\u00e7\u00e3o ao longo da vida<\/li>\n<li>Forma\u00e7\u00e3o de professores e educadores<\/li>\n<li>Promo\u00e7\u00e3o do sucesso<\/li>\n<\/ul>\n<p>No desenvolvimento das suas actividades, o NIDE adopta como linhas orientadoras:<\/p>\n<ul>\n<li>A integra\u00e7\u00e3o de compet\u00eancias e a valoriza\u00e7\u00e3o de sinergias e recursos de proveni\u00eancias diferentes, nomeadamente locais e regionais.<\/li>\n<li>O fomento do relacionamento do ensino superior com os contextos em que o mesmo se desenvolve e\/ou com que interage.<\/li>\n<li>A colabora\u00e7\u00e3o a n\u00edvel local, regional e nacional entre agentes e parceiros diversificados, nomeadamente escolas e outras entidades e estruturas relacionadas com a educa\u00e7\u00e3o e\/ou a forma\u00e7\u00e3o.<\/li>\n<li>A contribui\u00e7\u00e3o para a internacionaliza\u00e7\u00e3o do ensino superior e da regi\u00e3o, nomeadamente no contexto europeu e no espa\u00e7o da lusofonia.<\/li>\n<li>O est\u00edmulo e a implica\u00e7\u00e3o dos estudantes na pr\u00e1tica de actividades de investiga\u00e7\u00e3o.<\/li>\n<li>A promo\u00e7\u00e3o e concretiza\u00e7\u00e3o de actividades de forma\u00e7\u00e3o que contribuam para o desenvolvimento de actividades de investiga\u00e7\u00e3o.<\/li>\n<li>A promo\u00e7\u00e3o, divulga\u00e7\u00e3o e desenvolvimento de literacias e culturas diversificadas, nomeadamente cient\u00edfica, matem\u00e1tica, lingu\u00edstica, art\u00edstica e \u00e9tico-c\u00edvica.<\/li>\n<\/ul>\n","protected":false},"excerpt":{"rendered":"<p>O N\u00facleo de Investiga\u00e7\u00e3o e Desenvolvimento em Educa\u00e7\u00e3o (NIDE) \u00e9 uma unidade de investiga\u00e7\u00e3o do Instituto Polit\u00e9cnico de Leiria, que tem por miss\u00e3o a implementa\u00e7\u00e3o de actividades de investiga\u00e7\u00e3o e desenvolvimento em educa\u00e7\u00e3o, que contribuam para a consecu\u00e7\u00e3o dos seguintes &hellip; <a href=\"https:\/\/sites.ipleiria.pt\/nide\/apresentacao\/\">Continuar a ler <span class=\"meta-nav\">&rarr;<\/span><\/a><\/p>\n","protected":false},"author":471,"featured_media":0,"parent":0,"menu_order":0,"comment_status":"closed","ping_status":"closed","template":"","meta":{"footnotes":""},"class_list":["post-15","page","type-page","status-publish","hentry"],"_links":{"self":[{"href":"https:\/\/sites.ipleiria.pt\/nide\/wp-json\/wp\/v2\/pages\/15","targetHints":{"allow":["GET"]}}],"collection":[{"href":"https:\/\/sites.ipleiria.pt\/nide\/wp-json\/wp\/v2\/pages"}],"about":[{"href":"https:\/\/sites.ipleiria.pt\/nide\/wp-json\/wp\/v2\/types\/page"}],"author":[{"embeddable":true,"href":"https:\/\/sites.ipleiria.pt\/nide\/wp-json\/wp\/v2\/users\/471"}],"replies":[{"embeddable":true,"href":"https:\/\/sites.ipleiria.pt\/nide\/wp-json\/wp\/v2\/comments?post=15"}],"version-history":[{"count":2,"href":"https:\/\/sites.ipleiria.pt\/nide\/wp-json\/wp\/v2\/pages\/15\/revisions"}],"predecessor-version":[{"id":95,"href":"https:\/\/sites.ipleiria.pt\/nide\/wp-json\/wp\/v2\/pages\/15\/revisions\/95"}],"wp:attachment":[{"href":"https:\/\/sites.ipleiria.pt\/nide\/wp-json\/wp\/v2\/media?parent=15"}],"curies":[{"name":"wp","href":"https:\/\/api.w.org\/{rel}","templated":true}]}}